xen-devel.lists.xenproject.org archive mirror
 help / color / mirror / Atom feed
* [libvirt test] 82239: regressions - FAIL
@ 2016-02-14 13:26 osstest service owner
  0 siblings, 0 replies; only message in thread
From: osstest service owner @ 2016-02-14 13:26 UTC (permalink / raw)
  To: xen-devel, osstest-admin

[-- Warning: decoded text below may be mangled, UTF-8 assumed --]
[-- Attachment #1: Type: text/plain, Size: 5343 bytes --]

flight 82239 libvirt real [real]
http://logs.test-lab.xenproject.org/osstest/logs/82239/

Regressions :-(

Tests which did not succeed and are blocking,
including tests which could not be run:
 build-amd64                   5 xen-build                 fail REGR. vs. 80121

Tests which did not succeed, but are not blocking:
 build-amd64-libvirt           1 build-check(1)               blocked  n/a
 test-amd64-amd64-libvirt-xsm  1 build-check(1)               blocked  n/a
 test-amd64-amd64-libvirt      1 build-check(1)               blocked  n/a
 test-amd64-amd64-libvirt-pair  1 build-check(1)               blocked  n/a
 test-amd64-i386-libvirt       1 build-check(1)               blocked  n/a
 test-amd64-amd64-libvirt-qemuu-debianhvm-amd64-xsm 1 build-check(1) blocked n/a
 test-amd64-i386-libvirt-pair  1 build-check(1)               blocked  n/a
 test-amd64-amd64-libvirt-vhd  1 build-check(1)               blocked  n/a
 test-armhf-armhf-libvirt     14 guest-saverestore            fail   never pass
 test-armhf-armhf-libvirt     12 migrate-support-check        fail   never pass
 test-amd64-i386-libvirt-xsm  12 migrate-support-check        fail   never pass
 test-armhf-armhf-libvirt-qcow2 11 migrate-support-check        fail never pass
 test-armhf-armhf-libvirt-qcow2 13 guest-saverestore            fail never pass
 test-amd64-i386-libvirt-qemuu-debianhvm-amd64-xsm 10 migrate-support-check fail never pass
 test-armhf-armhf-libvirt-xsm 12 migrate-support-check        fail   never pass
 test-armhf-armhf-libvirt-xsm 14 guest-saverestore            fail   never pass
 test-armhf-armhf-libvirt-raw 13 guest-saverestore            fail   never pass
 test-armhf-armhf-libvirt-raw 11 migrate-support-check        fail   never pass

version targeted for testing:
 libvirt              98782f88991a390a358cea960b5776f72fc14451
baseline version:
 libvirt              6ec319b84f67d72bf59fe7e0fd41d88ee9c393c7

Last test of basis    80121  2016-02-03 04:26:28 Z   11 days
Failing since         80382  2016-02-04 04:29:24 Z   10 days    8 attempts
Testing same since    82239  2016-02-13 01:57:52 Z    1 days    1 attempts

------------------------------------------------------------
People who touched revisions under test:
  Andrea Bolognani <abologna@redhat.com>
  Cole Robinson <crobinso@redhat.com>
  Daniel P. Berrange <berrange@redhat.com>
  Dmitry Andreev <dandreev@virtuozzo.com>
  Erik Skultety <eskultet@redhat.com>
  Joao Martins <joao.m.martins@oracle.com>
  John Ferlan <jferlan@redhat.com>
  Ján Tomko <jtomko@redhat.com>
  Martin Kletzander <mkletzan@redhat.com>
  Maxim Nestratov <mnestratov@virtuozzo.com>
  Michal Privoznik <mprivozn@redhat.com>
  Mikhail Feoktistov <mfeoktistov@virtuozzo.com>
  Nikolay Shirokovskiy <nshirokovskiy@virtuozzo.com>
  Peter Krempa <pkrempa@redhat.com>
  Roman Bogorodskiy <bogorodskiy@gmail.com>
  Wido den Hollander <wido@widodh.nl>

jobs:
 build-amd64-xsm                                              pass
 build-armhf-xsm                                              pass
 build-i386-xsm                                               pass
 build-amd64                                                  fail
 build-armhf                                                  pass
 build-i386                                                   pass
 build-amd64-libvirt                                          blocked
 build-armhf-libvirt                                          pass
 build-i386-libvirt                                           pass
 build-amd64-pvops                                            pass
 build-armhf-pvops                                            pass
 build-i386-pvops                                             pass
 test-amd64-amd64-libvirt-qemuu-debianhvm-amd64-xsm           blocked
 test-amd64-i386-libvirt-qemuu-debianhvm-amd64-xsm            pass
 test-amd64-amd64-libvirt-xsm                                 blocked
 test-armhf-armhf-libvirt-xsm                                 fail
 test-amd64-i386-libvirt-xsm                                  pass
 test-amd64-amd64-libvirt                                     blocked
 test-armhf-armhf-libvirt                                     fail
 test-amd64-i386-libvirt                                      blocked
 test-amd64-amd64-libvirt-pair                                blocked
 test-amd64-i386-libvirt-pair                                 blocked
 test-armhf-armhf-libvirt-qcow2                               fail
 test-armhf-armhf-libvirt-raw                                 fail
 test-amd64-amd64-libvirt-vhd                                 blocked


------------------------------------------------------------
sg-report-flight on osstest.test-lab.xenproject.org
logs: /home/logs/logs
images: /home/logs/images

Logs, config files, etc. are available at
    http://logs.test-lab.xenproject.org/osstest/logs

Explanation of these reports, and of osstest in general, is at
    http://xenbits.xen.org/gitweb/?p=osstest.git;a=blob;f=README.email;hb=master
    http://xenbits.xen.org/gitweb/?p=osstest.git;a=blob;f=README;hb=master

Test harness code can be found at
    http://xenbits.xen.org/gitweb?p=osstest.git;a=summary


Not pushing.

(No revision log; it would be 1810 lines long.)


[-- Attachment #2: Type: text/plain, Size: 126 bytes --]

_______________________________________________
Xen-devel mailing list
Xen-devel@lists.xen.org
http://lists.xen.org/xen-devel

^ permalink raw reply	[flat|nested] only message in thread

only message in thread, other threads:[~2016-02-14 13:26 UTC | newest]

Thread overview: (only message) (download: mbox.gz follow: Atom feed
-- links below jump to the message on this page --
2016-02-14 13:26 [libvirt test] 82239: regressions - FAIL osstest service owner

This is a public inbox, see mirroring instructions
for how to clone and mirror all data and code used for this inbox;
as well as URLs for NNTP newsgroup(s).