From mboxrd@z Thu Jan 1 00:00:00 1970 From: osstest service owner Subject: [qemu-mainline test] 82574: tolerable FAIL - PUSHED Date: Mon, 15 Feb 2016 17:20:54 +0000 Message-ID: Mime-Version: 1.0 Content-Type: multipart/mixed; boundary="===============5301540371586325374==" Return-path: List-Unsubscribe: , List-Post: List-Help: List-Subscribe: , Sender: xen-devel-bounces@lists.xen.org Errors-To: xen-devel-bounces@lists.xen.org To: xen-devel@lists.xensource.com, osstest-admin@xenproject.org List-Id: xen-devel@lists.xenproject.org --===============5301540371586325374== Content-Length: 17775 Content-Transfer-Encoding: quoted-printable flight 82574 qemu-mainline real [real] http://logs.test-lab.xenproject.org/osstest/logs/82574/ Failures :-/ but no regressions. Regressions which are regarded as allowable (not blocking): test-amd64-i386-xl-qemuu-win7-amd64 16 guest-stop fail REGR. vs. 79947 test-armhf-armhf-xl-rtds 15 guest-start/debian.repeat fail blocked in 79947 Tests which did not succeed, but are not blocking: test-amd64-amd64-xl-pvh-amd 11 guest-start fail never pass test-amd64-amd64-xl-pvh-intel 11 guest-start fail never pass test-armhf-armhf-libvirt 14 guest-saverestore fail never pass test-armhf-armhf-libvirt 12 migrate-support-check fail never pass test-amd64-amd64-libvirt 12 migrate-support-check fail never pass test-armhf-armhf-libvirt-raw 13 guest-saverestore fail never pass test-armhf-armhf-libvirt-raw 11 migrate-support-check fail never pass test-amd64-i386-libvirt 12 migrate-support-check fail never pass test-amd64-amd64-libvirt-xsm 12 migrate-support-check fail never pass test-armhf-armhf-libvirt-qcow2 11 migrate-support-check fail never pass test-armhf-armhf-libvirt-qcow2 13 guest-saverestore fail never pass test-armhf-armhf-xl-arndale 12 migrate-support-check fail never pass test-armhf-armhf-xl-arndale 13 saverestore-support-check fail never pass test-amd64-amd64-qemuu-nested-amd 16 debian-hvm-install/l1/l2 fail never pass test-amd64-amd64-libvirt-qemuu-debianhvm-amd64-xsm 10 migrate-support-check fail never pass test-armhf-armhf-xl-xsm 13 saverestore-support-check fail never pass test-armhf-armhf-xl-xsm 12 migrate-support-check fail never pass test-amd64-amd64-libvirt-vhd 11 migrate-support-check fail never pass test-armhf-armhf-xl-multivcpu 13 saverestore-support-check fail never pass test-armhf-armhf-xl-multivcpu 12 migrate-support-check fail never pass test-armhf-armhf-xl-cubietruck 12 migrate-support-check fail never pass test-armhf-armhf-xl-cubietruck 13 saverestore-support-check fail never pass test-amd64-i386-libvirt-qemuu-debianhvm-amd64-xsm 10 migrate-support-check fail never pass test-armhf-armhf-xl-credit2 13 saverestore-support-check fail never pass test-armhf-armhf-xl-credit2 12 migrate-support-check fail never pass test-armhf-armhf-xl 12 migrate-support-check fail never pass test-armhf-armhf-xl 13 saverestore-support-check fail never pass test-armhf-armhf-xl-rtds 13 saverestore-support-check fail never pass test-armhf-armhf-xl-rtds 12 migrate-support-check fail never pass test-amd64-i386-libvirt-xsm 12 migrate-support-check fail never pass test-armhf-armhf-libvirt-xsm 12 migrate-support-check fail never pass test-armhf-armhf-libvirt-xsm 14 guest-saverestore fail never pass test-armhf-armhf-xl-vhd 11 migrate-support-check fail never pass test-armhf-armhf-xl-vhd 12 saverestore-support-check fail never pass version targeted for testing: qemuu a5af12871fd4601c44f08d9e49131e9ca13ef102 baseline version: qemuu 10ae9d76388e3f4a31f6a1475b5e2d1f28404a10 Last test of basis 79947 2016-02-02 11:16:39 Z 13 days Failing since 80131 2016-02-03 05:08:50 Z 12 days 12 attempts Testing same since 82388 2016-02-13 20:55:32 Z 1 days 2 attempts ------------------------------------------------------------ People who touched revisions under test: Alex Benn=C3=83=C2=A9e Alex Benn=C3=A9e Alistair Francis Amit Shah Andrew Baumann Andrew Jones Ashley Jonathan Aurelien Jarno Cao jin Christian Borntraeger Christian Liebhardt Christophe Fergeau Corey Minyard Cornelia Huck C=C3=A9dric Le Goater Daniel P. Berrange Daniel Serpell David Gibson Denis V. Lunev Don Slutz Dr. David Alan Gilbert Edgar E. Iglesias Eduardo Habkost Eric Blake Fam Zheng Gerd Hoffmann Gonglei Greg Kurz Guillaume Subiron Herv=C3=A9 Poussineau Ian Campbell Igor Mammedov James Hogan Janosch Frank Jason Wang Jeff Cody Jind=C5=99ich Makovi=C4=8Dka John Snow Keith Busch Kevin Wolf Laszlo Ersek Laurent Vivier Leon Alrae Li Zhijian Liang Li Llu=C3=ADs Vilanova Marc-Andr=C3=A9 Lureau Marcel Apfelbaum Mark Cave-Ayland Markus Armbruster Max Reitz Michael S. Tsirkin Michael Tokarev Paolo Bonzini Peter Crosthwaite Peter Maydell Prasad J Pandit Richard Henderson Samuel Thibault Sascha Silbe Sean Bruno Sergey Fedorov Sitsofe Wheeler Stefan Hajnoczi Stefano Stabellini Stephen Warren Thomas Huth Vincenzo Maffione Vladislav Vovchenko Wei Yang Wen Congyang Wolfgang Bumiller zhanghailiang jobs: build-amd64-xsm pass build-armhf-xsm pass build-i386-xsm pass build-amd64 pass build-armhf pass build-i386 pass build-amd64-libvirt pass build-armhf-libvirt pass build-i386-libvirt pass build-amd64-pvops pass build-armhf-pvops pass build-i386-pvops pass test-amd64-amd64-xl pass test-armhf-armhf-xl pass test-amd64-i386-xl pass test-amd64-amd64-libvirt-qemuu-debianhvm-amd64-xsm pass test-amd64-i386-libvirt-qemuu-debianhvm-amd64-xsm pass test-amd64-amd64-xl-qemuu-debianhvm-amd64-xsm pass test-amd64-i386-xl-qemuu-debianhvm-amd64-xsm pass test-amd64-amd64-libvirt-xsm pass test-armhf-armhf-libvirt-xsm fail test-amd64-i386-libvirt-xsm pass test-amd64-amd64-xl-xsm pass test-armhf-armhf-xl-xsm pass test-amd64-i386-xl-xsm pass test-amd64-amd64-qemuu-nested-amd fail test-amd64-amd64-xl-pvh-amd fail test-amd64-i386-qemuu-rhel6hvm-amd pass test-amd64-amd64-xl-qemuu-debianhvm-amd64 pass test-amd64-i386-xl-qemuu-debianhvm-amd64 pass test-amd64-i386-freebsd10-amd64 pass test-amd64-amd64-xl-qemuu-ovmf-amd64 pass test-amd64-i386-xl-qemuu-ovmf-amd64 pass test-amd64-amd64-xl-qemuu-win7-amd64 pass test-amd64-i386-xl-qemuu-win7-amd64 fail test-armhf-armhf-xl-arndale pass test-amd64-amd64-xl-credit2 pass test-armhf-armhf-xl-credit2 pass test-armhf-armhf-xl-cubietruck pass test-amd64-i386-freebsd10-i386 pass test-amd64-amd64-qemuu-nested-intel pass test-amd64-amd64-xl-pvh-intel fail test-amd64-i386-qemuu-rhel6hvm-intel pass test-amd64-amd64-libvirt pass test-armhf-armhf-libvirt fail test-amd64-i386-libvirt pass test-amd64-amd64-xl-multivcpu pass test-armhf-armhf-xl-multivcpu pass test-amd64-amd64-pair pass test-amd64-i386-pair pass test-amd64-amd64-libvirt-pair pass test-amd64-i386-libvirt-pair pass test-amd64-amd64-amd64-pvgrub pass test-amd64-amd64-i386-pvgrub pass test-amd64-amd64-pygrub pass test-armhf-armhf-libvirt-qcow2 fail test-amd64-amd64-xl-qcow2 pass test-armhf-armhf-libvirt-raw fail test-amd64-i386-xl-raw pass test-amd64-amd64-xl-rtds pass test-armhf-armhf-xl-rtds fail test-amd64-i386-xl-qemuu-winxpsp3-vcpus1 pass test-amd64-amd64-libvirt-vhd pass test-armhf-armhf-xl-vhd pass test-amd64-amd64-xl-qemuu-winxpsp3 pass test-amd64-i386-xl-qemuu-winxpsp3 pass ------------------------------------------------------------ sg-report-flight on osstest.test-lab.xenproject.org logs: /home/logs/logs images: /home/logs/images Logs, config files, etc. are available at http://logs.test-lab.xenproject.org/osstest/logs Explanation of these reports, and of osstest in general, is at http://xenbits.xen.org/gitweb/=3Fp=3Dosstest.git;a=3Dblob;f=3DREADME.email;hb=3Dmaster http://xenbits.xen.org/gitweb/=3Fp=3Dosstest.git;a=3Dblob;f=3DREADME;hb=3Dmaster Test harness code can be found at http://xenbits.xen.org/gitweb=3Fp=3Dosstest.git;a=3Dsummary Pushing revision : + branch=3Dqemu-mainline + revision=3Da5af12871fd4601c44f08d9e49131e9ca13ef102 + . ./cri-lock-repos ++ . ./cri-common +++ . ./cri-getconfig +++ umask 002 +++ getrepos ++++ getconfig Repos ++++ perl -e ' use Osstest; readglobalconfig(); print $c{"Repos"} or die $!; ' +++ local repos=3D/home/osstest/repos +++ '[' -z /home/osstest/repos ']' +++ '[' '!' -d /home/osstest/repos ']' +++ echo /home/osstest/repos ++ repos=3D/home/osstest/repos ++ repos_lock=3D/home/osstest/repos/lock ++ '[' x '!=3D' x/home/osstest/repos/lock ']' ++ OSSTEST_REPOS_LOCK_LOCKED=3D/home/osstest/repos/lock ++ exec with-lock-ex -w /home/osstest/repos/lock ./ap-push qemu-mainline a5af12871fd4601c44f08d9e49131e9ca13ef102 + branch=3Dqemu-mainline + revision=3Da5af12871fd4601c44f08d9e49131e9ca13ef102 + . ./cri-lock-repos ++ . ./cri-common +++ . ./cri-getconfig +++ umask 002 +++ getrepos ++++ getconfig Repos ++++ perl -e ' use Osstest; readglobalconfig(); print $c{"Repos"} or die $!; ' +++ local repos=3D/home/osstest/repos +++ '[' -z /home/osstest/repos ']' +++ '[' '!' -d /home/osstest/repos ']' +++ echo /home/osstest/repos ++ repos=3D/home/osstest/repos ++ repos_lock=3D/home/osstest/repos/lock ++ '[' x/home/osstest/repos/lock '!=3D' x/home/osstest/repos/lock ']' + . ./cri-common ++ . ./cri-getconfig ++ umask 002 + select_xenbranch + case "$branch" in + tree=3Dqemuu + xenbranch=3Dxen-unstable + qemuubranch=3Dqemu-mainline + '[' xqemuu =3D xlinux ']' + linuxbranch=3D + '[' xqemu-mainline =3D x ']' + select_prevxenbranch ++ ./cri-getprevxenbranch xen-unstable + prevxenbranch=3Dxen-4.6-testing + '[' xa5af12871fd4601c44f08d9e49131e9ca13ef102 =3D x ']' + : tested/2.6.39.x + . ./ap-common ++ : osstest@xenbits.xen.org +++ getconfig OsstestUpstream +++ perl -e ' use Osstest; readglobalconfig(); print $c{"OsstestUpstream"} or die $!; ' ++ : ++ : git://xenbits.xen.org/xen.git ++ : osstest@xenbits.xen.org:/home/xen/git/xen.git ++ : git://xenbits.xen.org/qemu-xen-traditional.git ++ : git://git.kernel.org ++ : git://git.kernel.org/pub/scm/linux/kernel/git ++ : git ++ : git://xenbits.xen.org/libvirt.git ++ : osstest@xenbits.xen.org:/home/xen/git/libvirt.git ++ : git://xenbits.xen.org/libvirt.git ++ : git://xenbits.xen.org/rumpuser-xen.git ++ : git ++ : git://xenbits.xen.org/rumpuser-xen.git ++ : osstest@xenbits.xen.org:/home/xen/git/rumpuser-xen.git +++ besteffort_repo https://github.com/rumpkernel/rumpkernel-netbsd-src +++ local repo=3Dhttps://github.com/rumpkernel/rumpkernel-netbsd-src +++ cached_repo https://github.com/rumpkernel/rumpkernel-netbsd-src '[fetch=3Dtry]' +++ local repo=3Dhttps://github.com/rumpkernel/rumpkernel-netbsd-src +++ local 'options=3D[fetch=3Dtry]' ++++ getconfig GitCacheProxy ++++ perl -e ' use Osstest; readglobalconfig(); print $c{"GitCacheProxy"} or die $!; ' +++ local cache=3Dgit://cache:9419/ +++ '[' xgit://cache:9419/ '!=3D' x ']' +++ echo 'git://cache:9419/https://github.com/rumpkernel/rumpkernel-netbsd-src%20[fetch=3Dtry]' ++ : 'git://cache:9419/https://github.com/rumpkernel/rumpkernel-netbsd-src%20[fetch=3Dtry]' ++ : git ++ : git://git.seabios.org/seabios.git ++ : osstest@xenbits.xen.org:/home/xen/git/osstest/seabios.git ++ : git://xenbits.xen.org/osstest/seabios.git ++ : https://github.com/tianocore/edk2.git ++ : osstest@xenbits.xen.org:/home/xen/git/osstest/ovmf.git ++ : git://xenbits.xen.org/osstest/ovmf.git ++ : git://xenbits.xen.org/osstest/linux-firmware.git ++ : osstest@xenbits.xen.org:/home/osstest/ext/linux-firmware.git ++ : git://git.kernel.org/pub/scm/linux/kernel/git/firmware/linux-firmware.git ++ : osstest@xenbits.xen.org:/home/xen/git/linux-pvops.git ++ : git://xenbits.xen.org/linux-pvops.git ++ : tested/linux-3.14 ++ : tested/linux-arm-xen ++ '[' xgit://xenbits.xen.org/linux-pvops.git =3D x ']' ++ '[' x =3D x ']' ++ : git://xenbits.xen.org/linux-pvops.git ++ : tested/linux-arm-xen ++ : git://git.kernel.org/pub/scm/linux/kernel/git/konrad/xen.git ++ : tested/2.6.39.x ++ : daily-cron.qemu-mainline ++ : daily-cron.qemu-mainline ++ : daily-cron.qemu-mainline ++ : daily-cron.qemu-mainline ++ : daily-cron.qemu-mainline ++ : daily-cron.qemu-mainline ++ : http://hg.uk.xensource.com/carbon/trunk/linux-2.6.27 ++ : git://xenbits.xen.org/qemu-xen.git ++ : osstest@xenbits.xen.org:/home/xen/git/qemu-xen.git ++ : daily-cron.qemu-mainline ++ : git://git.qemu.org/qemu.git ++ : git://git.qemu.org/qemu.git + TREE_LINUX=3Dosstest@xenbits.xen.org:/home/xen/git/linux-pvops.git + TREE_QEMU_UPSTREAM=3Dosstest@xenbits.xen.org:/home/xen/git/qemu-xen.git + TREE_XEN=3Dosstest@xenbits.xen.org:/home/xen/git/xen.git + TREE_LIBVIRT=3Dosstest@xenbits.xen.org:/home/xen/git/libvirt.git + TREE_RUMPUSERXEN=3Dosstest@xenbits.xen.org:/home/xen/git/rumpuser-xen.git + TREE_SEABIOS=3Dosstest@xenbits.xen.org:/home/xen/git/osstest/seabios.git + TREE_OVMF=3Dosstest@xenbits.xen.org:/home/xen/git/osstest/ovmf.git + info_linux_tree qemu-mainline + case $1 in + return 1 + case "$branch" in + cd /home/osstest/repos/qemu-mainline + git push osstest@xenbits.xen.org:/home/xen/git/qemu-xen.git a5af12871fd4601c44f08d9e49131e9ca13ef102:refs/heads/upstream-tested To osstest@xenbits.xen.org:/home/xen/git/qemu-xen.git 10ae9d7..a5af128 a5af12871fd4601c44f08d9e49131e9ca13ef102 -> upstream-tested --===============5301540371586325374== Content-Type: text/plain; charset="us-ascii" MIME-Version: 1.0 Content-Transfer-Encoding: 7bit Content-Disposition: inline _______________________________________________ Xen-devel mailing list Xen-devel@lists.xen.org http://lists.xen.org/xen-devel --===============5301540371586325374==--