From mboxrd@z Thu Jan 1 00:00:00 1970 From: osstest service owner Subject: [ovmf test] 82627: regressions - FAIL Date: Tue, 16 Feb 2016 04:27:33 +0000 Message-ID: Mime-Version: 1.0 Content-Type: text/plain; charset="us-ascii" Content-Transfer-Encoding: 7bit Return-path: List-Unsubscribe: , List-Post: List-Help: List-Subscribe: , Sender: xen-devel-bounces@lists.xen.org Errors-To: xen-devel-bounces@lists.xen.org To: xen-devel@lists.xensource.com, osstest-admin@xenproject.org List-Id: xen-devel@lists.xenproject.org flight 82627 ovmf real [real] http://logs.test-lab.xenproject.org/osstest/logs/82627/ Regressions :-( Tests which did not succeed and are blocking, including tests which could not be run: test-amd64-i386-xl-qemuu-ovmf-amd64 17 guest-start/debianhvm.repeat fail REGR. vs. 65543 test-amd64-amd64-xl-qemuu-ovmf-amd64 17 guest-start/debianhvm.repeat fail REGR. vs. 65543 version targeted for testing: ovmf 922db0fddcd27926bd0e43066d8c0ebe00ac53d9 baseline version: ovmf 5ac96e3a28dd26eabee421919f67fa7c443a47f1 Last test of basis 65543 2015-12-08 08:45:15 Z 69 days Failing since 65593 2015-12-08 23:44:51 Z 69 days 72 attempts Testing same since 82627 2016-02-15 05:16:26 Z 0 days 1 attempts ------------------------------------------------------------ People who touched revisions under test: "Samer El-Haj-Mahmoud" "Yao, Jiewen" Andrew Fish Ard Biesheuvel Arthur Crippa Burigo Cecil Sheng Chao Zhang Charles Duffy Cinnamon Shia Dandan Bi Daocheng Bu Daryl McDaniel edk2-devel Eric Dong Eric Dong Eugene Cohen Evan Lloyd Feng Tian Fu Siyuan Hao Wu Hess Chen Heyi Guo Jaben Carsey Jeff Fan Jiaxin Wu jiewen yao Jim Dailey Jordan Justen Karyne Mayer Larry Hauch Laszlo Ersek Leekha Shaveta Leif Lindholm Liming Gao Mark Rutland Marvin Haeuser Michael Kinney Michael Thomas Paolo Bonzini Paulo Alcantara Paulo Alcantara Cavalcanti Qin Long Qiu Shumin Rodrigo Dias Correa Ruiyu Ni Ryan Harkin Samer El-Haj-Mahmoud Samer El-Haj-Mahmoud Star Zeng Supreeth Venkatesh Tapan Shah Vladislav Vovchenko Yao Jiewen Yao, Jiewen Ye Ting Yonghong Zhu Zhang Lubo jobs: build-amd64-xsm pass build-i386-xsm pass build-amd64 pass build-i386 pass build-amd64-libvirt pass build-i386-libvirt pass build-amd64-pvops pass build-i386-pvops pass test-amd64-amd64-xl-qemuu-ovmf-amd64 fail test-amd64-i386-xl-qemuu-ovmf-amd64 fail ------------------------------------------------------------ sg-report-flight on osstest.test-lab.xenproject.org logs: /home/logs/logs images: /home/logs/images Logs, config files, etc. are available at http://logs.test-lab.xenproject.org/osstest/logs Explanation of these reports, and of osstest in general, is at http://xenbits.xen.org/gitweb/?p=osstest.git;a=blob;f=README.email;hb=master http://xenbits.xen.org/gitweb/?p=osstest.git;a=blob;f=README;hb=master Test harness code can be found at http://xenbits.xen.org/gitweb?p=osstest.git;a=summary Not pushing. (No revision log; it would be 8516 lines long.)