* [qemu-mainline test] 82711: regressions - FAIL
@ 2016-02-16 16:00 osstest service owner
0 siblings, 0 replies; only message in thread
From: osstest service owner @ 2016-02-16 16:00 UTC (permalink / raw)
To: xen-devel, osstest-admin
flight 82711 qemu-mainline real [real]
http://logs.test-lab.xenproject.org/osstest/logs/82711/
Regressions :-(
Tests which did not succeed and are blocking,
including tests which could not be run:
test-armhf-armhf-xl-arndale 15 guest-start/debian.repeat fail REGR. vs. 82574
test-armhf-armhf-xl-vhd 9 debian-di-install fail REGR. vs. 82574
Regressions which are regarded as allowable (not blocking):
test-armhf-armhf-xl-rtds 11 guest-start fail REGR. vs. 82574
test-amd64-i386-xl-qemuu-win7-amd64 16 guest-stop fail like 82574
Tests which did not succeed, but are not blocking:
test-amd64-amd64-xl-pvh-amd 11 guest-start fail never pass
test-amd64-amd64-xl-pvh-intel 11 guest-start fail never pass
test-armhf-armhf-libvirt 14 guest-saverestore fail never pass
test-armhf-armhf-libvirt 12 migrate-support-check fail never pass
test-amd64-amd64-libvirt 12 migrate-support-check fail never pass
test-armhf-armhf-libvirt-raw 13 guest-saverestore fail never pass
test-armhf-armhf-libvirt-raw 11 migrate-support-check fail never pass
test-amd64-i386-libvirt 12 migrate-support-check fail never pass
test-armhf-armhf-libvirt-qcow2 11 migrate-support-check fail never pass
test-armhf-armhf-libvirt-qcow2 13 guest-saverestore fail never pass
test-amd64-amd64-libvirt-xsm 12 migrate-support-check fail never pass
test-armhf-armhf-xl-arndale 12 migrate-support-check fail never pass
test-armhf-armhf-xl-arndale 13 saverestore-support-check fail never pass
test-amd64-amd64-qemuu-nested-amd 16 debian-hvm-install/l1/l2 fail never pass
test-amd64-amd64-libvirt-qemuu-debianhvm-amd64-xsm 10 migrate-support-check fail never pass
test-armhf-armhf-xl-xsm 13 saverestore-support-check fail never pass
test-armhf-armhf-xl-xsm 12 migrate-support-check fail never pass
test-amd64-amd64-libvirt-vhd 11 migrate-support-check fail never pass
test-armhf-armhf-xl-multivcpu 13 saverestore-support-check fail never pass
test-armhf-armhf-xl-multivcpu 12 migrate-support-check fail never pass
test-armhf-armhf-xl-cubietruck 12 migrate-support-check fail never pass
test-armhf-armhf-xl-cubietruck 13 saverestore-support-check fail never pass
test-amd64-i386-libvirt-qemuu-debianhvm-amd64-xsm 10 migrate-support-check fail never pass
test-armhf-armhf-xl-credit2 13 saverestore-support-check fail never pass
test-armhf-armhf-xl-credit2 12 migrate-support-check fail never pass
test-armhf-armhf-xl 12 migrate-support-check fail never pass
test-armhf-armhf-xl 13 saverestore-support-check fail never pass
test-amd64-i386-libvirt-xsm 12 migrate-support-check fail never pass
test-armhf-armhf-libvirt-xsm 12 migrate-support-check fail never pass
test-armhf-armhf-libvirt-xsm 14 guest-saverestore fail never pass
version targeted for testing:
qemuu 80b5d6bfc1280fa06e2514a414690c0e5b4b514b
baseline version:
qemuu a5af12871fd4601c44f08d9e49131e9ca13ef102
Last test of basis 82574 2016-02-14 21:26:53 Z 1 days
Testing same since 82711 2016-02-15 17:28:37 Z 0 days 1 attempts
------------------------------------------------------------
People who touched revisions under test:
Peter Maydell <peter.maydell@linaro.org>
Richard Henderson <rth@twiddle.net>
jobs:
build-amd64-xsm pass
build-armhf-xsm pass
build-i386-xsm pass
build-amd64 pass
build-armhf pass
build-i386 pass
build-amd64-libvirt pass
build-armhf-libvirt pass
build-i386-libvirt pass
build-amd64-pvops pass
build-armhf-pvops pass
build-i386-pvops pass
test-amd64-amd64-xl pass
test-armhf-armhf-xl pass
test-amd64-i386-xl pass
test-amd64-amd64-libvirt-qemuu-debianhvm-amd64-xsm pass
test-amd64-i386-libvirt-qemuu-debianhvm-amd64-xsm pass
test-amd64-amd64-xl-qemuu-debianhvm-amd64-xsm pass
test-amd64-i386-xl-qemuu-debianhvm-amd64-xsm pass
test-amd64-amd64-libvirt-xsm pass
test-armhf-armhf-libvirt-xsm fail
test-amd64-i386-libvirt-xsm pass
test-amd64-amd64-xl-xsm pass
test-armhf-armhf-xl-xsm pass
test-amd64-i386-xl-xsm pass
test-amd64-amd64-qemuu-nested-amd fail
test-amd64-amd64-xl-pvh-amd fail
test-amd64-i386-qemuu-rhel6hvm-amd pass
test-amd64-amd64-xl-qemuu-debianhvm-amd64 pass
test-amd64-i386-xl-qemuu-debianhvm-amd64 pass
test-amd64-i386-freebsd10-amd64 pass
test-amd64-amd64-xl-qemuu-ovmf-amd64 pass
test-amd64-i386-xl-qemuu-ovmf-amd64 pass
test-amd64-amd64-xl-qemuu-win7-amd64 pass
test-amd64-i386-xl-qemuu-win7-amd64 fail
test-armhf-armhf-xl-arndale fail
test-amd64-amd64-xl-credit2 pass
test-armhf-armhf-xl-credit2 pass
test-armhf-armhf-xl-cubietruck pass
test-amd64-i386-freebsd10-i386 pass
test-amd64-amd64-qemuu-nested-intel pass
test-amd64-amd64-xl-pvh-intel fail
test-amd64-i386-qemuu-rhel6hvm-intel pass
test-amd64-amd64-libvirt pass
test-armhf-armhf-libvirt fail
test-amd64-i386-libvirt pass
test-amd64-amd64-xl-multivcpu pass
test-armhf-armhf-xl-multivcpu pass
test-amd64-amd64-pair pass
test-amd64-i386-pair pass
test-amd64-amd64-libvirt-pair pass
test-amd64-i386-libvirt-pair pass
test-amd64-amd64-amd64-pvgrub pass
test-amd64-amd64-i386-pvgrub pass
test-amd64-amd64-pygrub pass
test-armhf-armhf-libvirt-qcow2 fail
test-amd64-amd64-xl-qcow2 pass
test-armhf-armhf-libvirt-raw fail
test-amd64-i386-xl-raw pass
test-amd64-amd64-xl-rtds pass
test-armhf-armhf-xl-rtds fail
test-amd64-i386-xl-qemuu-winxpsp3-vcpus1 pass
test-amd64-amd64-libvirt-vhd pass
test-armhf-armhf-xl-vhd fail
test-amd64-amd64-xl-qemuu-winxpsp3 pass
test-amd64-i386-xl-qemuu-winxpsp3 pass
------------------------------------------------------------
sg-report-flight on osstest.test-lab.xenproject.org
logs: /home/logs/logs
images: /home/logs/images
Logs, config files, etc. are available at
http://logs.test-lab.xenproject.org/osstest/logs
Explanation of these reports, and of osstest in general, is at
http://xenbits.xen.org/gitweb/?p=osstest.git;a=blob;f=README.email;hb=master
http://xenbits.xen.org/gitweb/?p=osstest.git;a=blob;f=README;hb=master
Test harness code can be found at
http://xenbits.xen.org/gitweb?p=osstest.git;a=summary
Not pushing.
------------------------------------------------------------
commit 80b5d6bfc1280fa06e2514a414690c0e5b4b514b
Merge: a5af128 07929f2
Author: Peter Maydell <peter.maydell@linaro.org>
Date: Mon Feb 15 11:45:11 2016 +0000
Merge remote-tracking branch 'remotes/rth/tags/pull-i386-20160215' into staging
Add XSAVE, MPX, FSGSBASE.
# gpg: Signature made Mon 15 Feb 2016 11:21:50 GMT using RSA key ID 4DD0279B
# gpg: Good signature from "Richard Henderson <rth7680@gmail.com>"
# gpg: aka "Richard Henderson <rth@redhat.com>"
# gpg: aka "Richard Henderson <rth@twiddle.net>"
* remotes/rth/tags/pull-i386-20160215:
target-i386: Implement FSGSBASE
target-i386: Enable CR4/XCR0 features for user-mode
target-i386: Clear bndregs during legacy near jumps
target-i386: Implement BNDLDX, BNDSTX
target-i386: Update BNDSTATUS for exceptions raised by BOUND
target-i386: Implement BNDCL, BNDCU, BNDCN
target-i386: Implement BNDMOV
target-i386: Implement BNDMK
target-i386: Split up gen_lea_modrm
target-i386: Perform set/reset_inhibit_irq inline
target-i386: Enable control registers for MPX
target-i386: Implement XSAVEOPT
target-i386: Add XSAVE extension
target-i386: Rearrange processing of 0F AE
target-i386: Rearrange processing of 0F 01
target-i386: Split fxsave/fxrstor implementation
Signed-off-by: Peter Maydell <peter.maydell@linaro.org>
commit 07929f2ab2ab9c9e01d4ae79f48f2b2476b715c8
Author: Richard Henderson <rth@twiddle.net>
Date: Wed Nov 18 12:55:47 2015 +0100
target-i386: Implement FSGSBASE
Signed-off-by: Richard Henderson <rth@twiddle.net>
commit a114d25d5b42600871d75929604c0b9fcc448ec0
Author: Richard Henderson <rth@twiddle.net>
Date: Tue Jul 7 16:13:10 2015 +0100
target-i386: Enable CR4/XCR0 features for user-mode
Signed-off-by: Richard Henderson <rth@twiddle.net>
commit 7d117ce81ef6258cdcc0d24c774d045fa4b5fd26
Author: Richard Henderson <rth@twiddle.net>
Date: Tue Jul 7 14:38:58 2015 +0100
target-i386: Clear bndregs during legacy near jumps
Signed-off-by: Richard Henderson <rth@twiddle.net>
commit bdd87b3b591add6e4d7c6b6125fcf0d706cc8bc4
Author: Richard Henderson <rth@twiddle.net>
Date: Tue Jul 7 14:08:41 2015 +0100
target-i386: Implement BNDLDX, BNDSTX
Signed-off-by: Richard Henderson <rth@twiddle.net>
commit 75d14edcf5fd9d5bb614554539799abaaeab3166
Author: Richard Henderson <rth@twiddle.net>
Date: Mon Jul 6 19:37:40 2015 +0100
target-i386: Update BNDSTATUS for exceptions raised by BOUND
Signed-off-by: Richard Henderson <rth@twiddle.net>
commit 523e28d7614571680d21641bd0bd9b9e84570cee
Author: Richard Henderson <rth@twiddle.net>
Date: Mon Jul 6 19:37:00 2015 +0100
target-i386: Implement BNDCL, BNDCU, BNDCN
Signed-off-by: Richard Henderson <rth@twiddle.net>
commit 62b58ba58bfebdb8a1c447beaa1285cc21249d15
Author: Richard Henderson <rth@twiddle.net>
Date: Mon Jul 6 19:10:23 2015 +0100
target-i386: Implement BNDMOV
Signed-off-by: Richard Henderson <rth@twiddle.net>
commit 149b427b32de358c3bd5bc064c50acca6e9ff78f
Author: Richard Henderson <rth@twiddle.net>
Date: Thu Jul 9 08:22:46 2015 +0100
target-i386: Implement BNDMK
Signed-off-by: Richard Henderson <rth@twiddle.net>
commit a074ce42a3186bd9f96ef541bb2e01419181dae3
Author: Richard Henderson <rth@twiddle.net>
Date: Thu Jul 9 08:22:01 2015 +0100
target-i386: Split up gen_lea_modrm
This is immediately usable by lea and multi-byte nop,
and will be required to implement parts of the mpx spec.
Signed-off-by: Richard Henderson <rth@twiddle.net>
commit 7f0b7141b4c7deab51efd8ee1e83eab2d9b7a9ea
Author: Richard Henderson <rth@twiddle.net>
Date: Mon Jul 6 17:29:59 2015 +0100
target-i386: Perform set/reset_inhibit_irq inline
With helpers that can be reused for other things.
Signed-off-by: Richard Henderson <rth@twiddle.net>
commit f4f1110e4b34797ddfa87bb28f9518b9256778be
Author: Richard Henderson <rth@twiddle.net>
Date: Thu Jul 2 15:57:14 2015 +0100
target-i386: Enable control registers for MPX
Enable and disable at CPL changes, MSR changes, and XRSTOR changes.
Signed-off-by: Richard Henderson <rth@twiddle.net>
commit c9cfe8f9fb21f086e24b3a8f7ccd9c06e4d8d9d6
Author: Richard Henderson <rth@twiddle.net>
Date: Thu Jul 2 15:21:23 2015 +0100
target-i386: Implement XSAVEOPT
Signed-off-by: Richard Henderson <rth@twiddle.net>
commit 19dc85dba23c0db1ca932c62e453c37e00761628
Author: Richard Henderson <rth@twiddle.net>
Date: Thu Jul 2 14:53:40 2015 +0100
target-i386: Add XSAVE extension
This includes XSAVE, XRSTOR, XGETBV, XSETBV, which are all related,
as well as the associate cpuid bits.
Signed-off-by: Richard Henderson <rth@twiddle.net>
commit 121f3157887f92268a3d6169e2d4601f9292020b
Author: Richard Henderson <rth@twiddle.net>
Date: Tue Nov 17 15:08:57 2015 +0100
target-i386: Rearrange processing of 0F AE
Rather than nesting tests of OP, MOD, and RM, decode them all at once
with a switch. Also, add some missing #UD checks for e.g. incorrect
LOCK prefix.
Signed-off-by: Richard Henderson <rth@twiddle.net>
commit 1906b2af7c2345037d9b2fdf484b457b5acd09d1
Author: Richard Henderson <rth@twiddle.net>
Date: Thu Jul 2 13:59:21 2015 +0100
target-i386: Rearrange processing of 0F 01
Rather than nesting tests of OP, MOD, and RM, decode them
all at once with a switch. Fixes incorrect decoding of
AMD Pacifica extensions (aka vmrun et al) via op==2 path.
Signed-off-by: Richard Henderson <rth@twiddle.net>
commit 64dbaff09bb768dbbb13142862554f18ab642866
Author: Richard Henderson <rth@twiddle.net>
Date: Wed Jul 1 13:01:50 2015 +0100
target-i386: Split fxsave/fxrstor implementation
We will be able to reuse these pieces for XSAVE/XRSTOR.
Signed-off-by: Richard Henderson <rth@twiddle.net>
^ permalink raw reply [flat|nested] only message in thread
only message in thread, other threads:[~2016-02-16 16:00 UTC | newest]
Thread overview: (only message) (download: mbox.gz follow: Atom feed
-- links below jump to the message on this page --
2016-02-16 16:00 [qemu-mainline test] 82711: regressions - FAIL osstest service owner
This is a public inbox, see mirroring instructions
for how to clone and mirror all data and code used for this inbox;
as well as URLs for NNTP newsgroup(s).