xen-devel.lists.xenproject.org archive mirror
 help / color / mirror / Atom feed
* [linux-3.18 test] 82928: regressions - FAIL
@ 2016-02-17 20:14 osstest service owner
  0 siblings, 0 replies; only message in thread
From: osstest service owner @ 2016-02-17 20:14 UTC (permalink / raw)
  To: xen-devel, osstest-admin

[-- Warning: decoded text below may be mangled, UTF-8 assumed --]
[-- Attachment #1: Type: text/plain, Size: 20671 bytes --]

flight 82928 linux-3.18 real [real]
http://logs.test-lab.xenproject.org/osstest/logs/82928/

Regressions :-(

Tests which did not succeed and are blocking,
including tests which could not be run:
 build-amd64-rumpuserxen       6 xen-build                 fail REGR. vs. 79037
 build-i386-rumpuserxen        6 xen-build                 fail REGR. vs. 79037

Tests which are failing intermittently (not blocking):
 test-armhf-armhf-libvirt-qcow2  6 xen-boot                  fail pass in 82793
 test-amd64-i386-qemut-rhel6hvm-intel  6 xen-boot            fail pass in 82793

Regressions which are regarded as allowable (not blocking):
 test-armhf-armhf-xl-rtds 15 guest-start/debian.repeat fail in 82793 like 79037
 test-amd64-i386-xl-qemuu-win7-amd64 16 guest-stop     fail in 82793 like 79037
 test-amd64-amd64-xl-qemuu-win7-amd64 16 guest-stop             fail like 79037
 test-amd64-amd64-xl-qemut-win7-amd64 16 guest-stop             fail like 79037
 test-amd64-i386-xl-qemut-win7-amd64 16 guest-stop              fail like 79037

Tests which did not succeed, but are not blocking:
 test-amd64-i386-rumpuserxen-i386  1 build-check(1)               blocked  n/a
 test-amd64-amd64-rumpuserxen-amd64  1 build-check(1)               blocked n/a
 test-armhf-armhf-libvirt-qcow2 11 migrate-support-check fail in 82793 never pass
 test-armhf-armhf-libvirt-qcow2 13 guest-saverestore   fail in 82793 never pass
 test-amd64-amd64-xl-pvh-intel 14 guest-saverestore            fail  never pass
 test-amd64-amd64-xl-pvh-amd  11 guest-start                  fail   never pass
 test-armhf-armhf-libvirt     14 guest-saverestore            fail   never pass
 test-armhf-armhf-libvirt     12 migrate-support-check        fail   never pass
 test-amd64-i386-libvirt-xsm  12 migrate-support-check        fail   never pass
 test-armhf-armhf-xl-xsm      13 saverestore-support-check    fail   never pass
 test-armhf-armhf-xl-xsm      12 migrate-support-check        fail   never pass
 test-amd64-amd64-libvirt-xsm 12 migrate-support-check        fail   never pass
 test-amd64-amd64-libvirt     12 migrate-support-check        fail   never pass
 test-amd64-amd64-qemuu-nested-amd 16 debian-hvm-install/l1/l2  fail never pass
 test-armhf-armhf-libvirt-raw 13 guest-saverestore            fail   never pass
 test-armhf-armhf-libvirt-raw 11 migrate-support-check        fail   never pass
 test-armhf-armhf-libvirt-xsm 12 migrate-support-check        fail   never pass
 test-armhf-armhf-libvirt-xsm 14 guest-saverestore            fail   never pass
 test-armhf-armhf-xl-arndale  12 migrate-support-check        fail   never pass
 test-armhf-armhf-xl-arndale  13 saverestore-support-check    fail   never pass
 test-amd64-amd64-libvirt-qemuu-debianhvm-amd64-xsm 10 migrate-support-check fail never pass
 test-amd64-i386-libvirt      12 migrate-support-check        fail   never pass
 test-armhf-armhf-xl-rtds     13 saverestore-support-check    fail   never pass
 test-armhf-armhf-xl-rtds     12 migrate-support-check        fail   never pass
 test-armhf-armhf-xl-credit2  13 saverestore-support-check    fail   never pass
 test-armhf-armhf-xl-credit2  12 migrate-support-check        fail   never pass
 test-armhf-armhf-xl-multivcpu 13 saverestore-support-check    fail  never pass
 test-armhf-armhf-xl-multivcpu 12 migrate-support-check        fail  never pass
 test-armhf-armhf-xl-cubietruck 12 migrate-support-check        fail never pass
 test-armhf-armhf-xl-cubietruck 13 saverestore-support-check    fail never pass
 test-amd64-i386-libvirt-qemuu-debianhvm-amd64-xsm 10 migrate-support-check fail never pass
 test-armhf-armhf-xl          12 migrate-support-check        fail   never pass
 test-armhf-armhf-xl          13 saverestore-support-check    fail   never pass
 test-amd64-amd64-libvirt-vhd 11 migrate-support-check        fail   never pass
 test-armhf-armhf-xl-vhd      11 migrate-support-check        fail   never pass
 test-armhf-armhf-xl-vhd      12 saverestore-support-check    fail   never pass

version targeted for testing:
 linux                2c07053b8e1e0c22bb54dfbdf8e86a70f8bf00fc
baseline version:
 linux                707e840c5e24bb2df1ea4e753964275e257ec816

Last test of basis    79037  2016-01-25 18:28:55 Z   23 days
Testing same since    82793  2016-02-16 05:49:14 Z    1 days    2 attempts

------------------------------------------------------------
People who touched revisions under test:
  "J. Bruce Fields" <bfields@fieldses.org>
  <dinyar.rabady+spam@gmail.com>
  Adrian Hunter <adrian.hunter@intel.com>
  Al Viro <viro@zeniv.linux.org.uk>
  Alan Stern <stern@rowland.harvard.edu>
  Alex Deucher <alexander.deucher@amd.com>
  Alexander Aring <alex.aring@gmail.com>
  Alexandru Cornea <alexandru.cornea@intel.com>
  Alexei Starovoitov <ast@kernel.org>
  amish <ammdispose-arch@yahoo.com>
  Andrew Elble <aweits@rit.edu>
  Andrew Gabbasov <andrew_gabbasov@mentor.com>
  Andrew Morton <akpm@linux-foundation.org>
  Andrey Ryabinin <aryabinin@virtuozzo.com>
  Andy Gospodarek <gospo@cumulusnetworks.com>
  Andy Shevchenko <andriy.shevchenko@linux.intel.com>
  Antonio Ospite <ao2@ao2.it>
  Ard Biesheuvel <ard.biesheuvel@linaro.org>
  Arnaldo Carvalho de Melo <acme@redhat.com>
  Aurélien Francillon <aurelien@francillon.net>
  Barry Song <Baohua.Song@csr.com>
  Ben Hutchings <ben@decadent.org.uk>
  Ben Skeggs <bskeggs@redhat.com>
  Benjamin Tissoires <benjamin.tissoires@redhat.com>
  Bjorn Helgaas <bhelgaas@google.com>
  Boris Brezillon <boris.brezillon@free-electrons.com>
  Borislav Petkov <bp@alien8.de>
  Borislav Petkov <bp@suse.de>
  Carlo Caione <carlo@endlessm.com>
  Catalin Marinas <catalin.marinas@arm.com>
  Chen Yu <yu.c.chen@intel.com>
  Christian König <christian.koenig@amd.com>
  Christoph Biedl <linux-kernel.bfrz@manchmal.in-ulm.de>
  Cong Wang <cwang@twopensource.com>
  Dan Streetman <dan.streetman@canonical.com>
  Dan Streetman <ddstreet@ieee.org>
  Daniel Borkmann <daniel@iogearbox.net>
  Daniel Vetter <daniel.vetter@ffwll.ch>
  Daniele Palmas <dnlplm@gmail.com>
  Darren Hart <dvhart@linux.intel.com>
  Dave Airlie <airlied@gmail.com>
  Dave Airlie <airlied@redhat.com>
  Dave Chinner <david@fromorbit.com>
  Dave Chinner <dchinner@redhat.com>
  David Gibson <david@gibson.dropbear.id.au>
  David Howells <dhowells@redhat.com>
  David Rientjes <rientjes@google.com>
  David S. Miller <davem@davemloft.net>
  David Vrabel <david.vrabel@citrix.com>
  Dmitry Torokhov <dmitry.torokhov@gmail.com>
  Dmitry Tunin <hanipouspilot@gmail.com>
  Dmitry V. Levin <ldv@altlinux.org>
  Dmitry Vyukov <dvyukov@google.com>
  Doug Ledford <dledford@redhat.com>
  Du, Changbin <changbin.du@intel.com>
  Emmanuel Grumbach <emmanuel.grumbach@intel.com>
  Eric Dumazet <edumazet@google.com>
  Eric W. Biederman <ebiederm@xmission.com>
  Eric Wheeler <bcache@linux.ewheeler.net>
  Erich Schubert <erich@debian.org>
  Evan Jones <ej@evanjones.ca>
  Felix Kuehling <Felix.Kuehling@amd.com>
  Felix.Kuehling <Felix.Kuehling@amd.com>
  Florian Westphal <fw@strlen.de>
  Francesco Ruggeri <fruggeri@arista.com>
  Francesco Ruggeri <fruggeri@aristanetworks.com>
  Gabriel de Perthuis <g2p.code@gmail.com>
  Gavin Shan <gwshan@linux.vnet.ibm.com>
  Greg Kroah-Hartman <gregkh@linuxfoundation.org>
  Greg Kurz <gkurz@linux.vnet.ibm.com>
  Grygorii Strashko <grygorii.strashko@ti.com>
  Guillaume Fougnies <guillaume@eulerian.com>
  Hannes Frederic Sowa <hannes@stressinduktion.org>
  Hans de Goede <hdegoede@redhat.com>
  Hans Verkuil <hans.verkuil@cisco.com>
  Harry Wentland <harry.wentland@amd.com>
  Heiko Carstens <heiko.carstens@de.ibm.com>
  Helge Deller <deller@gmx.de>
  Herbert Xu <herbert@gondor.apana.org.au>
  Huacai Chen <chenhc@lemote.com>
  Ian Campbell <ian.campbell@citrix.com>
  Ido Schimmel <idosch@mellanox.com>
  Igor Grinberg <grinberg@compulab.co.il>
  Insu Yun <wuninsu@gmail.com>
  Ivaylo Dimitrov <ivo.g.dimitrov.75@gmail.com>
  James Bottomley <James.Bottomley@HansenPartnership.com>
  Jamie Bainbridge <jamie.bainbridge@gmail.com>
  Jan Kara <jack@suse.com>
  Jan Kara <jack@suse.cz>
  Jani Nikula <jani.nikula@intel.com>
  Jann Horn <jann@thejh.net>
  Jarkko Nikula <jarkko.nikula@linux.intel.com>
  Jay Vosburgh <jay.vosburgh@canonical.com>
  Jean Delvare <jdelvare@suse.de>
  Jeff Layton <jeff.layton@primarydata.com>
  Jeff Layton <jlayton@primarydata.com>
  Jens Axboe <axboe@fb.com>
  Jingoo Han <jg1.han@samsung.com>
  Jiri Pirko <jiri@mellanox.com>
  Jiufei Xue <xuejiufei@huawei.com>
  Joe Jin <joe.jin@oracle.com>
  Joe Lawrence <joe.lawrence@stratus.com>
  Johan Hovold <johan@kernel.org>
  Johannes Berg <johannes.berg@intel.com>
  John Ernberg <john.ernberg@actia.se>
  John Fastabend <john.fastabend@gmail.com>
  John Fastabend <john.r.fastabend@intel.com>
  John Stultz <john.stultz@linaro.org>
  Josh Boyer <jwboyer@fedoraproject.org>
  Joshua Schmid <jschmid@suse.com>
  Jurgen Kramer <gtmkramer@xs4all.nl>
  Kalle Valo <kvalo@codeaurora.org>
  Karl Heiss <kheiss@gmail.com>
  Kees Cook <keescook@chromium.org>
  Kent Overstreet <kent.overstreet@gmail.com>
  Kent Overstreet <kmo@daterainc.com>
  Kirill A. Shutemov <kirill.shutemov@linux.intel.com>
  Konrad Leszczynski <konrad.leszczynski@intel.com>
  Konstantin Khlebnikov <khlebnikov@yandex-team.ru>
  Konstantin Khlebnikov <koct9i@gmail.com>
  Kyeongdon Kim <kyeongdon.kim@lge.com>
  Larry Finger <Larry.Finger@lwfinger.net>
  Laura Abbott <labbott@fedoraproject.org>
  Laurent Pinchart <laurent.pinchart@ideasonboard.com>
  Laurent Vivier <lvivier@redhat.com>
  Leif Liddy <leif.liddy@gmail.com>
  Lev Lybin <lev.lybin@gmail.com>
  Linus Torvalds <torvalds@linux-foundation.org>
  Linus Walleij <linus.walleij@linaro.org>
  Lu Baolu <baolu.lu@linux.intel.com>
  Lucas Stach <l.stach@pengutronix.de> (for imx6)
  Lucas Tanure <tanure@linux.com>
  Malcolm Priestley <tvboxspy@gmail.com>
  Mans Rullgard <mans@mansr.com>
  Manuel Krause <manuelkrause@netscape.net>
  Marcel Holtmann <marcel@holtmann.org>
  Marcelo Ricardo Leitner <marcelo.leitner@gmail.com>
  Martijn Coenen <maco@google.com>
  Martin Schwidefsky <schwidefsky@de.ibm.com>
  Mathias Nyman <mathias.nyman@linux.intel.com>
  Matt Fleming <matt@codeblueprint.co.uk>
  Matthew Wilcox <willy@linux.intel.com>
  Matthias <morpheusxyz123@yahoo.de>
  Mauro Carvalho Chehab <mchehab@osg.samsung.com>
  Michael Ellerman <mpe@ellerman.id.au>
  Michael S. Tsirkin <mst@redhat.com>
  Michal Hocko <mhocko@suse.com>
  Michel Dänzer <michel.daenzer@amd.com>
  Mika Penttilä <mika.penttila@nextfour.com>
  Mika Westerberg <mika.westerberg@linux.intel.com>
  Mike Marciniszyn <mike.marciniszyn@intel.com>
  Mike Snitzer <snitzer@redhat.com>
  Miklos Szeredi <miklos@szeredi.hu>
  Mikulas Patocka <mpatocka@redhat.com>
  Milo Kim <milo.kim@ti.com>
  Minchan Kim <minchan@kernel.org>
  Mohamed Jamsheeth Hajanajubudeen <mohamedjamsheeth.hajanajubudeen@atmel.com>
  Mykola Lysenko <Mykola.Lysenko@amd.com>
  Namhyung Kim <namhyung@kernel.org>
  Naoya Horiguchi <n-horiguchi@ah.jp.nec.com>
  Neal Cardwell <ncardwell@google.com>
  Nicholas Bellinger <nab@linux-iscsi.org>
  Nicolas Dichtel <nicolas.dichtel@6wind.com>
  Nicolas Ferre <nicolas.ferre@atmel.com>
  Nikolay Borisov <kernel@kyup.com>
  Oded Gabbay <oded.gabbay@gmail.com>
  Oliver Neukum <oneukum@suse.com>
  Oren Givon <oren.givon@intel.com>
  Paul Mackerras <paulus@samba.org>
  Paul Menzel <paul.menzel@giantmonkey.de>
  Peter Dedecker <peter.dedecker@hotmail.com>
  Peter Hurley <peter@hurleysoftware.com>
  Peter Wu <peter@lekensteyn.nl>
  prash <prash.n.rao@gmail.com>
  Rabin Vincent <rabin.vincent@axis.com>
  Rabin Vincent <rabin@rab.in>
  Rafael Aquini <aquini@redhat.com>
  Rafael J. Wysocki <rafael.j.wysocki@intel.com>
  Rajmohan Mani <rajmohan.mani@intel.com>
  Ralf Baechle <ralf@linux-mips.org>
  Richard Cochran <richardcochran@gmail.com>
  Richard Weinberger <richard@nod.at>
  Rickard Strandqvist <rickard_strandqvist@spectrumdigital.se>
  Rob Clark <robdclark@gmail.com>
  Rui Wang <rui.y.wang@intel.com>
  Russell Currey <ruscur@russell.cc>
  Sachin Kulkarni <Sachin.Kulkarni@imgtec.com>
  Samuel Thibault <samuel.thibault@ens-lyon.org>
  Sasha Levin <sasha.levin@oracle.com>
  Sergey Senozhatsky <sergey.senozhatsky.work@gmail.com>
  Sergey Senozhatsky <sergey.senozhatsky@gmail.com>
  Shirish Pargaonkar <shirishpargaonkar@gmail.com>
  Stefan Bader <stefan.bader@canonical.com>
  Steffen Klassert <steffen.klassert@secunet.com>
  Stephan Mueller <smueller@chronox.de>
  Steve French <sfrench@localhost.localdomain>
  Steve French <smfrench@gmail.com>
  Steve French <steve.french@primarydata.com>
  Steven Rostedt <rostedt@goodmis.org>
  Sudip Mukherjee <sudip@vectorindia.org>
  Sudip Mukherjee <sudipm.mukherjee@gmail.com>
  szegad <szegadlo@poczta.onet.pl>
  Takashi Iwai <tiwai@suse.de>
  Takashi Sakamoto <o-takashi@sakamocchi.jp>
  Tang Jian Qiang <jianqiang.tang@intel.com>
  Tariq Saeed <tariq.x.saeed@oracle.com>
  Tejun Heo <tj@kernel.org>
  Thomas Gleixner <tglx@linutronix.de>
  Thomas Huth <thuth@redhat.com>
  Tomer Barletz <barletz@gmail.com>
  Trond Myklebust <trond.myklebust@primarydata.com>
  Ulf Hansson <ulf.hansson@linaro.org>
  Uri Mashiach <uri.mashiach@compulab.co.il>
  Vasily Averin <vvs@virtuozzo.com>
  Vegard Nossum <vegard.nossum@oracle.com>
  Vijay Pandurangan <vijayp@vijayp.ca>
  Vinit Agnihotri <vinit.abhay.agnihotri@intel.com>
  Vinod Koul <vinod.koul@intel.com>
  Viresh Kumar <viresh.kumar@linaro.org>
  Vitaly Kuznetsov <vkuznets@redhat.com>
  Vito Caputo <vito.caputo@coreos.com>
  Vladis Dronov <vdronov@redhat.com>
  Vlastimil Babka <vbabka@suse.cz>
  Wang, Rui Y <rui.y.wang@intel.com>
  Wei Liu <wei.liu2@citrix.com>
  Weijun Yang <york.yang@csr.com>
  Will Deacon <will.deacon@arm.com>
  Willy Tarreau <w@1wt.eu>
  Xin Long <lucien.xin@gmail.com>
  xuejiufei <xuejiufei@huawei.com>
  Yang Shi <yang.shi@linaro.org>
  YOSHIFUJI Hideaki <yoshfuji@linux-ipv6.org>
  Yuchung Cheng <ycheng@google.com>
  Zhang Rui <rui.zhang@intel.com>
  Zheng Liu <gnehzuil.liu@gmail.com>
  Zheng Liu <wenqing.lz@taobao.com>
  Zhuang Jin Can <jin.can.zhuang@intel.com>

jobs:
 build-amd64-xsm                                              pass
 build-armhf-xsm                                              pass
 build-i386-xsm                                               pass
 build-amd64                                                  pass
 build-armhf                                                  pass
 build-i386                                                   pass
 build-amd64-libvirt                                          pass
 build-armhf-libvirt                                          pass
 build-i386-libvirt                                           pass
 build-amd64-pvops                                            pass
 build-armhf-pvops                                            pass
 build-i386-pvops                                             pass
 build-amd64-rumpuserxen                                      fail
 build-i386-rumpuserxen                                       fail
 test-amd64-amd64-xl                                          pass
 test-armhf-armhf-xl                                          pass
 test-amd64-i386-xl                                           pass
 test-amd64-amd64-xl-qemut-debianhvm-amd64-xsm                pass
 test-amd64-i386-xl-qemut-debianhvm-amd64-xsm                 pass
 test-amd64-amd64-libvirt-qemuu-debianhvm-amd64-xsm           pass
 test-amd64-i386-libvirt-qemuu-debianhvm-amd64-xsm            pass
 test-amd64-amd64-xl-qemuu-debianhvm-amd64-xsm                pass
 test-amd64-i386-xl-qemuu-debianhvm-amd64-xsm                 pass
 test-amd64-amd64-xl-qemut-stubdom-debianhvm-amd64-xsm        pass
 test-amd64-i386-xl-qemut-stubdom-debianhvm-amd64-xsm         pass
 test-amd64-amd64-libvirt-xsm                                 pass
 test-armhf-armhf-libvirt-xsm                                 fail
 test-amd64-i386-libvirt-xsm                                  pass
 test-amd64-amd64-xl-xsm                                      pass
 test-armhf-armhf-xl-xsm                                      pass
 test-amd64-i386-xl-xsm                                       pass
 test-amd64-amd64-qemuu-nested-amd                            fail
 test-amd64-amd64-xl-pvh-amd                                  fail
 test-amd64-i386-qemut-rhel6hvm-amd                           pass
 test-amd64-i386-qemuu-rhel6hvm-amd                           pass
 test-amd64-amd64-xl-qemut-debianhvm-amd64                    pass
 test-amd64-i386-xl-qemut-debianhvm-amd64                     pass
 test-amd64-amd64-xl-qemuu-debianhvm-amd64                    pass
 test-amd64-i386-xl-qemuu-debianhvm-amd64                     pass
 test-amd64-i386-freebsd10-amd64                              pass
 test-amd64-amd64-xl-qemuu-ovmf-amd64                         pass
 test-amd64-i386-xl-qemuu-ovmf-amd64                          pass
 test-amd64-amd64-rumpuserxen-amd64                           blocked
 test-amd64-amd64-xl-qemut-win7-amd64                         fail
 test-amd64-i386-xl-qemut-win7-amd64                          fail
 test-amd64-amd64-xl-qemuu-win7-amd64                         fail
 test-amd64-i386-xl-qemuu-win7-amd64                          pass
 test-armhf-armhf-xl-arndale                                  pass
 test-amd64-amd64-xl-credit2                                  pass
 test-armhf-armhf-xl-credit2                                  pass
 test-armhf-armhf-xl-cubietruck                               pass
 test-amd64-i386-freebsd10-i386                               pass
 test-amd64-i386-rumpuserxen-i386                             blocked
 test-amd64-amd64-qemuu-nested-intel                          pass
 test-amd64-amd64-xl-pvh-intel                                fail
 test-amd64-i386-qemut-rhel6hvm-intel                         fail
 test-amd64-i386-qemuu-rhel6hvm-intel                         pass
 test-amd64-amd64-libvirt                                     pass
 test-armhf-armhf-libvirt                                     fail
 test-amd64-i386-libvirt                                      pass
 test-amd64-amd64-xl-multivcpu                                pass
 test-armhf-armhf-xl-multivcpu                                pass
 test-amd64-amd64-pair                                        pass
 test-amd64-i386-pair                                         pass
 test-amd64-amd64-libvirt-pair                                pass
 test-amd64-i386-libvirt-pair                                 pass
 test-amd64-amd64-amd64-pvgrub                                pass
 test-amd64-amd64-i386-pvgrub                                 pass
 test-amd64-amd64-pygrub                                      pass
 test-armhf-armhf-libvirt-qcow2                               fail
 test-amd64-amd64-xl-qcow2                                    pass
 test-armhf-armhf-libvirt-raw                                 fail
 test-amd64-i386-xl-raw                                       pass
 test-amd64-amd64-xl-rtds                                     pass
 test-armhf-armhf-xl-rtds                                     pass
 test-amd64-i386-xl-qemut-winxpsp3-vcpus1                     pass
 test-amd64-i386-xl-qemuu-winxpsp3-vcpus1                     pass
 test-amd64-amd64-libvirt-vhd                                 pass
 test-armhf-armhf-xl-vhd                                      pass
 test-amd64-amd64-xl-qemut-winxpsp3                           pass
 test-amd64-i386-xl-qemut-winxpsp3                            pass
 test-amd64-amd64-xl-qemuu-winxpsp3                           pass
 test-amd64-i386-xl-qemuu-winxpsp3                            pass


------------------------------------------------------------
sg-report-flight on osstest.test-lab.xenproject.org
logs: /home/logs/logs
images: /home/logs/images

Logs, config files, etc. are available at
    http://logs.test-lab.xenproject.org/osstest/logs

Explanation of these reports, and of osstest in general, is at
    http://xenbits.xen.org/gitweb/?p=osstest.git;a=blob;f=README.email;hb=master
    http://xenbits.xen.org/gitweb/?p=osstest.git;a=blob;f=README;hb=master

Test harness code can be found at
    http://xenbits.xen.org/gitweb?p=osstest.git;a=summary


Not pushing.

(No revision log; it would be 5790 lines long.)


[-- Attachment #2: Type: text/plain, Size: 126 bytes --]

_______________________________________________
Xen-devel mailing list
Xen-devel@lists.xen.org
http://lists.xen.org/xen-devel

^ permalink raw reply	[flat|nested] only message in thread

only message in thread, other threads:[~2016-02-17 20:14 UTC | newest]

Thread overview: (only message) (download: mbox.gz follow: Atom feed
-- links below jump to the message on this page --
2016-02-17 20:14 [linux-3.18 test] 82928: regressions - FAIL osstest service owner

This is a public inbox, see mirroring instructions
for how to clone and mirror all data and code used for this inbox;
as well as URLs for NNTP newsgroup(s).