From mboxrd@z Thu Jan 1 00:00:00 1970 From: osstest service owner Subject: [linux-3.18 test] 82928: regressions - FAIL Date: Wed, 17 Feb 2016 20:14:17 +0000 Message-ID: Mime-Version: 1.0 Content-Type: multipart/mixed; boundary="===============7667776509767503275==" Return-path: List-Unsubscribe: , List-Post: List-Help: List-Subscribe: , Sender: xen-devel-bounces@lists.xen.org Errors-To: xen-devel-bounces@lists.xen.org To: xen-devel@lists.xensource.com, osstest-admin@xenproject.org List-Id: xen-devel@lists.xenproject.org --===============7667776509767503275== Content-Length: 21040 Content-Transfer-Encoding: quoted-printable flight 82928 linux-3.18 real [real] http://logs.test-lab.xenproject.org/osstest/logs/82928/ Regressions :-( Tests which did not succeed and are blocking, including tests which could not be run: build-amd64-rumpuserxen 6 xen-build fail REGR. vs. 79037 build-i386-rumpuserxen 6 xen-build fail REGR. vs. 79037 Tests which are failing intermittently (not blocking): test-armhf-armhf-libvirt-qcow2 6 xen-boot fail pass in 82793 test-amd64-i386-qemut-rhel6hvm-intel 6 xen-boot fail pass in 82793 Regressions which are regarded as allowable (not blocking): test-armhf-armhf-xl-rtds 15 guest-start/debian.repeat fail in 82793 like 79037 test-amd64-i386-xl-qemuu-win7-amd64 16 guest-stop fail in 82793 like 79037 test-amd64-amd64-xl-qemuu-win7-amd64 16 guest-stop fail like 79037 test-amd64-amd64-xl-qemut-win7-amd64 16 guest-stop fail like 79037 test-amd64-i386-xl-qemut-win7-amd64 16 guest-stop fail like 79037 Tests which did not succeed, but are not blocking: test-amd64-i386-rumpuserxen-i386 1 build-check(1) blocked n/a test-amd64-amd64-rumpuserxen-amd64 1 build-check(1) blocked n/a test-armhf-armhf-libvirt-qcow2 11 migrate-support-check fail in 82793 never pass test-armhf-armhf-libvirt-qcow2 13 guest-saverestore fail in 82793 never pass test-amd64-amd64-xl-pvh-intel 14 guest-saverestore fail never pass test-amd64-amd64-xl-pvh-amd 11 guest-start fail never pass test-armhf-armhf-libvirt 14 guest-saverestore fail never pass test-armhf-armhf-libvirt 12 migrate-support-check fail never pass test-amd64-i386-libvirt-xsm 12 migrate-support-check fail never pass test-armhf-armhf-xl-xsm 13 saverestore-support-check fail never pass test-armhf-armhf-xl-xsm 12 migrate-support-check fail never pass test-amd64-amd64-libvirt-xsm 12 migrate-support-check fail never pass test-amd64-amd64-libvirt 12 migrate-support-check fail never pass test-amd64-amd64-qemuu-nested-amd 16 debian-hvm-install/l1/l2 fail never pass test-armhf-armhf-libvirt-raw 13 guest-saverestore fail never pass test-armhf-armhf-libvirt-raw 11 migrate-support-check fail never pass test-armhf-armhf-libvirt-xsm 12 migrate-support-check fail never pass test-armhf-armhf-libvirt-xsm 14 guest-saverestore fail never pass test-armhf-armhf-xl-arndale 12 migrate-support-check fail never pass test-armhf-armhf-xl-arndale 13 saverestore-support-check fail never pass test-amd64-amd64-libvirt-qemuu-debianhvm-amd64-xsm 10 migrate-support-check fail never pass test-amd64-i386-libvirt 12 migrate-support-check fail never pass test-armhf-armhf-xl-rtds 13 saverestore-support-check fail never pass test-armhf-armhf-xl-rtds 12 migrate-support-check fail never pass test-armhf-armhf-xl-credit2 13 saverestore-support-check fail never pass test-armhf-armhf-xl-credit2 12 migrate-support-check fail never pass test-armhf-armhf-xl-multivcpu 13 saverestore-support-check fail never pass test-armhf-armhf-xl-multivcpu 12 migrate-support-check fail never pass test-armhf-armhf-xl-cubietruck 12 migrate-support-check fail never pass test-armhf-armhf-xl-cubietruck 13 saverestore-support-check fail never pass test-amd64-i386-libvirt-qemuu-debianhvm-amd64-xsm 10 migrate-support-check fail never pass test-armhf-armhf-xl 12 migrate-support-check fail never pass test-armhf-armhf-xl 13 saverestore-support-check fail never pass test-amd64-amd64-libvirt-vhd 11 migrate-support-check fail never pass test-armhf-armhf-xl-vhd 11 migrate-support-check fail never pass test-armhf-armhf-xl-vhd 12 saverestore-support-check fail never pass version targeted for testing: linux 2c07053b8e1e0c22bb54dfbdf8e86a70f8bf00fc baseline version: linux 707e840c5e24bb2df1ea4e753964275e257ec816 Last test of basis 79037 2016-01-25 18:28:55 Z 23 days Testing same since 82793 2016-02-16 05:49:14 Z 1 days 2 attempts ------------------------------------------------------------ People who touched revisions under test: "J. Bruce Fields" Adrian Hunter Al Viro Alan Stern Alex Deucher Alexander Aring Alexandru Cornea Alexei Starovoitov amish Andrew Elble Andrew Gabbasov Andrew Morton Andrey Ryabinin Andy Gospodarek Andy Shevchenko Antonio Ospite Ard Biesheuvel Arnaldo Carvalho de Melo Aur=C3=A9lien Francillon Barry Song Ben Hutchings Ben Skeggs Benjamin Tissoires Bjorn Helgaas Boris Brezillon Borislav Petkov Borislav Petkov Carlo Caione Catalin Marinas Chen Yu Christian K=C3=B6nig Christoph Biedl Cong Wang Dan Streetman Dan Streetman Daniel Borkmann Daniel Vetter Daniele Palmas Darren Hart Dave Airlie Dave Airlie Dave Chinner Dave Chinner David Gibson David Howells David Rientjes David S. Miller David Vrabel Dmitry Torokhov Dmitry Tunin Dmitry V. Levin Dmitry Vyukov Doug Ledford Du, Changbin Emmanuel Grumbach Eric Dumazet Eric W. Biederman Eric Wheeler Erich Schubert Evan Jones Felix Kuehling Felix.Kuehling Florian Westphal Francesco Ruggeri Francesco Ruggeri Gabriel de Perthuis Gavin Shan Greg Kroah-Hartman Greg Kurz Grygorii Strashko Guillaume Fougnies Hannes Frederic Sowa Hans de Goede Hans Verkuil Harry Wentland Heiko Carstens Helge Deller Herbert Xu Huacai Chen Ian Campbell Ido Schimmel Igor Grinberg Insu Yun Ivaylo Dimitrov James Bottomley Jamie Bainbridge Jan Kara Jan Kara Jani Nikula Jann Horn Jarkko Nikula Jay Vosburgh Jean Delvare Jeff Layton Jeff Layton Jens Axboe Jingoo Han Jiri Pirko Jiufei Xue Joe Jin Joe Lawrence Johan Hovold Johannes Berg John Ernberg John Fastabend John Fastabend John Stultz Josh Boyer Joshua Schmid Jurgen Kramer Kalle Valo Karl Heiss Kees Cook Kent Overstreet Kent Overstreet Kirill A. Shutemov Konrad Leszczynski Konstantin Khlebnikov Konstantin Khlebnikov Kyeongdon Kim Larry Finger Laura Abbott Laurent Pinchart Laurent Vivier Leif Liddy Lev Lybin Linus Torvalds Linus Walleij Lu Baolu Lucas Stach (for imx6) Lucas Tanure Malcolm Priestley Mans Rullgard Manuel Krause Marcel Holtmann Marcelo Ricardo Leitner Martijn Coenen Martin Schwidefsky Mathias Nyman Matt Fleming Matthew Wilcox Matthias Mauro Carvalho Chehab Michael Ellerman Michael S. Tsirkin Michal Hocko Michel D=C3=A4nzer Mika Penttil=C3=A4 Mika Westerberg Mike Marciniszyn Mike Snitzer Miklos Szeredi Mikulas Patocka Milo Kim Minchan Kim Mohamed Jamsheeth Hajanajubudeen Mykola Lysenko Namhyung Kim Naoya Horiguchi Neal Cardwell Nicholas Bellinger Nicolas Dichtel Nicolas Ferre Nikolay Borisov Oded Gabbay Oliver Neukum Oren Givon Paul Mackerras Paul Menzel Peter Dedecker Peter Hurley Peter Wu prash Rabin Vincent Rabin Vincent Rafael Aquini Rafael J. Wysocki Rajmohan Mani Ralf Baechle Richard Cochran Richard Weinberger Rickard Strandqvist Rob Clark Rui Wang Russell Currey Sachin Kulkarni Samuel Thibault Sasha Levin Sergey Senozhatsky Sergey Senozhatsky Shirish Pargaonkar Stefan Bader Steffen Klassert Stephan Mueller Steve French Steve French Steve French Steven Rostedt Sudip Mukherjee Sudip Mukherjee szegad Takashi Iwai Takashi Sakamoto Tang Jian Qiang Tariq Saeed Tejun Heo Thomas Gleixner Thomas Huth Tomer Barletz Trond Myklebust Ulf Hansson Uri Mashiach Vasily Averin Vegard Nossum Vijay Pandurangan Vinit Agnihotri Vinod Koul Viresh Kumar Vitaly Kuznetsov Vito Caputo Vladis Dronov Vlastimil Babka Wang, Rui Y Wei Liu Weijun Yang Will Deacon Willy Tarreau Xin Long xuejiufei Yang Shi YOSHIFUJI Hideaki Yuchung Cheng Zhang Rui Zheng Liu Zheng Liu Zhuang Jin Can jobs: build-amd64-xsm pass build-armhf-xsm pass build-i386-xsm pass build-amd64 pass build-armhf pass build-i386 pass build-amd64-libvirt pass build-armhf-libvirt pass build-i386-libvirt pass build-amd64-pvops pass build-armhf-pvops pass build-i386-pvops pass build-amd64-rumpuserxen fail build-i386-rumpuserxen fail test-amd64-amd64-xl pass test-armhf-armhf-xl pass test-amd64-i386-xl pass test-amd64-amd64-xl-qemut-debianhvm-amd64-xsm pass test-amd64-i386-xl-qemut-debianhvm-amd64-xsm pass test-amd64-amd64-libvirt-qemuu-debianhvm-amd64-xsm pass test-amd64-i386-libvirt-qemuu-debianhvm-amd64-xsm pass test-amd64-amd64-xl-qemuu-debianhvm-amd64-xsm pass test-amd64-i386-xl-qemuu-debianhvm-amd64-xsm pass test-amd64-amd64-xl-qemut-stubdom-debianhvm-amd64-xsm pass test-amd64-i386-xl-qemut-stubdom-debianhvm-amd64-xsm pass test-amd64-amd64-libvirt-xsm pass test-armhf-armhf-libvirt-xsm fail test-amd64-i386-libvirt-xsm pass test-amd64-amd64-xl-xsm pass test-armhf-armhf-xl-xsm pass test-amd64-i386-xl-xsm pass test-amd64-amd64-qemuu-nested-amd fail test-amd64-amd64-xl-pvh-amd fail test-amd64-i386-qemut-rhel6hvm-amd pass test-amd64-i386-qemuu-rhel6hvm-amd pass test-amd64-amd64-xl-qemut-debianhvm-amd64 pass test-amd64-i386-xl-qemut-debianhvm-amd64 pass test-amd64-amd64-xl-qemuu-debianhvm-amd64 pass test-amd64-i386-xl-qemuu-debianhvm-amd64 pass test-amd64-i386-freebsd10-amd64 pass test-amd64-amd64-xl-qemuu-ovmf-amd64 pass test-amd64-i386-xl-qemuu-ovmf-amd64 pass test-amd64-amd64-rumpuserxen-amd64 blocked test-amd64-amd64-xl-qemut-win7-amd64 fail test-amd64-i386-xl-qemut-win7-amd64 fail test-amd64-amd64-xl-qemuu-win7-amd64 fail test-amd64-i386-xl-qemuu-win7-amd64 pass test-armhf-armhf-xl-arndale pass test-amd64-amd64-xl-credit2 pass test-armhf-armhf-xl-credit2 pass test-armhf-armhf-xl-cubietruck pass test-amd64-i386-freebsd10-i386 pass test-amd64-i386-rumpuserxen-i386 blocked test-amd64-amd64-qemuu-nested-intel pass test-amd64-amd64-xl-pvh-intel fail test-amd64-i386-qemut-rhel6hvm-intel fail test-amd64-i386-qemuu-rhel6hvm-intel pass test-amd64-amd64-libvirt pass test-armhf-armhf-libvirt fail test-amd64-i386-libvirt pass test-amd64-amd64-xl-multivcpu pass test-armhf-armhf-xl-multivcpu pass test-amd64-amd64-pair pass test-amd64-i386-pair pass test-amd64-amd64-libvirt-pair pass test-amd64-i386-libvirt-pair pass test-amd64-amd64-amd64-pvgrub pass test-amd64-amd64-i386-pvgrub pass test-amd64-amd64-pygrub pass test-armhf-armhf-libvirt-qcow2 fail test-amd64-amd64-xl-qcow2 pass test-armhf-armhf-libvirt-raw fail test-amd64-i386-xl-raw pass test-amd64-amd64-xl-rtds pass test-armhf-armhf-xl-rtds pass test-amd64-i386-xl-qemut-winxpsp3-vcpus1 pass test-amd64-i386-xl-qemuu-winxpsp3-vcpus1 pass test-amd64-amd64-libvirt-vhd pass test-armhf-armhf-xl-vhd pass test-amd64-amd64-xl-qemut-winxpsp3 pass test-amd64-i386-xl-qemut-winxpsp3 pass test-amd64-amd64-xl-qemuu-winxpsp3 pass test-amd64-i386-xl-qemuu-winxpsp3 pass ------------------------------------------------------------ sg-report-flight on osstest.test-lab.xenproject.org logs: /home/logs/logs images: /home/logs/images Logs, config files, etc. are available at http://logs.test-lab.xenproject.org/osstest/logs Explanation of these reports, and of osstest in general, is at http://xenbits.xen.org/gitweb/=3Fp=3Dosstest.git;a=3Dblob;f=3DREADME.email;hb=3Dmaster http://xenbits.xen.org/gitweb/=3Fp=3Dosstest.git;a=3Dblob;f=3DREADME;hb=3Dmaster Test harness code can be found at http://xenbits.xen.org/gitweb=3Fp=3Dosstest.git;a=3Dsummary Not pushing. (No revision log; it would be 5790 lines long.) --===============7667776509767503275== Content-Type: text/plain; charset="us-ascii" MIME-Version: 1.0 Content-Transfer-Encoding: 7bit Content-Disposition: inline _______________________________________________ Xen-devel mailing list Xen-devel@lists.xen.org http://lists.xen.org/xen-devel --===============7667776509767503275==--