* [xen-unstable test] 83007: regressions - FAIL
@ 2016-02-20 1:05 osstest service owner
0 siblings, 0 replies; only message in thread
From: osstest service owner @ 2016-02-20 1:05 UTC (permalink / raw)
To: xen-devel, osstest-admin
flight 83007 xen-unstable real [real]
http://logs.test-lab.xenproject.org/osstest/logs/83007/
Regressions :-(
Tests which did not succeed and are blocking,
including tests which could not be run:
build-amd64-prev 5 xen-build fail REGR. vs. 82825
Tests which are failing intermittently (not blocking):
test-amd64-i386-xl-qemut-debianhvm-amd64 15 guest-localmigrate/x10 fail in 82962 pass in 83007
test-armhf-armhf-xl-credit2 15 guest-start/debian.repeat fail pass in 82962
test-amd64-amd64-xl-qemuu-win7-amd64 16 guest-stop fail pass in 82962
Regressions which are regarded as allowable (not blocking):
test-armhf-armhf-xl-rtds 11 guest-start fail REGR. vs. 82825
build-amd64-rumpuserxen 6 xen-build fail like 82825
build-i386-rumpuserxen 6 xen-build fail like 82825
test-amd64-amd64-xl-qemut-win7-amd64 16 guest-stop fail like 82825
test-amd64-i386-xl-qemuu-win7-amd64 16 guest-stop fail like 82825
test-amd64-i386-xl-qemut-win7-amd64 16 guest-stop fail like 82825
Tests which did not succeed, but are not blocking:
test-amd64-amd64-rumpuserxen-amd64 1 build-check(1) blocked n/a
test-amd64-i386-rumpuserxen-i386 1 build-check(1) blocked n/a
test-amd64-amd64-migrupgrade 1 build-check(1) blocked n/a
test-amd64-i386-migrupgrade 1 build-check(1) blocked n/a
test-amd64-amd64-xl-pvh-amd 11 guest-start fail never pass
test-amd64-amd64-xl-pvh-intel 11 guest-start fail never pass
test-armhf-armhf-libvirt-xsm 12 migrate-support-check fail never pass
test-armhf-armhf-libvirt-xsm 14 guest-saverestore fail never pass
test-armhf-armhf-libvirt 14 guest-saverestore fail never pass
test-armhf-armhf-libvirt 12 migrate-support-check fail never pass
test-amd64-i386-libvirt-xsm 12 migrate-support-check fail never pass
test-amd64-i386-libvirt 12 migrate-support-check fail never pass
test-amd64-amd64-libvirt-xsm 12 migrate-support-check fail never pass
test-amd64-amd64-libvirt 12 migrate-support-check fail never pass
test-armhf-armhf-libvirt-raw 13 guest-saverestore fail never pass
test-armhf-armhf-libvirt-raw 11 migrate-support-check fail never pass
test-amd64-amd64-qemuu-nested-amd 16 debian-hvm-install/l1/l2 fail never pass
test-amd64-amd64-libvirt-qemuu-debianhvm-amd64-xsm 10 migrate-support-check fail never pass
test-amd64-i386-libvirt-qemuu-debianhvm-amd64-xsm 10 migrate-support-check fail never pass
test-armhf-armhf-xl 12 migrate-support-check fail never pass
test-armhf-armhf-xl 13 saverestore-support-check fail never pass
test-armhf-armhf-xl-credit2 13 saverestore-support-check fail never pass
test-armhf-armhf-xl-credit2 12 migrate-support-check fail never pass
test-armhf-armhf-libvirt-qcow2 11 migrate-support-check fail never pass
test-armhf-armhf-libvirt-qcow2 13 guest-saverestore fail never pass
test-armhf-armhf-xl-xsm 13 saverestore-support-check fail never pass
test-armhf-armhf-xl-xsm 12 migrate-support-check fail never pass
test-armhf-armhf-xl-cubietruck 12 migrate-support-check fail never pass
test-armhf-armhf-xl-cubietruck 13 saverestore-support-check fail never pass
test-armhf-armhf-xl-arndale 12 migrate-support-check fail never pass
test-armhf-armhf-xl-arndale 13 saverestore-support-check fail never pass
test-armhf-armhf-xl-multivcpu 13 saverestore-support-check fail never pass
test-armhf-armhf-xl-multivcpu 12 migrate-support-check fail never pass
test-armhf-armhf-xl-vhd 11 migrate-support-check fail never pass
test-armhf-armhf-xl-vhd 12 saverestore-support-check fail never pass
test-amd64-amd64-libvirt-vhd 11 migrate-support-check fail never pass
version targeted for testing:
xen e33b2921d28c8a3aff2c25fd3d046c7432b3a606
baseline version:
xen 3fba5f5ec6bd2c9375735ae09d9615ccb1d7c0d0
Last test of basis 82825 2016-02-16 10:58:18 Z 3 days
Testing same since 82962 2016-02-17 06:23:57 Z 2 days 2 attempts
------------------------------------------------------------
People who touched revisions under test:
Ian Campbell <ian.campbell@citrix.com>
Samuel Thibault <samuel.thibault@ens-lyon.org>
Wei Liu <wei.liu2@citrix.com>
jobs:
build-amd64-xsm pass
build-armhf-xsm pass
build-i386-xsm pass
build-amd64 pass
build-armhf pass
build-i386 pass
build-amd64-libvirt pass
build-armhf-libvirt pass
build-i386-libvirt pass
build-amd64-oldkern pass
build-i386-oldkern pass
build-amd64-prev fail
build-i386-prev pass
build-amd64-pvops pass
build-armhf-pvops pass
build-i386-pvops pass
build-amd64-rumpuserxen fail
build-i386-rumpuserxen fail
test-amd64-amd64-xl pass
test-armhf-armhf-xl pass
test-amd64-i386-xl pass
test-amd64-amd64-xl-qemut-debianhvm-amd64-xsm pass
test-amd64-i386-xl-qemut-debianhvm-amd64-xsm pass
test-amd64-amd64-libvirt-qemuu-debianhvm-amd64-xsm pass
test-amd64-i386-libvirt-qemuu-debianhvm-amd64-xsm pass
test-amd64-amd64-xl-qemuu-debianhvm-amd64-xsm pass
test-amd64-i386-xl-qemuu-debianhvm-amd64-xsm pass
test-amd64-amd64-xl-qemut-stubdom-debianhvm-amd64-xsm pass
test-amd64-i386-xl-qemut-stubdom-debianhvm-amd64-xsm pass
test-amd64-amd64-libvirt-xsm pass
test-armhf-armhf-libvirt-xsm fail
test-amd64-i386-libvirt-xsm pass
test-amd64-amd64-xl-xsm pass
test-armhf-armhf-xl-xsm pass
test-amd64-i386-xl-xsm pass
test-amd64-amd64-qemuu-nested-amd fail
test-amd64-amd64-xl-pvh-amd fail
test-amd64-i386-qemut-rhel6hvm-amd pass
test-amd64-i386-qemuu-rhel6hvm-amd pass
test-amd64-amd64-xl-qemut-debianhvm-amd64 pass
test-amd64-i386-xl-qemut-debianhvm-amd64 pass
test-amd64-amd64-xl-qemuu-debianhvm-amd64 pass
test-amd64-i386-xl-qemuu-debianhvm-amd64 pass
test-amd64-i386-freebsd10-amd64 pass
test-amd64-amd64-xl-qemuu-ovmf-amd64 pass
test-amd64-i386-xl-qemuu-ovmf-amd64 pass
test-amd64-amd64-rumpuserxen-amd64 blocked
test-amd64-amd64-xl-qemut-win7-amd64 fail
test-amd64-i386-xl-qemut-win7-amd64 fail
test-amd64-amd64-xl-qemuu-win7-amd64 fail
test-amd64-i386-xl-qemuu-win7-amd64 fail
test-armhf-armhf-xl-arndale pass
test-amd64-amd64-xl-credit2 pass
test-armhf-armhf-xl-credit2 fail
test-armhf-armhf-xl-cubietruck pass
test-amd64-i386-freebsd10-i386 pass
test-amd64-i386-rumpuserxen-i386 blocked
test-amd64-amd64-qemuu-nested-intel pass
test-amd64-amd64-xl-pvh-intel fail
test-amd64-i386-qemut-rhel6hvm-intel pass
test-amd64-i386-qemuu-rhel6hvm-intel pass
test-amd64-amd64-libvirt pass
test-armhf-armhf-libvirt fail
test-amd64-i386-libvirt pass
test-amd64-amd64-migrupgrade blocked
test-amd64-i386-migrupgrade blocked
test-amd64-amd64-xl-multivcpu pass
test-armhf-armhf-xl-multivcpu pass
test-amd64-amd64-pair pass
test-amd64-i386-pair pass
test-amd64-amd64-libvirt-pair pass
test-amd64-i386-libvirt-pair pass
test-amd64-amd64-amd64-pvgrub pass
test-amd64-amd64-i386-pvgrub pass
test-amd64-amd64-pygrub pass
test-armhf-armhf-libvirt-qcow2 fail
test-amd64-amd64-xl-qcow2 pass
test-armhf-armhf-libvirt-raw fail
test-amd64-i386-xl-raw pass
test-amd64-amd64-xl-rtds pass
test-armhf-armhf-xl-rtds fail
test-amd64-i386-xl-qemut-winxpsp3-vcpus1 pass
test-amd64-i386-xl-qemuu-winxpsp3-vcpus1 pass
test-amd64-amd64-libvirt-vhd pass
test-armhf-armhf-xl-vhd pass
test-amd64-amd64-xl-qemut-winxpsp3 pass
test-amd64-i386-xl-qemut-winxpsp3 pass
test-amd64-amd64-xl-qemuu-winxpsp3 pass
test-amd64-i386-xl-qemuu-winxpsp3 pass
------------------------------------------------------------
sg-report-flight on osstest.test-lab.xenproject.org
logs: /home/logs/logs
images: /home/logs/images
Logs, config files, etc. are available at
http://logs.test-lab.xenproject.org/osstest/logs
Explanation of these reports, and of osstest in general, is at
http://xenbits.xen.org/gitweb/?p=osstest.git;a=blob;f=README.email;hb=master
http://xenbits.xen.org/gitweb/?p=osstest.git;a=blob;f=README;hb=master
Test harness code can be found at
http://xenbits.xen.org/gitweb?p=osstest.git;a=summary
Not pushing.
------------------------------------------------------------
commit e33b2921d28c8a3aff2c25fd3d046c7432b3a606
Author: Ian Campbell <ian.campbell@citrix.com>
Date: Tue Feb 16 11:49:53 2016 +0000
libxl: close fd's in parent when spawning qdisk
Coverity points out that these remain open in the parent upon
success, which is a resource leak.
To fix this rejig the exit paths such that success and error cases
both close the two fds, this means adjusting the callback to only
happen for the error case and it also makes sense to rename the label
from "error" to just "out".
Compile tested only.
CID: 1130518 (null) and 1130517 (logfile_w).
Signed-off-by: Ian Campbell <ian.campbell@citrix.com>
Acked-by: Wei Liu <wei.liu2@citrix.com>
commit b021beb21a977a89b763db7b7df7c362cf8640a8
Author: Ian Campbell <ian.campbell@citrix.com>
Date: Tue Feb 16 11:18:20 2016 +0000
tools: libxl: NULL terminate partially constructed hex string
Coverity (correctly) complains that the strncpy(p, "0x", 2) will not
null terminate p.
Although we can see that in the rest of the function p will
definitely be NULL terminated by the time it is complete there is no
harm in passing 3 to the strncpy and allowing it to NULL terminate to
placate Coverity. We know this is safe because the allocation to hold
the string includes a "+3" for the 0x and the terminating NULL.
Compile tested only.
CID: 1198708
Signed-off-by: Ian Campbell <ian.campbell@citrix.com>
Acked-by: Wei Liu <wei.liu2@citrix.com>
commit 382c72d83ad032e985bfcaa2dbb6bf78859b380e
Author: Ian Campbell <ian.campbell@citrix.com>
Date: Tue Feb 16 11:09:43 2016 +0000
tools: libxl: free devpath on failure in libxl__blktap_devpath
The underlying code paths in tap_ctl_create attempt to handle both
*devpath == NULL (by allocating) and *devpath != NULL (caller provided
name) and if they allocate tend to write the return immediately before
doing other potentially error generating tasks. All of which makes
handling this at a lower level rather more complicated than handling
it in the error path of libxl__blktap_devpath.
Note that libxl__blktap_devpath initialises devpath to NULL and if the
earlier GCSPRINTF succeeds then the value is returned earlier.
Therefore if we make it to the call to tap_ctl_create then devpath is
still NULL on entry, therefore on the error path devpath is either
still NULL or has been set to a freshly allocated value by
tap_ctl_create. Since free(NULL) is fine it is sufficient to just
free(devpath).
I also considered adding a non-NULL devnull to the gc, even on
failure, but that would have required a comment to explain the
apparently strange behaviour.
Compile tested only.
CID: 1215177
Signed-off-by: Ian Campbell <ian.campbell@citrix.com>
Acked-by: Wei Liu <wei.liu2@citrix.com>
commit 4eaf10b79d43e019c2036dc11c04061b78166999
Author: Wei Liu <wei.liu2@citrix.com>
Date: Tue Feb 16 12:28:27 2016 +0000
stubdom: fix link farm runes
Previously in the three problematic libraries all public headers were
linked to source code directory. We should have created an include
directory for each library and linked public headers there.
Note that there was no breakage for those three libraries before this
patch. This patch merely changes the location headers are linked to so
that all libraries follow the same pattern.
Signed-off-by: Wei Liu <wei.liu2@citrix.com>
Acked-by: Samuel Thibault <samuel.thibault@ens-lyon.org>
(qemu changes not included)
^ permalink raw reply [flat|nested] only message in thread
only message in thread, other threads:[~2016-02-20 1:05 UTC | newest]
Thread overview: (only message) (download: mbox.gz follow: Atom feed
-- links below jump to the message on this page --
2016-02-20 1:05 [xen-unstable test] 83007: regressions - FAIL osstest service owner
This is a public inbox, see mirroring instructions
for how to clone and mirror all data and code used for this inbox;
as well as URLs for NNTP newsgroup(s).