xen-devel.lists.xenproject.org archive mirror
 help / color / mirror / Atom feed
* [linux-3.10 test] 83269: regressions - FAIL
@ 2016-02-21 23:27 osstest service owner
  0 siblings, 0 replies; only message in thread
From: osstest service owner @ 2016-02-21 23:27 UTC (permalink / raw)
  To: xen-devel, osstest-admin

flight 83269 linux-3.10 real [real]
http://logs.test-lab.xenproject.org/osstest/logs/83269/

Regressions :-(

Tests which did not succeed and are blocking,
including tests which could not be run:
 test-amd64-amd64-xl-qemut-stubdom-debianhvm-amd64-xsm 15 guest-localmigrate/x10 fail REGR. vs. 79602

Regressions which are regarded as allowable (not blocking):
 test-amd64-amd64-xl-qemut-win7-amd64 16 guest-stop             fail like 79465
 test-amd64-i386-xl-qemut-win7-amd64 16 guest-stop              fail like 79465
 build-amd64-rumpuserxen       6 xen-build                    fail   like 79602
 build-i386-rumpuserxen        6 xen-build                    fail   like 79602
 test-amd64-i386-xl-qemuu-win7-amd64 16 guest-stop              fail like 79602

Tests which did not succeed, but are not blocking:
 test-amd64-amd64-rumpuserxen-amd64  1 build-check(1)               blocked n/a
 test-amd64-i386-rumpuserxen-i386  1 build-check(1)               blocked  n/a
 test-amd64-amd64-xl-pvh-intel 11 guest-start                  fail  never pass
 test-amd64-amd64-xl-pvh-amd  11 guest-start                  fail   never pass
 test-amd64-i386-libvirt      12 migrate-support-check        fail   never pass
 test-amd64-amd64-libvirt     12 migrate-support-check        fail   never pass
 test-amd64-amd64-libvirt-xsm 12 migrate-support-check        fail   never pass
 test-amd64-i386-libvirt-xsm  12 migrate-support-check        fail   never pass
 test-amd64-i386-libvirt-qemuu-debianhvm-amd64-xsm 10 migrate-support-check fail never pass
 test-amd64-amd64-qemuu-nested-amd 16 debian-hvm-install/l1/l2  fail never pass
 test-amd64-amd64-libvirt-qemuu-debianhvm-amd64-xsm 10 migrate-support-check fail never pass
 test-amd64-amd64-libvirt-vhd 11 migrate-support-check        fail   never pass

version targeted for testing:
 linux                66b4554a10194a0fb4272f185b5fc6f2710741de
baseline version:
 linux                e14ca734b547e3187713441909897aefdf4e4016

Last test of basis    79602  2016-01-31 14:17:59 Z   21 days
Testing same since    83269  2016-02-19 22:44:42 Z    2 days    1 attempts

------------------------------------------------------------
People who touched revisions under test:
  Al Viro <viro@zeniv.linux.org.uk>
  Alexandra Yates <alexandra.yates@linux.intel.com>
  Andrew Morton <akpm@linux-foundation.org>
  Andrey Konovalov <andreyknvl@gmail.com>
  Andrzej Hajda <a.hajda@samsung.com>
  Andy Leiserson <andy@leiserson.org>
  Arnd Bergmann <arnd@arndb.de>
  Ben Hutchings <ben@decadent.org.uk>
  Boris Brezillon <boris.brezillon@free-electrons.com>
  Brian Norris <computersforpeace@gmail.com>
  Clemens Ladisch <clemens@ladisch.de>
  Daniele Palmas <dnlplm@gmail.com>
  David Howells <dhowells@redhat.com>
  David Mosberger <davidm@egauge.net>
  David Mosberger-Tang <davidm@egauge.net>
  David Turner <novalis@novalis.org>
  Dmitry V. Levin <ldv@altlinux.org>
  Dmitry Vyukov <dvyukov@google.com>
  Geert Uytterhoeven <geert+renesas@glider.be>
  Greg Kroah-Hartman <gregkh@linuxfoundation.org>
  Guillaume Fougnies <guillaume@eulerian.com>
  Hans Verkuil <hans.verkuil@cisco.com>
  Helge Deller <deller@gmx.de>
  Herbert Xu <herbert@gondor.apana.org.au>
  Hon Ching \(Vicky\) Lo <honclo@linux.vnet.ibm.com>
  Hon Ching(Vicky) Lo <honclo@linux.vnet.ibm.com>
  Igor Grinberg <grinberg@compulab.co.il>
  Ioan-Adrian Ratiu <adi@adirat.com>
  Jan Kara <jack@suse.cz>
  Jason Gerecke <jason.gerecke@wacom.com>
  Jiri Kosina <jkosina@suse.cz>
  Jiufei Xue <xuejiufei@huawei.com>
  Johan Hovold <johan@kernel.org>
  John Ernberg <john.ernberg@actia.se>
  Kalle Valo <kvalo@codeaurora.org>
  Kinglong Mee <kinglongmee@gmail.com>
  Li Bin <huawei.libin@huawei.com>
  Liam Girdwood <liam.r.girdwood@linux.intel.com>
  libin <huawei.libin@huawei.com>
  Linus Torvalds <torvalds@linux-foundation.org>
  Maciej W. Rozycki <macro@imgtec.com>
  Mark Brown <broonie@kernel.org>
  Mathias Krause <minipli@googlemail.com>
  Mauricio Faria de Oliveira <mauricfo@linux.vnet.ibm.com>
  Mauro Carvalho Chehab <mchehab@osg.samsung.com>
  Mike Snitzer <snitzer@redhat.com>
  Nicolas Ferre <nicolas.ferre@atmel.com>
  Ohad Ben-Cohen <ohad@wizery.com>
  Oleg Nesterov <oleg@redhat.com>
  Peter Dedecker <peter.dedecker@hotmail.com>
  Peter Huewe <peterhuewe@gmx.de>
  Peter Hurley <peter@hurleysoftware.com>
  Richard Weinberger <richard@nod.at>
  Rui Wang <rui.y.wang@intel.com>
  Sakari Ailus <sakari.ailus@linux.intel.com>
  Stephan Mueller <smueller@chronox.de>
  Steven Rostedt <rostedt@goodmis.org>
  Sudip Mukherjee <sudipm.mukherjee@gmail.com>
  Takashi Iwai <tiwai@suse.de>
  Tejun Heo <tj@kernel.org>
  Theodore Ts'o <tytso@mit.edu>
  Tiffany Lin <tiffany.lin@mediatek.com>
  Uri Mashiach <uri.mashiach@compulab.co.il>
  Vegard Nossum <vegard.nossum@oracle.com>
  Vinod Koul <vinod.koul@intel.com>
  Vladis Dronov <vdronov@redhat.com>
  Wang, Rui Y <rui.y.wang@intel.com>
  Xiangliang Yu <Xiangliang.Yu@amd.com>
  xuejiufei <xuejiufei@huawei.com>

jobs:
 build-amd64-xsm                                              pass    
 build-i386-xsm                                               pass    
 build-amd64                                                  pass    
 build-i386                                                   pass    
 build-amd64-libvirt                                          pass    
 build-i386-libvirt                                           pass    
 build-amd64-pvops                                            pass    
 build-i386-pvops                                             pass    
 build-amd64-rumpuserxen                                      fail    
 build-i386-rumpuserxen                                       fail    
 test-amd64-amd64-xl                                          pass    
 test-amd64-i386-xl                                           pass    
 test-amd64-amd64-xl-qemut-debianhvm-amd64-xsm                pass    
 test-amd64-i386-xl-qemut-debianhvm-amd64-xsm                 pass    
 test-amd64-amd64-libvirt-qemuu-debianhvm-amd64-xsm           pass    
 test-amd64-i386-libvirt-qemuu-debianhvm-amd64-xsm            pass    
 test-amd64-amd64-xl-qemuu-debianhvm-amd64-xsm                pass    
 test-amd64-i386-xl-qemuu-debianhvm-amd64-xsm                 pass    
 test-amd64-amd64-xl-qemut-stubdom-debianhvm-amd64-xsm        fail    
 test-amd64-i386-xl-qemut-stubdom-debianhvm-amd64-xsm         pass    
 test-amd64-amd64-libvirt-xsm                                 pass    
 test-amd64-i386-libvirt-xsm                                  pass    
 test-amd64-amd64-xl-xsm                                      pass    
 test-amd64-i386-xl-xsm                                       pass    
 test-amd64-amd64-qemuu-nested-amd                            fail    
 test-amd64-amd64-xl-pvh-amd                                  fail    
 test-amd64-i386-qemut-rhel6hvm-amd                           pass    
 test-amd64-i386-qemuu-rhel6hvm-amd                           pass    
 test-amd64-amd64-xl-qemut-debianhvm-amd64                    pass    
 test-amd64-i386-xl-qemut-debianhvm-amd64                     pass    
 test-amd64-amd64-xl-qemuu-debianhvm-amd64                    pass    
 test-amd64-i386-xl-qemuu-debianhvm-amd64                     pass    
 test-amd64-i386-freebsd10-amd64                              pass    
 test-amd64-amd64-xl-qemuu-ovmf-amd64                         pass    
 test-amd64-i386-xl-qemuu-ovmf-amd64                          pass    
 test-amd64-amd64-rumpuserxen-amd64                           blocked 
 test-amd64-amd64-xl-qemut-win7-amd64                         fail    
 test-amd64-i386-xl-qemut-win7-amd64                          fail    
 test-amd64-amd64-xl-qemuu-win7-amd64                         pass    
 test-amd64-i386-xl-qemuu-win7-amd64                          fail    
 test-amd64-amd64-xl-credit2                                  pass    
 test-amd64-i386-freebsd10-i386                               pass    
 test-amd64-i386-rumpuserxen-i386                             blocked 
 test-amd64-amd64-qemuu-nested-intel                          pass    
 test-amd64-amd64-xl-pvh-intel                                fail    
 test-amd64-i386-qemut-rhel6hvm-intel                         pass    
 test-amd64-i386-qemuu-rhel6hvm-intel                         pass    
 test-amd64-amd64-libvirt                                     pass    
 test-amd64-i386-libvirt                                      pass    
 test-amd64-amd64-xl-multivcpu                                pass    
 test-amd64-amd64-pair                                        pass    
 test-amd64-i386-pair                                         pass    
 test-amd64-amd64-libvirt-pair                                pass    
 test-amd64-i386-libvirt-pair                                 pass    
 test-amd64-amd64-amd64-pvgrub                                pass    
 test-amd64-amd64-i386-pvgrub                                 pass    
 test-amd64-amd64-pygrub                                      pass    
 test-amd64-amd64-xl-qcow2                                    pass    
 test-amd64-i386-xl-raw                                       pass    
 test-amd64-amd64-xl-rtds                                     pass    
 test-amd64-i386-xl-qemut-winxpsp3-vcpus1                     pass    
 test-amd64-i386-xl-qemuu-winxpsp3-vcpus1                     pass    
 test-amd64-amd64-libvirt-vhd                                 pass    
 test-amd64-amd64-xl-qemut-winxpsp3                           pass    
 test-amd64-i386-xl-qemut-winxpsp3                            pass    
 test-amd64-amd64-xl-qemuu-winxpsp3                           pass    
 test-amd64-i386-xl-qemuu-winxpsp3                            pass    


------------------------------------------------------------
sg-report-flight on osstest.test-lab.xenproject.org
logs: /home/logs/logs
images: /home/logs/images

Logs, config files, etc. are available at
    http://logs.test-lab.xenproject.org/osstest/logs

Explanation of these reports, and of osstest in general, is at
    http://xenbits.xen.org/gitweb/?p=osstest.git;a=blob;f=README.email;hb=master
    http://xenbits.xen.org/gitweb/?p=osstest.git;a=blob;f=README;hb=master

Test harness code can be found at
    http://xenbits.xen.org/gitweb?p=osstest.git;a=summary


Not pushing.

(No revision log; it would be 1749 lines long.)

^ permalink raw reply	[flat|nested] only message in thread

only message in thread, other threads:[~2016-02-21 23:27 UTC | newest]

Thread overview: (only message) (download: mbox.gz follow: Atom feed
-- links below jump to the message on this page --
2016-02-21 23:27 [linux-3.10 test] 83269: regressions - FAIL osstest service owner

This is a public inbox, see mirroring instructions
for how to clone and mirror all data and code used for this inbox;
as well as URLs for NNTP newsgroup(s).