From: osstest service owner <osstest-admin@xenproject.org>
To: xen-devel@lists.xensource.com, osstest-admin@xenproject.org
Subject: [xen-unstable test] 83726: regressions - FAIL
Date: Wed, 24 Feb 2016 13:04:33 +0000 [thread overview]
Message-ID: <osstest-83726-mainreport@xen.org> (raw)
[-- Warning: decoded text below may be mangled, UTF-8 assumed --]
[-- Attachment #1: Type: text/plain, Size: 17449 bytes --]
flight 83726 xen-unstable real [real]
http://logs.test-lab.xenproject.org/osstest/logs/83726/
Regressions :-(
Tests which did not succeed and are blocking,
including tests which could not be run:
test-amd64-i386-xl-qemut-debianhvm-amd64-xsm 15 guest-localmigrate/x10 fail REGR. vs. 83609
Regressions which are regarded as allowable (not blocking):
test-amd64-amd64-xl-qemuu-win7-amd64 16 guest-stop fail REGR. vs. 83609
test-armhf-armhf-xl-rtds 11 guest-start fail REGR. vs. 83609
build-amd64-rumpuserxen 6 xen-build fail like 83609
build-i386-rumpuserxen 6 xen-build fail like 83609
test-amd64-i386-xl-qemut-win7-amd64 16 guest-stop fail like 83609
test-amd64-amd64-xl-qemut-win7-amd64 16 guest-stop fail like 83609
test-amd64-i386-xl-qemuu-win7-amd64 16 guest-stop fail like 83609
Tests which did not succeed, but are not blocking:
test-amd64-amd64-rumpuserxen-amd64 1 build-check(1) blocked n/a
test-amd64-i386-rumpuserxen-i386 1 build-check(1) blocked n/a
test-amd64-amd64-xl-pvh-amd 11 guest-start fail never pass
test-amd64-amd64-xl-pvh-intel 11 guest-start fail never pass
test-armhf-armhf-libvirt-xsm 12 migrate-support-check fail never pass
test-armhf-armhf-libvirt-xsm 14 guest-saverestore fail never pass
test-amd64-i386-libvirt 12 migrate-support-check fail never pass
test-amd64-i386-libvirt-xsm 12 migrate-support-check fail never pass
test-amd64-amd64-libvirt-xsm 12 migrate-support-check fail never pass
test-amd64-amd64-libvirt 12 migrate-support-check fail never pass
test-armhf-armhf-libvirt-raw 13 guest-saverestore fail never pass
test-armhf-armhf-libvirt-raw 11 migrate-support-check fail never pass
test-amd64-amd64-qemuu-nested-amd 16 debian-hvm-install/l1/l2 fail never pass
test-amd64-i386-libvirt-qemuu-debianhvm-amd64-xsm 10 migrate-support-check fail never pass
test-amd64-amd64-libvirt-qemuu-debianhvm-amd64-xsm 10 migrate-support-check fail never pass
test-armhf-armhf-xl 12 migrate-support-check fail never pass
test-armhf-armhf-xl 13 saverestore-support-check fail never pass
test-armhf-armhf-xl-credit2 13 saverestore-support-check fail never pass
test-armhf-armhf-xl-credit2 12 migrate-support-check fail never pass
test-armhf-armhf-libvirt-qcow2 11 migrate-support-check fail never pass
test-armhf-armhf-libvirt-qcow2 13 guest-saverestore fail never pass
test-armhf-armhf-xl-xsm 13 saverestore-support-check fail never pass
test-armhf-armhf-xl-xsm 12 migrate-support-check fail never pass
test-armhf-armhf-xl-cubietruck 12 migrate-support-check fail never pass
test-armhf-armhf-xl-cubietruck 13 saverestore-support-check fail never pass
test-armhf-armhf-libvirt 14 guest-saverestore fail never pass
test-armhf-armhf-libvirt 12 migrate-support-check fail never pass
test-armhf-armhf-xl-arndale 12 migrate-support-check fail never pass
test-armhf-armhf-xl-arndale 13 saverestore-support-check fail never pass
test-armhf-armhf-xl-multivcpu 13 saverestore-support-check fail never pass
test-armhf-armhf-xl-multivcpu 12 migrate-support-check fail never pass
test-armhf-armhf-xl-vhd 11 migrate-support-check fail never pass
test-armhf-armhf-xl-vhd 12 saverestore-support-check fail never pass
test-amd64-amd64-libvirt-vhd 11 migrate-support-check fail never pass
version targeted for testing:
xen 998110fe9b758b51173609fb033dbe03b8de0a01
baseline version:
xen 2066ddd2327daeb2d92687ea2a88383f0b57a56c
Last test of basis 83609 2016-02-22 01:55:52 Z 2 days
Testing same since 83726 2016-02-23 09:16:35 Z 1 days 1 attempts
------------------------------------------------------------
People who touched revisions under test:
Andrew Cooper <andrew.cooper3@citrix.com>
Dario Faggioli <dario.faggioli@citrix.com>
Doug Goldstein <cardoe@cardoe.com>
George Dunlap <george.dunlap@citrix.com>
Ian Jackson <ian.jackson@eu.citrix.com>
Jan Beulich <jbeulich@suse.com>
Razvan Cojocaru <rcojocaru@bitdefender.com>
Roger Pau Monné <roger.pau@citrix.com>
Tamas K Lengyel <tlengyel@novetta.com>
jobs:
build-amd64-xsm pass
build-armhf-xsm pass
build-i386-xsm pass
build-amd64 pass
build-armhf pass
build-i386 pass
build-amd64-libvirt pass
build-armhf-libvirt pass
build-i386-libvirt pass
build-amd64-oldkern pass
build-i386-oldkern pass
build-amd64-prev pass
build-i386-prev pass
build-amd64-pvops pass
build-armhf-pvops pass
build-i386-pvops pass
build-amd64-rumpuserxen fail
build-i386-rumpuserxen fail
test-amd64-amd64-xl pass
test-armhf-armhf-xl pass
test-amd64-i386-xl pass
test-amd64-amd64-xl-qemut-debianhvm-amd64-xsm pass
test-amd64-i386-xl-qemut-debianhvm-amd64-xsm fail
test-amd64-amd64-libvirt-qemuu-debianhvm-amd64-xsm pass
test-amd64-i386-libvirt-qemuu-debianhvm-amd64-xsm pass
test-amd64-amd64-xl-qemuu-debianhvm-amd64-xsm pass
test-amd64-i386-xl-qemuu-debianhvm-amd64-xsm pass
test-amd64-amd64-xl-qemut-stubdom-debianhvm-amd64-xsm pass
test-amd64-i386-xl-qemut-stubdom-debianhvm-amd64-xsm pass
test-amd64-amd64-libvirt-xsm pass
test-armhf-armhf-libvirt-xsm fail
test-amd64-i386-libvirt-xsm pass
test-amd64-amd64-xl-xsm pass
test-armhf-armhf-xl-xsm pass
test-amd64-i386-xl-xsm pass
test-amd64-amd64-qemuu-nested-amd fail
test-amd64-amd64-xl-pvh-amd fail
test-amd64-i386-qemut-rhel6hvm-amd pass
test-amd64-i386-qemuu-rhel6hvm-amd pass
test-amd64-amd64-xl-qemut-debianhvm-amd64 pass
test-amd64-i386-xl-qemut-debianhvm-amd64 pass
test-amd64-amd64-xl-qemuu-debianhvm-amd64 pass
test-amd64-i386-xl-qemuu-debianhvm-amd64 pass
test-amd64-i386-freebsd10-amd64 pass
test-amd64-amd64-xl-qemuu-ovmf-amd64 pass
test-amd64-i386-xl-qemuu-ovmf-amd64 pass
test-amd64-amd64-rumpuserxen-amd64 blocked
test-amd64-amd64-xl-qemut-win7-amd64 fail
test-amd64-i386-xl-qemut-win7-amd64 fail
test-amd64-amd64-xl-qemuu-win7-amd64 fail
test-amd64-i386-xl-qemuu-win7-amd64 fail
test-armhf-armhf-xl-arndale pass
test-amd64-amd64-xl-credit2 pass
test-armhf-armhf-xl-credit2 pass
test-armhf-armhf-xl-cubietruck pass
test-amd64-i386-freebsd10-i386 pass
test-amd64-i386-rumpuserxen-i386 blocked
test-amd64-amd64-qemuu-nested-intel pass
test-amd64-amd64-xl-pvh-intel fail
test-amd64-i386-qemut-rhel6hvm-intel pass
test-amd64-i386-qemuu-rhel6hvm-intel pass
test-amd64-amd64-libvirt pass
test-armhf-armhf-libvirt fail
test-amd64-i386-libvirt pass
test-amd64-amd64-migrupgrade pass
test-amd64-i386-migrupgrade pass
test-amd64-amd64-xl-multivcpu pass
test-armhf-armhf-xl-multivcpu pass
test-amd64-amd64-pair pass
test-amd64-i386-pair pass
test-amd64-amd64-libvirt-pair pass
test-amd64-i386-libvirt-pair pass
test-amd64-amd64-amd64-pvgrub pass
test-amd64-amd64-i386-pvgrub pass
test-amd64-amd64-pygrub pass
test-armhf-armhf-libvirt-qcow2 fail
test-amd64-amd64-xl-qcow2 pass
test-armhf-armhf-libvirt-raw fail
test-amd64-i386-xl-raw pass
test-amd64-amd64-xl-rtds pass
test-armhf-armhf-xl-rtds fail
test-amd64-i386-xl-qemut-winxpsp3-vcpus1 pass
test-amd64-i386-xl-qemuu-winxpsp3-vcpus1 pass
test-amd64-amd64-libvirt-vhd pass
test-armhf-armhf-xl-vhd pass
test-amd64-amd64-xl-qemut-winxpsp3 pass
test-amd64-i386-xl-qemut-winxpsp3 pass
test-amd64-amd64-xl-qemuu-winxpsp3 pass
test-amd64-i386-xl-qemuu-winxpsp3 pass
------------------------------------------------------------
sg-report-flight on osstest.test-lab.xenproject.org
logs: /home/logs/logs
images: /home/logs/images
Logs, config files, etc. are available at
http://logs.test-lab.xenproject.org/osstest/logs
Explanation of these reports, and of osstest in general, is at
http://xenbits.xen.org/gitweb/?p=osstest.git;a=blob;f=README.email;hb=master
http://xenbits.xen.org/gitweb/?p=osstest.git;a=blob;f=README;hb=master
Test harness code can be found at
http://xenbits.xen.org/gitweb?p=osstest.git;a=summary
Not pushing.
------------------------------------------------------------
commit 998110fe9b758b51173609fb033dbe03b8de0a01
Merge: 7c09fee 79d2f02
Author: Jan Beulich <jbeulich@suse.com>
Date: Mon Feb 22 17:42:21 2016 +0100
Merge branch 'staging' of xenbits.xen.org:/home/xen/git/xen into staging
commit 79d2f02ba1359cc765c0ea38227fd967f7b81696
Merge: a9d0e9a 1a51423
Author: Ian Jackson <ian.jackson@eu.citrix.com>
Date: Mon Feb 22 16:40:12 2016 +0000
Merge branch 'staging' of xenbits.xen.org:/home/xen/git/xen into staging
commit 7c09fee0b26aaa5bb34e8e08e436978d5711fad6
Author: Jan Beulich <jbeulich@suse.com>
Date: Mon Feb 22 17:38:34 2016 +0100
common: re-arrange struct kernel_param fields
Even if placed in .init.* there's no reason to needlessly bloat the
binary due to padding fields the compiler needs to insert on 64-bit
architectures.
Signed-off-by: Jan Beulich <jbeulich@suse.com>
Reviewed-by: Andrew Cooper <andrew.cooper3@citrix.com>
Acked-by: Ian Jackson <ian.jackson@eu.citrix.com>
commit 1a51423b5031ff88063c014dc33ca4bff39b5367
Author: Jan Beulich <jbeulich@suse.com>
Date: Mon Feb 22 17:30:54 2016 +0100
Revert "init: annotate all command line parameter infrastructure as const"
This reverts commit 59b151d2c0bf37f3f2f984096d384dfdfa03a8f4,
as it breaks the build with older gcc.
commit adc75eba8b15c7103a010f736fe62e3fb2383964
Author: Tamas K Lengyel <tlengyel@novetta.com>
Date: Mon Feb 22 17:24:15 2016 +0100
x86/vm_event: consolidate hvm_event_fill_regs and p2m_vm_event_fill_regs
Currently the registers saved in the request depend on which type of event
is filling in the registers. In this patch we consolidate the two versions
of register filling function as to return a fix set of registers irrespective
of the underlying event.
Signed-off-by: Tamas K Lengyel <tlengyel@novetta.com>
Acked-by: George Dunlap <george.dunlap@citrix.com>
Acked-by: Razvan Cojocaru <rcojocaru@bitdefender.com>
commit a4b4d3d5a89c61baab042a8972676b6b4f30a9a4
Author: Jan Beulich <jbeulich@suse.com>
Date: Mon Feb 22 17:23:08 2016 +0100
x86: drop register reload from INT80 malicious MSI guard
None of the restored registers are actually of interest to the
subsequent code (as opposed to the similar construct on the compat
mode hypercall path).
Signed-off-by: Jan Beulich <jbeulich@suse.com>
Reviewed-by: Andrew Cooper <andrew.cooper3@citrix.com>
commit 18e00970a40e4a14620ae7885021df20ee2178ef
Author: Doug Goldstein <cardoe@cardoe.com>
Date: Mon Feb 22 17:21:58 2016 +0100
arm: CONFIG_ARM_{32, 64} defined by Kconfig
CONFIG_ARM_32 and CONFIG_ARM_64 is defined by Kconfig.
Signed-off-by: Doug Goldstein <cardoe@cardoe.com>
Reviewed-by: Stefano Stabellini <stefano.stabellini@eu.citrix.com>
commit da97d1cf91c9bb837db48186aa2293ba53736869
Author: Doug Goldstein <cardoe@cardoe.com>
Date: Mon Feb 22 17:21:03 2016 +0100
x86: CONFIG_X86 defined by Kconfig
CONFIG_X86 is defined by Kconfig when building for x86.
Signed-off-by: Doug Goldstein <cardoe@cardoe.com>
Reviewed-by: Andrew Cooper <andrew.cooper3@citrix.com>
commit c5360bdfe0cecaf3e8cfc6eea3c5096a7856fcac
Author: Roger Pau Monné <roger.pau@citrix.com>
Date: Mon Feb 22 17:20:37 2016 +0100
x86/PVHv2: add XEN_ prefix to HVM_START_MAGIC_VALUE
Reported by: Jan Beulich <jbeulich@suse.com>
Signed-off-by: Roger Pau Monné <roger.pau@citrix.com>
Reviewed-by: Andrew Cooper <andrew.cooper3@citrix.com>
commit f5488b79614eaf408543a510a8bf9c4a81bf48ff
Author: Andrew Cooper <andrew.cooper3@citrix.com>
Date: Mon Feb 22 17:19:52 2016 +0100
introduce IS_ALIGNED()
And a few open-coded alignment checks which I encountered
Signed-off-by: Andrew Cooper <andrew.cooper3@citrix.com>
Reviewed-by: Jan Beulich <jbeulich@suse.com>
commit 44c4112f5772b5683f5430966200514c9301bfd8
Author: Dario Faggioli <dario.faggioli@citrix.com>
Date: Mon Feb 22 17:18:59 2016 +0100
sched: tracing: enable TSC tracing for all events
it is enabled for pretty much all of them already.
There were just a few that had it disabled.
When tracing a scheduler, timing information is
really important, so enable it everywhere scheduling
related.
Note that this was not really a problem if looking
at the traces with xenalyze, but it was if using
xentrace_format.
Signed-off-by: Dario Faggioli <dario.faggioli@citrix.com>
Acked-by: George Dunlap <george.dunlap@citrix.com>
commit 59b151d2c0bf37f3f2f984096d384dfdfa03a8f4
Author: Andrew Cooper <andrew.cooper3@citrix.com>
Date: Mon Feb 22 17:17:18 2016 +0100
init: annotate all command line parameter infrastructure as const
There is no reason for any of it to be modified. Additionally, link
.init.setup beside the other constant .init data.
No functional change.
Signed-off-by: Andrew Cooper <andrew.cooper3@citrix.com>
[jb: reduce alignments to 8]
Reviewed-by: Jan Beulich <jbeulich@suse.com>
Reviewed-by: Stefano Stabellini <stefano.stabellini@eu.citrix.com>
commit a9d0e9aff23a78f143dcdc142d267b05fc15e859
Author: Doug Goldstein <cardoe@cardoe.com>
Date: Thu Feb 18 20:57:03 2016 -0600
m4/python: fix typo in LDFLAGS variable name
[ also, reran autogen.sh ]
Reported-by: Jonathan Creekmore <jonathan.creekmore@gmail.com>
Signed-off-by: Doug Goldstein <cardoe@cardoe.com>
Reviewed-by: Konrad Rzeszutek Wilk <konrad.wilk@oracle.com>
Acked-by: Ian Jackson <ian.jackson@eu.citrix.com>
commit a624cf437b51b8b1b7ee3da25427ae4128766372
Author: Doug Goldstein <cardoe@cardoe.com>
Date: Fri Feb 19 13:55:49 2016 -0600
MAINTAINERS: add Doug Goldstein for Travis CI config
Add myself as the maintainer for the Travis CI config.
Signed-off-by: Doug Goldstein <cardoe@cardoe.com>
Reviewed-by: Andrew Cooper <andrew.cooper3@citrix.com>
Acked-by: Ian Jackson <ian.jackson@eu.citrix.com>
(qemu changes not included)
[-- Attachment #2: Type: text/plain, Size: 126 bytes --]
_______________________________________________
Xen-devel mailing list
Xen-devel@lists.xen.org
http://lists.xen.org/xen-devel
reply other threads:[~2016-02-24 13:04 UTC|newest]
Thread overview: [no followups] expand[flat|nested] mbox.gz Atom feed
Reply instructions:
You may reply publicly to this message via plain-text email
using any one of the following methods:
* Save the following mbox file, import it into your mail client,
and reply-to-all from there: mbox
Avoid top-posting and favor interleaved quoting:
https://en.wikipedia.org/wiki/Posting_style#Interleaved_style
* Reply using the --to, --cc, and --in-reply-to
switches of git-send-email(1):
git send-email \
--in-reply-to=osstest-83726-mainreport@xen.org \
--to=osstest-admin@xenproject.org \
--cc=xen-devel@lists.xensource.com \
/path/to/YOUR_REPLY
https://kernel.org/pub/software/scm/git/docs/git-send-email.html
* If your mail client supports setting the In-Reply-To header
via mailto: links, try the mailto: link
Be sure your reply has a Subject: header at the top and a blank line
before the message body.
This is a public inbox, see mirroring instructions
for how to clone and mirror all data and code used for this inbox;
as well as URLs for NNTP newsgroup(s).