xen-devel.lists.xenproject.org archive mirror
 help / color / mirror / Atom feed
* [xen-unstable-smoke test] 83972: tolerable all pass - PUSHED
@ 2016-02-25 15:12 osstest service owner
  2019-04-15  9:57 ` [Xen-devel] [distros-debian-sid test] 83972: trouble: blocked/broken Platform Team regression test user
  0 siblings, 1 reply; 2+ messages in thread
From: osstest service owner @ 2016-02-25 15:12 UTC (permalink / raw)
  To: xen-devel, osstest-admin

flight 83972 xen-unstable-smoke real [real]
http://logs.test-lab.xenproject.org/osstest/logs/83972/

Failures :-/ but no regressions.

Tests which did not succeed, but are not blocking:
 test-amd64-amd64-libvirt     12 migrate-support-check        fail   never pass
 test-armhf-armhf-xl          12 migrate-support-check        fail   never pass
 test-armhf-armhf-xl          13 saverestore-support-check    fail   never pass

version targeted for testing:
 xen                  abf8824fe530bcf060c757596f68663c87546a6a
baseline version:
 xen                  27b74b9283722dd71a7f0915efd4238f65f8f5c3

Last test of basis    83864  2016-02-24 16:02:50 Z    0 days
Testing same since    83972  2016-02-25 13:01:35 Z    0 days    1 attempts

------------------------------------------------------------
People who touched revisions under test:
  Andrew Cooper <andrew.cooper3@citrix.com>
  Dario Faggioli <dario.faggioli@citrix.com>
  Doug Goldstein <cardoe@cardoe.com>
  Haozhong Zhang <haozhong.zhang@intel.com>
  Jan Beulich <jbeulich@suse.com>
  Stefano Stabellini <stefano.stabellini@citrix.com>
  Stefano Stabellini <stefano.stabellini@eu.citrix.com>

jobs:
 build-amd64                                                  pass    
 build-armhf                                                  pass    
 build-amd64-libvirt                                          pass    
 test-armhf-armhf-xl                                          pass    
 test-amd64-amd64-xl-qemuu-debianhvm-i386                     pass    
 test-amd64-amd64-libvirt                                     pass    


------------------------------------------------------------
sg-report-flight on osstest.test-lab.xenproject.org
logs: /home/logs/logs
images: /home/logs/images

Logs, config files, etc. are available at
    http://logs.test-lab.xenproject.org/osstest/logs

Explanation of these reports, and of osstest in general, is at
    http://xenbits.xen.org/gitweb/?p=osstest.git;a=blob;f=README.email;hb=master
    http://xenbits.xen.org/gitweb/?p=osstest.git;a=blob;f=README;hb=master

Test harness code can be found at
    http://xenbits.xen.org/gitweb?p=osstest.git;a=summary


Pushing revision :

+ branch=xen-unstable-smoke
+ revision=abf8824fe530bcf060c757596f68663c87546a6a
+ . ./cri-lock-repos
++ . ./cri-common
+++ . ./cri-getconfig
+++ umask 002
+++ getrepos
++++ getconfig Repos
++++ perl -e '
                use Osstest;
                readglobalconfig();
                print $c{"Repos"} or die $!;
        '
+++ local repos=/home/osstest/repos
+++ '[' -z /home/osstest/repos ']'
+++ '[' '!' -d /home/osstest/repos ']'
+++ echo /home/osstest/repos
++ repos=/home/osstest/repos
++ repos_lock=/home/osstest/repos/lock
++ '[' x '!=' x/home/osstest/repos/lock ']'
++ OSSTEST_REPOS_LOCK_LOCKED=/home/osstest/repos/lock
++ exec with-lock-ex -w /home/osstest/repos/lock ./ap-push xen-unstable-smoke abf8824fe530bcf060c757596f68663c87546a6a
+ branch=xen-unstable-smoke
+ revision=abf8824fe530bcf060c757596f68663c87546a6a
+ . ./cri-lock-repos
++ . ./cri-common
+++ . ./cri-getconfig
+++ umask 002
+++ getrepos
++++ getconfig Repos
++++ perl -e '
                use Osstest;
                readglobalconfig();
                print $c{"Repos"} or die $!;
        '
+++ local repos=/home/osstest/repos
+++ '[' -z /home/osstest/repos ']'
+++ '[' '!' -d /home/osstest/repos ']'
+++ echo /home/osstest/repos
++ repos=/home/osstest/repos
++ repos_lock=/home/osstest/repos/lock
++ '[' x/home/osstest/repos/lock '!=' x/home/osstest/repos/lock ']'
+ . ./cri-common
++ . ./cri-getconfig
++ umask 002
+ select_xenbranch
+ case "$branch" in
+ tree=xen
+ xenbranch=xen-unstable-smoke
+ qemuubranch=qemu-upstream-unstable
+ '[' xxen = xlinux ']'
+ linuxbranch=
+ '[' xqemu-upstream-unstable = x ']'
+ select_prevxenbranch
++ ./cri-getprevxenbranch xen-unstable-smoke
+ prevxenbranch=xen-unstable-coverity
+ '[' xabf8824fe530bcf060c757596f68663c87546a6a = x ']'
+ : tested/2.6.39.x
+ . ./ap-common
++ : osstest@xenbits.xen.org
+++ getconfig OsstestUpstream
+++ perl -e '
                use Osstest;
                readglobalconfig();
                print $c{"OsstestUpstream"} or die $!;
        '
++ :
++ : git://xenbits.xen.org/xen.git
++ : osstest@xenbits.xen.org:/home/xen/git/xen.git
++ : git://xenbits.xen.org/qemu-xen-traditional.git
++ : git://git.kernel.org
++ : git://git.kernel.org/pub/scm/linux/kernel/git
++ : git
++ : git://xenbits.xen.org/libvirt.git
++ : osstest@xenbits.xen.org:/home/xen/git/libvirt.git
++ : git://xenbits.xen.org/libvirt.git
++ : git://xenbits.xen.org/rumpuser-xen.git
++ : git
++ : git://xenbits.xen.org/rumpuser-xen.git
++ : osstest@xenbits.xen.org:/home/xen/git/rumpuser-xen.git
+++ besteffort_repo https://github.com/rumpkernel/rumpkernel-netbsd-src
+++ local repo=https://github.com/rumpkernel/rumpkernel-netbsd-src
+++ cached_repo https://github.com/rumpkernel/rumpkernel-netbsd-src '[fetch=try]'
+++ local repo=https://github.com/rumpkernel/rumpkernel-netbsd-src
+++ local 'options=[fetch=try]'
++++ getconfig GitCacheProxy
++++ perl -e '
                use Osstest;
                readglobalconfig();
                print $c{"GitCacheProxy"} or die $!;
        '
+++ local cache=git://cache:9419/
+++ '[' xgit://cache:9419/ '!=' x ']'
+++ echo 'git://cache:9419/https://github.com/rumpkernel/rumpkernel-netbsd-src%20[fetch=try]'
++ : 'git://cache:9419/https://github.com/rumpkernel/rumpkernel-netbsd-src%20[fetch=try]'
++ : git
++ : git://git.seabios.org/seabios.git
++ : osstest@xenbits.xen.org:/home/xen/git/osstest/seabios.git
++ : git://xenbits.xen.org/osstest/seabios.git
++ : https://github.com/tianocore/edk2.git
++ : osstest@xenbits.xen.org:/home/xen/git/osstest/ovmf.git
++ : git://xenbits.xen.org/osstest/ovmf.git
++ : git://xenbits.xen.org/osstest/linux-firmware.git
++ : osstest@xenbits.xen.org:/home/osstest/ext/linux-firmware.git
++ : git://git.kernel.org/pub/scm/linux/kernel/git/firmware/linux-firmware.git
++ : osstest@xenbits.xen.org:/home/xen/git/linux-pvops.git
++ : git://xenbits.xen.org/linux-pvops.git
++ : tested/linux-3.14
++ : tested/linux-arm-xen
++ '[' xgit://xenbits.xen.org/linux-pvops.git = x ']'
++ '[' x = x ']'
++ : git://xenbits.xen.org/linux-pvops.git
++ : tested/linux-arm-xen
++ : git://git.kernel.org/pub/scm/linux/kernel/git/konrad/xen.git
++ : tested/2.6.39.x
++ : daily-cron.xen-unstable-smoke
++ : daily-cron.xen-unstable-smoke
++ : daily-cron.xen-unstable-smoke
++ : daily-cron.xen-unstable-smoke
++ : daily-cron.xen-unstable-smoke
++ : daily-cron.xen-unstable-smoke
++ : http://hg.uk.xensource.com/carbon/trunk/linux-2.6.27
++ : git://xenbits.xen.org/qemu-xen.git
++ : osstest@xenbits.xen.org:/home/xen/git/qemu-xen.git
++ : daily-cron.xen-unstable-smoke
++ : git://xenbits.xen.org/qemu-xen.git
++ : git://git.qemu.org/qemu.git
+ TREE_LINUX=osstest@xenbits.xen.org:/home/xen/git/linux-pvops.git
+ TREE_QEMU_UPSTREAM=osstest@xenbits.xen.org:/home/xen/git/qemu-xen.git
+ TREE_XEN=osstest@xenbits.xen.org:/home/xen/git/xen.git
+ TREE_LIBVIRT=osstest@xenbits.xen.org:/home/xen/git/libvirt.git
+ TREE_RUMPUSERXEN=osstest@xenbits.xen.org:/home/xen/git/rumpuser-xen.git
+ TREE_SEABIOS=osstest@xenbits.xen.org:/home/xen/git/osstest/seabios.git
+ TREE_OVMF=osstest@xenbits.xen.org:/home/xen/git/osstest/ovmf.git
+ info_linux_tree xen-unstable-smoke
+ case $1 in
+ return 1
+ case "$branch" in
+ cd /home/osstest/repos/xen
+ git push osstest@xenbits.xen.org:/home/xen/git/xen.git abf8824fe530bcf060c757596f68663c87546a6a:refs/heads/smoke
To osstest@xenbits.xen.org:/home/xen/git/xen.git
   27b74b9..abf8824  abf8824fe530bcf060c757596f68663c87546a6a -> smoke

_______________________________________________
Xen-devel mailing list
Xen-devel@lists.xen.org
http://lists.xen.org/xen-devel

^ permalink raw reply	[flat|nested] 2+ messages in thread

* [Xen-devel] [distros-debian-sid test] 83972: trouble: blocked/broken
  2016-02-25 15:12 [xen-unstable-smoke test] 83972: tolerable all pass - PUSHED osstest service owner
@ 2019-04-15  9:57 ` Platform Team regression test user
  0 siblings, 0 replies; 2+ messages in thread
From: Platform Team regression test user @ 2019-04-15  9:57 UTC (permalink / raw)
  To: xen-devel, osstest-admin

flight 83972 distros-debian-sid real [real]
http://osstest.xensource.com/osstest/logs/83972/

Failures and problems with tests :-(

Tests which did not succeed and are blocking,
including tests which could not be run:
 build-armhf-pvops               <job status>                 broken
 build-i386                      <job status>                 broken
 build-amd64-pvops               <job status>                 broken
 build-armhf                     <job status>                 broken
 build-amd64                     <job status>                 broken
 build-i386-pvops                <job status>                 broken
 build-armhf-pvops             3 syslog-server                running
 build-armhf                   3 syslog-server                running

Tests which did not succeed, but are not blocking:
 test-amd64-amd64-i386-sid-netboot-pygrub  1 build-check(1)         blocked n/a
 test-amd64-i386-i386-sid-netboot-pvgrub  1 build-check(1)          blocked n/a
 test-armhf-armhf-armhf-sid-netboot-pygrub  1 build-check(1)        blocked n/a
 test-amd64-i386-amd64-sid-netboot-pygrub  1 build-check(1)         blocked n/a
 test-amd64-amd64-amd64-sid-netboot-pvgrub  1 build-check(1)        blocked n/a
 build-armhf-pvops             4 host-install(4)              broken like 83906
 build-amd64-pvops             4 host-install(4)              broken like 83906
 build-i386-pvops              4 host-install(4)              broken like 83906
 build-armhf-pvops             5 capture-logs                 broken like 83906
 build-armhf                   4 host-install(4)              broken like 83906
 build-amd64                   4 host-install(4)              broken like 83906
 build-i386                    4 host-install(4)              broken like 83906
 build-armhf                   5 capture-logs                 broken like 83906

baseline version:
 flight               83906

jobs:
 build-amd64                                                  broken  
 build-armhf                                                  broken  
 build-i386                                                   broken  
 build-amd64-pvops                                            broken  
 build-armhf-pvops                                            broken  
 build-i386-pvops                                             broken  
 test-amd64-amd64-amd64-sid-netboot-pvgrub                    blocked 
 test-amd64-i386-i386-sid-netboot-pvgrub                      blocked 
 test-amd64-i386-amd64-sid-netboot-pygrub                     blocked 
 test-armhf-armhf-armhf-sid-netboot-pygrub                    blocked 
 test-amd64-amd64-i386-sid-netboot-pygrub                     blocked 


------------------------------------------------------------
sg-report-flight on osstest.xs.citrite.net
logs: /home/osstest/logs
images: /home/osstest/images

Logs, config files, etc. are available at
    http://osstest.xensource.com/osstest/logs

Test harness code can be found at
    http://xenbits.xensource.com/gitweb?p=osstest.git;a=summary


Push not applicable.


_______________________________________________
Xen-devel mailing list
Xen-devel@lists.xenproject.org
https://lists.xenproject.org/mailman/listinfo/xen-devel

^ permalink raw reply	[flat|nested] 2+ messages in thread

end of thread, other threads:[~2019-04-15  9:59 UTC | newest]

Thread overview: 2+ messages (download: mbox.gz follow: Atom feed
-- links below jump to the message on this page --
2016-02-25 15:12 [xen-unstable-smoke test] 83972: tolerable all pass - PUSHED osstest service owner
2019-04-15  9:57 ` [Xen-devel] [distros-debian-sid test] 83972: trouble: blocked/broken Platform Team regression test user

This is a public inbox, see mirroring instructions
for how to clone and mirror all data and code used for this inbox;
as well as URLs for NNTP newsgroup(s).