* [xen-unstable test] 83979: regressions - trouble: blocked/broken/fail/pass
@ 2016-02-26 5:51 osstest service owner
0 siblings, 0 replies; only message in thread
From: osstest service owner @ 2016-02-26 5:51 UTC (permalink / raw)
To: xen-devel, osstest-admin
flight 83979 xen-unstable real [real]
http://logs.test-lab.xenproject.org/osstest/logs/83979/
Regressions :-(
Tests which did not succeed and are blocking,
including tests which could not be run:
build-i386-rumpuserxen 3 host-install(3) broken REGR. vs. 83855
test-amd64-amd64-libvirt-vhd 3 host-install(3) broken REGR. vs. 83855
test-amd64-i386-xl 3 host-install(3) broken REGR. vs. 83855
test-amd64-i386-xl-qemut-stubdom-debianhvm-amd64-xsm 3 host-install(3) broken REGR. vs. 83855
test-amd64-amd64-libvirt-qemuu-debianhvm-amd64-xsm 9 debian-hvm-install fail REGR. vs. 83855
Regressions which are regarded as allowable (not blocking):
test-armhf-armhf-xl-rtds 15 guest-start/debian.repeat fail blocked in 83855
build-amd64-rumpuserxen 6 xen-build fail like 83855
test-amd64-i386-xl-qemut-win7-amd64 16 guest-stop fail like 83855
test-amd64-amd64-xl-qemut-win7-amd64 16 guest-stop fail like 83855
test-amd64-i386-xl-qemuu-win7-amd64 16 guest-stop fail like 83855
test-amd64-amd64-xl-qemuu-win7-amd64 16 guest-stop fail like 83855
Tests which did not succeed, but are not blocking:
test-amd64-amd64-rumpuserxen-amd64 1 build-check(1) blocked n/a
test-amd64-i386-rumpuserxen-i386 1 build-check(1) blocked n/a
test-amd64-amd64-xl-pvh-amd 11 guest-start fail never pass
test-amd64-amd64-xl-pvh-intel 11 guest-start fail never pass
test-armhf-armhf-libvirt-xsm 12 migrate-support-check fail never pass
test-armhf-armhf-libvirt-xsm 14 guest-saverestore fail never pass
test-amd64-i386-libvirt-xsm 12 migrate-support-check fail never pass
test-amd64-amd64-libvirt-xsm 12 migrate-support-check fail never pass
test-amd64-amd64-libvirt 12 migrate-support-check fail never pass
test-amd64-i386-libvirt 12 migrate-support-check fail never pass
test-armhf-armhf-libvirt-raw 13 guest-saverestore fail never pass
test-armhf-armhf-libvirt-raw 11 migrate-support-check fail never pass
test-amd64-amd64-qemuu-nested-amd 16 debian-hvm-install/l1/l2 fail never pass
test-amd64-i386-libvirt-qemuu-debianhvm-amd64-xsm 10 migrate-support-check fail never pass
test-armhf-armhf-xl 12 migrate-support-check fail never pass
test-armhf-armhf-xl 13 saverestore-support-check fail never pass
test-armhf-armhf-xl-credit2 13 saverestore-support-check fail never pass
test-armhf-armhf-xl-credit2 12 migrate-support-check fail never pass
test-armhf-armhf-libvirt-qcow2 11 migrate-support-check fail never pass
test-armhf-armhf-libvirt-qcow2 13 guest-saverestore fail never pass
test-armhf-armhf-xl-xsm 13 saverestore-support-check fail never pass
test-armhf-armhf-xl-xsm 12 migrate-support-check fail never pass
test-armhf-armhf-xl-cubietruck 12 migrate-support-check fail never pass
test-armhf-armhf-xl-cubietruck 13 saverestore-support-check fail never pass
test-armhf-armhf-xl-rtds 13 saverestore-support-check fail never pass
test-armhf-armhf-xl-rtds 12 migrate-support-check fail never pass
test-armhf-armhf-libvirt 14 guest-saverestore fail never pass
test-armhf-armhf-libvirt 12 migrate-support-check fail never pass
test-armhf-armhf-xl-arndale 12 migrate-support-check fail never pass
test-armhf-armhf-xl-arndale 13 saverestore-support-check fail never pass
test-armhf-armhf-xl-multivcpu 13 saverestore-support-check fail never pass
test-armhf-armhf-xl-multivcpu 12 migrate-support-check fail never pass
test-armhf-armhf-xl-vhd 11 migrate-support-check fail never pass
test-armhf-armhf-xl-vhd 12 saverestore-support-check fail never pass
version targeted for testing:
xen 27b74b9283722dd71a7f0915efd4238f65f8f5c3
baseline version:
xen 998110fe9b758b51173609fb033dbe03b8de0a01
Last test of basis 83855 2016-02-24 13:26:39 Z 1 days
Testing same since 83979 2016-02-25 14:35:49 Z 0 days 1 attempts
------------------------------------------------------------
People who touched revisions under test:
Dario Faggioli <dario.faggioli@citrix.com>
Doug Goldstein <cardoe@cardoe.com>
George Dunlap <george.dunlap@citrix.com>
Huaitong Han <huaitong.han@intel.com>
Jan Beulich <jbeulich@suse.com>
Juergen Gross <jgross@suse.com>
Konrad Rzeszutek Wilk <konrad.wilk@oracle.com>
Wei Liu <wei.liu2@citrix.com>
jobs:
build-amd64-xsm pass
build-armhf-xsm pass
build-i386-xsm pass
build-amd64 pass
build-armhf pass
build-i386 pass
build-amd64-libvirt pass
build-armhf-libvirt pass
build-i386-libvirt pass
build-amd64-oldkern pass
build-i386-oldkern pass
build-amd64-prev pass
build-i386-prev pass
build-amd64-pvops pass
build-armhf-pvops pass
build-i386-pvops pass
build-amd64-rumpuserxen fail
build-i386-rumpuserxen broken
test-amd64-amd64-xl pass
test-armhf-armhf-xl pass
test-amd64-i386-xl broken
test-amd64-amd64-xl-qemut-debianhvm-amd64-xsm pass
test-amd64-i386-xl-qemut-debianhvm-amd64-xsm pass
test-amd64-amd64-libvirt-qemuu-debianhvm-amd64-xsm fail
test-amd64-i386-libvirt-qemuu-debianhvm-amd64-xsm pass
test-amd64-amd64-xl-qemuu-debianhvm-amd64-xsm pass
test-amd64-i386-xl-qemuu-debianhvm-amd64-xsm pass
test-amd64-amd64-xl-qemut-stubdom-debianhvm-amd64-xsm pass
test-amd64-i386-xl-qemut-stubdom-debianhvm-amd64-xsm broken
test-amd64-amd64-libvirt-xsm pass
test-armhf-armhf-libvirt-xsm fail
test-amd64-i386-libvirt-xsm pass
test-amd64-amd64-xl-xsm pass
test-armhf-armhf-xl-xsm pass
test-amd64-i386-xl-xsm pass
test-amd64-amd64-qemuu-nested-amd fail
test-amd64-amd64-xl-pvh-amd fail
test-amd64-i386-qemut-rhel6hvm-amd pass
test-amd64-i386-qemuu-rhel6hvm-amd pass
test-amd64-amd64-xl-qemut-debianhvm-amd64 pass
test-amd64-i386-xl-qemut-debianhvm-amd64 pass
test-amd64-amd64-xl-qemuu-debianhvm-amd64 pass
test-amd64-i386-xl-qemuu-debianhvm-amd64 pass
test-amd64-i386-freebsd10-amd64 pass
test-amd64-amd64-xl-qemuu-ovmf-amd64 pass
test-amd64-i386-xl-qemuu-ovmf-amd64 pass
test-amd64-amd64-rumpuserxen-amd64 blocked
test-amd64-amd64-xl-qemut-win7-amd64 fail
test-amd64-i386-xl-qemut-win7-amd64 fail
test-amd64-amd64-xl-qemuu-win7-amd64 fail
test-amd64-i386-xl-qemuu-win7-amd64 fail
test-armhf-armhf-xl-arndale pass
test-amd64-amd64-xl-credit2 pass
test-armhf-armhf-xl-credit2 pass
test-armhf-armhf-xl-cubietruck pass
test-amd64-i386-freebsd10-i386 pass
test-amd64-i386-rumpuserxen-i386 blocked
test-amd64-amd64-qemuu-nested-intel pass
test-amd64-amd64-xl-pvh-intel fail
test-amd64-i386-qemut-rhel6hvm-intel pass
test-amd64-i386-qemuu-rhel6hvm-intel pass
test-amd64-amd64-libvirt pass
test-armhf-armhf-libvirt fail
test-amd64-i386-libvirt pass
test-amd64-amd64-migrupgrade pass
test-amd64-i386-migrupgrade pass
test-amd64-amd64-xl-multivcpu pass
test-armhf-armhf-xl-multivcpu pass
test-amd64-amd64-pair pass
test-amd64-i386-pair pass
test-amd64-amd64-libvirt-pair pass
test-amd64-i386-libvirt-pair pass
test-amd64-amd64-amd64-pvgrub pass
test-amd64-amd64-i386-pvgrub pass
test-amd64-amd64-pygrub pass
test-armhf-armhf-libvirt-qcow2 fail
test-amd64-amd64-xl-qcow2 pass
test-armhf-armhf-libvirt-raw fail
test-amd64-i386-xl-raw pass
test-amd64-amd64-xl-rtds pass
test-armhf-armhf-xl-rtds fail
test-amd64-i386-xl-qemut-winxpsp3-vcpus1 pass
test-amd64-i386-xl-qemuu-winxpsp3-vcpus1 pass
test-amd64-amd64-libvirt-vhd broken
test-armhf-armhf-xl-vhd pass
test-amd64-amd64-xl-qemut-winxpsp3 pass
test-amd64-i386-xl-qemut-winxpsp3 pass
test-amd64-amd64-xl-qemuu-winxpsp3 pass
test-amd64-i386-xl-qemuu-winxpsp3 pass
------------------------------------------------------------
sg-report-flight on osstest.test-lab.xenproject.org
logs: /home/logs/logs
images: /home/logs/images
Logs, config files, etc. are available at
http://logs.test-lab.xenproject.org/osstest/logs
Explanation of these reports, and of osstest in general, is at
http://xenbits.xen.org/gitweb/?p=osstest.git;a=blob;f=README.email;hb=master
http://xenbits.xen.org/gitweb/?p=osstest.git;a=blob;f=README;hb=master
Test harness code can be found at
http://xenbits.xen.org/gitweb?p=osstest.git;a=summary
broken-step build-i386-rumpuserxen host-install(3)
broken-step test-amd64-amd64-libvirt-vhd host-install(3)
broken-step test-amd64-i386-xl host-install(3)
broken-step test-amd64-i386-xl-qemut-stubdom-debianhvm-amd64-xsm host-install(3)
Not pushing.
------------------------------------------------------------
commit 27b74b9283722dd71a7f0915efd4238f65f8f5c3
Author: Konrad Rzeszutek Wilk <konrad.wilk@oracle.com>
Date: Fri Feb 19 09:26:02 2016 -0500
version: Document guest_handle
And what it is usually used for.
Signed-off-by: Konrad Rzeszutek Wilk <konrad.wilk@oracle.com>
Reviewed-by: Razvan Cojocaru <rcojocaru@bitdefender.com>
Acked-by: Jan Beulich <jbeulich@suse.com>
commit 7a9dc0771a1f7e768dd27df3cb0b6077f2c51d37
Author: Doug Goldstein <cardoe@cardoe.com>
Date: Wed Feb 24 12:06:28 2016 +0100
xenoprof: drop unnecessary macro
This macro doesn't really provide a benefit. When support is added the
implementer can implement this how it needs to be and not conform to the
macro. Additionally this change limits the output of the warning to just
once instead of nrpages worth. While editing this area I dropped
trailing whitespace.
Signed-off-by: Doug Goldstein <cardoe@cardoe.com>
Reviewed-by: Andrew Cooper <andrew.cooper3@citrix.com>
Acked-by: Jan Beulich <jbeulich@suse.com>
commit 140cbb69c15e0cc6469121af4aaa53f462f63313
Author: Juergen Gross <jgross@suse.com>
Date: Wed Feb 24 12:05:58 2016 +0100
use XEN_SYSCTL_SCHEDOP_* for sysctl operation checks
In flask_sysctl_scheduler_op() and sched_adjust_global() the test for
the desired operation is done with the wrong constants. While the
values are correct, the names are not.
Correct the error message for the case of an unknown operation in
flask_sysctl_scheduler_op(), too.
Signed-off-by: Juergen Gross <jgross@suse.com>
Reviewed-by: George Dunlap <george.dunlap@citrix.com>
Acked-by: Jan Beulich <jbeulich@suse.com>
commit d0575cc51d6c50da4ea06062e4d519e7c60a1f40
Author: Huaitong Han <huaitong.han@intel.com>
Date: Wed Feb 24 12:05:20 2016 +0100
x86/hvm: add pkeys support for cpuid handling
This patch adds pkeys support for cpuid handing.
Pkeys hardware support is CPUID.7.0.ECX[3]:PKU. software support is
CPUID.7.0.ECX[4]:OSPKE and it reflects the support setting of CR4.PKE.
X86_FEATURE_OSXSAVE depends on guest X86_FEATURE_XSAVE, but cpu_has_xsave
function reflects hypervisor X86_FEATURE_XSAVE, it is fixed too.
Signed-off-by: Huaitong Han <huaitong.han@intel.com>
Reviewed-by: Jan Beulich <jbeulich@suse.com>
Acked-by: Wei Liu <wei.liu2@citrix.com>
commit fbf9971241fbc9f8ceb36454f152c8e89d056b25
Author: Huaitong Han <huaitong.han@intel.com>
Date: Wed Feb 24 12:04:50 2016 +0100
x86/hvm: add xstate support for pkeys
The XSAVE feature set can operate on PKRU state only if the feature set is
enabled (CR4.OSXSAVE = 1) and has been configured to manage PKRU state
(XCR0[9] = 1). And XCR0.PKRU is disabled on PV mode without PKU feature
enabled.
Signed-off-by: Huaitong Han <huaitong.han@intel.com>
Reviewed-by: Andrew Cooper <andrew.cooper3@citrix.com>
Reviewed-by: Kevin Tian <kevin.tian@intel.com>
commit ccbe3b14489118b2c056ae4a841d3d8636a0ed22
Author: Huaitong Han <huaitong.han@intel.com>
Date: Wed Feb 24 12:04:19 2016 +0100
x86/hvm: add pkeys support for guest_walk_tables
Protection keys define a new 4-bit protection key field(PKEY) in bits 62:59 of
leaf entries of the page tables.
PKRU register defines 32 bits, there are 16 domains and 2 attribute bits per
domain in pkru, for each i (0 = i = 15), PKRU[2i] is the access-disable bit for
protection key i (ADi); PKRU[2i+1] is the write-disable bit for protection key
i (WDi). PKEY is index to a defined domain.
A fault is considered as a PKU violation if all of the following conditions are
true:
1.CR4_PKE=1.
2.EFER_LMA=1.
3.Page is present with no reserved bit violations.
4.The access is not an instruction fetch.
5.The access is to a user page.
6.PKRU.AD=1
or The access is a data write and PKRU.WD=1
and either CR0.WP=1 or it is a user access.
Signed-off-by: Huaitong Han <huaitong.han@intel.com>
Reviewed-by: Jan Beulich <jbeulich@suse.com>
Reviewed-by: Kevin Tian <kevin.tian@intel.com>
Reviewed-by: George Dunlap <george.dunlap@citrix.com>
commit 3c7d1da274845309942e8b1680148d62773af4b6
Author: Dario Faggioli <dario.faggioli@citrix.com>
Date: Wed Feb 24 12:03:32 2016 +0100
credit1: trace vCPU boost/unboost
Add tracepoints and a performance counter for
boosting and unboosting in Credit1.
Note that they (the trace points) do not cover
the case of the idle vCPU being boosted to run
a tasklet, as there already is
TRC_CSCHED_SCHED_TASKLET for that.
Signed-off-by: Dario Faggioli <dario.faggioli@citrix.com>
Reviewed-by: George Dunlap <george.dunlap@citrix.com>
Acked-by: Jan Beulich <jbeulich@suse.com>
commit 9c952271607a8fd4b23987bf509ded01d32f3a90
Author: Dario Faggioli <dario.faggioli@citrix.com>
Date: Wed Feb 24 12:02:37 2016 +0100
sched: get rid of static private schedulers' structures
In fact, they look rather useless: they are never
referenced neither directly, nor via the sched_data
pointer, as a dynamic copy that overrides them is
allocated as the very first step of a scheduler's
initialization.
While there, take the chance to also reset the sched_data
pointer to NULL, upon scheduler de-initialization.
Signed-off-by: Dario Faggioli <dario.faggioli@citrix.com>
Acked-by: George Dunlap <george.dunlap@citrix.com>
(qemu changes not included)
_______________________________________________
Xen-devel mailing list
Xen-devel@lists.xen.org
http://lists.xen.org/xen-devel
^ permalink raw reply [flat|nested] only message in thread
only message in thread, other threads:[~2016-02-26 5:51 UTC | newest]
Thread overview: (only message) (download: mbox.gz follow: Atom feed
-- links below jump to the message on this page --
2016-02-26 5:51 [xen-unstable test] 83979: regressions - trouble: blocked/broken/fail/pass osstest service owner
This is a public inbox, see mirroring instructions
for how to clone and mirror all data and code used for this inbox;
as well as URLs for NNTP newsgroup(s).