From mboxrd@z Thu Jan 1 00:00:00 1970 From: osstest service owner Subject: [linux-3.14 test] 84125: tolerable FAIL - PUSHED Date: Sat, 27 Feb 2016 14:00:15 +0000 Message-ID: Mime-Version: 1.0 Content-Type: multipart/mixed; boundary="===============1203925592295144040==" Return-path: List-Unsubscribe: , List-Post: List-Help: List-Subscribe: , Errors-To: xen-devel-bounces@lists.xen.org Sender: "Xen-devel" To: xen-devel@lists.xensource.com, osstest-admin@xenproject.org List-Id: xen-devel@lists.xenproject.org --===============1203925592295144040== Content-Type: text/plain flight 84125 linux-3.14 real [real] http://logs.test-lab.xenproject.org/osstest/logs/84125/ Failures :-/ but no regressions. Tests which are failing intermittently (not blocking): test-amd64-amd64-pair 3 host-install/src_host(3) broken in 84019 pass in 84125 test-amd64-i386-freebsd10-amd64 3 host-install(3) broken in 84019 pass in 84125 test-amd64-i386-freebsd10-i386 3 host-install(3) broken in 84019 pass in 84125 test-amd64-i386-libvirt-pair 3 host-install/src_host(3) broken in 84019 pass in 84125 test-amd64-amd64-xl-qemut-winxpsp3 3 host-install(3) broken in 84019 pass in 84125 test-amd64-amd64-xl-qemuu-ovmf-amd64 9 debian-hvm-install fail pass in 84019 Regressions which are regarded as allowable (not blocking): build-amd64-rumpuserxen 6 xen-build fail like 83009 build-i386-rumpuserxen 6 xen-build fail like 83009 test-amd64-amd64-xl-qemut-win7-amd64 16 guest-stop fail like 83009 test-amd64-amd64-xl-qemuu-win7-amd64 16 guest-stop fail like 83009 test-amd64-i386-xl-qemut-win7-amd64 16 guest-stop fail like 83009 test-amd64-i386-xl-qemuu-win7-amd64 16 guest-stop fail like 83009 Tests which did not succeed, but are not blocking: test-amd64-i386-rumpuserxen-i386 1 build-check(1) blocked n/a test-amd64-amd64-rumpuserxen-amd64 1 build-check(1) blocked n/a test-amd64-amd64-xl-pvh-amd 11 guest-start fail never pass test-amd64-amd64-xl-pvh-intel 11 guest-start fail never pass test-amd64-amd64-libvirt 12 migrate-support-check fail never pass test-amd64-amd64-libvirt-xsm 12 migrate-support-check fail never pass test-amd64-i386-libvirt 12 migrate-support-check fail never pass test-amd64-amd64-qemuu-nested-amd 16 debian-hvm-install/l1/l2 fail never pass test-amd64-i386-libvirt-xsm 12 migrate-support-check fail never pass test-amd64-amd64-libvirt-qemuu-debianhvm-amd64-xsm 10 migrate-support-check fail never pass test-amd64-i386-libvirt-qemuu-debianhvm-amd64-xsm 10 migrate-support-check fail never pass test-amd64-amd64-libvirt-vhd 11 migrate-support-check fail never pass version targeted for testing: linux 0b2737d1affeecfcf2f5ceeadeecfcbecba21e35 baseline version: linux 462982e3b5c5a9802bab17f75e8405201891e04d Last test of basis 83009 2016-02-18 14:52:37 Z 8 days Testing same since 84019 2016-02-25 20:28:07 Z 1 days 2 attempts ------------------------------------------------------------ People who touched revisions under test: Alan Stern Alex Thorlton Andrew Banman Andrew Elble Andrew Gabbasov Andrew Lunn Andrew Morton Anson Huang Anton Protopopov Arnaldo Carvalho de Melo Arnaldo Carvalho de Melo Arnd Bergmann Aurélien Francillon Bart Van Assche Benjamin LaHaise Benjamin Tissoires Borislav Petkov Chris Mason Christoph Hellwig Cong Wang CQ Tang Dan Carpenter Dan Williams Daniel Mentz Darren Hart David S. Miller David Sterba David Woodhouse Dmitry Torokhov Dmitry Vyukov Eric Dumazet Erich Schubert Ewan D. Milne Filipe Manana Greg Kroah-Hartman Gregory CLEMENT Hannes Reinecke Helmut Klein Herton R. Krzesinski Holger Hoffstätte Imre Deak Ingo Molnar Insu Yun James Bottomley James Bottomley Jan Kara Jani Nikula Jann Horn Jens Axboe Joe Lawrence Johannes Thumshirn Jonathan Cameron Kees Cook Ken Xue Kirill A. Shutemov Kishon Vijay Abraham I Konstantin Khlebnikov Lars-Peter Clausen Laura Abbott Linus Torvalds Linus Walleij Martijn Coenen Martin K. Petersen Mathias Nyman Matt Fleming Matthew Wilcox Michael Hennerich Michal Hocko Mika Westerberg Miklos Szeredi Namhyung Kim Naoya Horiguchi Nicholas Bellinger Nicolas Pitre Paul Mackerras Paul Menzel Peter Feiner Peter Hurley Peter Oberparleiter Peter Zijlstra (Intel) Peter Zijlstra Roman Gushchin Russell King Rusty Russell Sebastian Herbszt Sergey Senozhatsky Sergey Senozhatsky Soeren Grunewald Steve French Steve French Steven Rostedt Sudip Mukherjee Sudip Mukherjee Takashi Iwai Theodore Ts'o Thomas Gleixner Thomas Huth Tony Lindgren Trond Myklebust Vasily Averin Vegard Nossum Vladimir Zapolskiy Vlastimil Babka WANG Cong Willy Tarreau Yong Li jobs: build-amd64-xsm pass build-i386-xsm pass build-amd64 pass build-i386 pass build-amd64-libvirt pass build-i386-libvirt pass build-amd64-pvops pass build-i386-pvops pass build-amd64-rumpuserxen fail build-i386-rumpuserxen fail test-amd64-amd64-xl pass test-amd64-i386-xl pass test-amd64-amd64-xl-qemut-debianhvm-amd64-xsm pass test-amd64-i386-xl-qemut-debianhvm-amd64-xsm pass test-amd64-amd64-libvirt-qemuu-debianhvm-amd64-xsm pass test-amd64-i386-libvirt-qemuu-debianhvm-amd64-xsm pass test-amd64-amd64-xl-qemuu-debianhvm-amd64-xsm pass test-amd64-i386-xl-qemuu-debianhvm-amd64-xsm pass test-amd64-amd64-xl-qemut-stubdom-debianhvm-amd64-xsm pass test-amd64-i386-xl-qemut-stubdom-debianhvm-amd64-xsm pass test-amd64-amd64-libvirt-xsm pass test-amd64-i386-libvirt-xsm pass test-amd64-amd64-xl-xsm pass test-amd64-i386-xl-xsm pass test-amd64-amd64-qemuu-nested-amd fail test-amd64-amd64-xl-pvh-amd fail test-amd64-i386-qemut-rhel6hvm-amd pass test-amd64-i386-qemuu-rhel6hvm-amd pass test-amd64-amd64-xl-qemut-debianhvm-amd64 pass test-amd64-i386-xl-qemut-debianhvm-amd64 pass test-amd64-amd64-xl-qemuu-debianhvm-amd64 pass test-amd64-i386-xl-qemuu-debianhvm-amd64 pass test-amd64-i386-freebsd10-amd64 pass test-amd64-amd64-xl-qemuu-ovmf-amd64 fail test-amd64-i386-xl-qemuu-ovmf-amd64 pass test-amd64-amd64-rumpuserxen-amd64 blocked test-amd64-amd64-xl-qemut-win7-amd64 fail test-amd64-i386-xl-qemut-win7-amd64 fail test-amd64-amd64-xl-qemuu-win7-amd64 fail test-amd64-i386-xl-qemuu-win7-amd64 fail test-amd64-amd64-xl-credit2 pass test-amd64-i386-freebsd10-i386 pass test-amd64-i386-rumpuserxen-i386 blocked test-amd64-amd64-qemuu-nested-intel pass test-amd64-amd64-xl-pvh-intel fail test-amd64-i386-qemut-rhel6hvm-intel pass test-amd64-i386-qemuu-rhel6hvm-intel pass test-amd64-amd64-libvirt pass test-amd64-i386-libvirt pass test-amd64-amd64-xl-multivcpu pass test-amd64-amd64-pair pass test-amd64-i386-pair pass test-amd64-amd64-libvirt-pair pass test-amd64-i386-libvirt-pair pass test-amd64-amd64-amd64-pvgrub pass test-amd64-amd64-i386-pvgrub pass test-amd64-amd64-pygrub pass test-amd64-amd64-xl-qcow2 pass test-amd64-i386-xl-raw pass test-amd64-amd64-xl-rtds pass test-amd64-i386-xl-qemut-winxpsp3-vcpus1 pass test-amd64-i386-xl-qemuu-winxpsp3-vcpus1 pass test-amd64-amd64-libvirt-vhd pass test-amd64-amd64-xl-qemut-winxpsp3 pass test-amd64-i386-xl-qemut-winxpsp3 pass test-amd64-amd64-xl-qemuu-winxpsp3 pass test-amd64-i386-xl-qemuu-winxpsp3 pass ------------------------------------------------------------ sg-report-flight on osstest.test-lab.xenproject.org logs: /home/logs/logs images: /home/logs/images Logs, config files, etc. are available at http://logs.test-lab.xenproject.org/osstest/logs Explanation of these reports, and of osstest in general, is at http://xenbits.xen.org/gitweb/?p=osstest.git;a=blob;f=README.email;hb=master http://xenbits.xen.org/gitweb/?p=osstest.git;a=blob;f=README;hb=master Test harness code can be found at http://xenbits.xen.org/gitweb?p=osstest.git;a=summary Pushing revision : + branch=linux-3.14 + revision=0b2737d1affeecfcf2f5ceeadeecfcbecba21e35 + . ./cri-lock-repos ++ . ./cri-common +++ . ./cri-getconfig +++ umask 002 +++ getrepos ++++ getconfig Repos ++++ perl -e ' use Osstest; readglobalconfig(); print $c{"Repos"} or die $!; ' +++ local repos=/home/osstest/repos +++ '[' -z /home/osstest/repos ']' +++ '[' '!' -d /home/osstest/repos ']' +++ echo /home/osstest/repos ++ repos=/home/osstest/repos ++ repos_lock=/home/osstest/repos/lock ++ '[' x '!=' x/home/osstest/repos/lock ']' ++ OSSTEST_REPOS_LOCK_LOCKED=/home/osstest/repos/lock ++ exec with-lock-ex -w /home/osstest/repos/lock ./ap-push linux-3.14 0b2737d1affeecfcf2f5ceeadeecfcbecba21e35 + branch=linux-3.14 + revision=0b2737d1affeecfcf2f5ceeadeecfcbecba21e35 + . ./cri-lock-repos ++ . ./cri-common +++ . ./cri-getconfig +++ umask 002 +++ getrepos ++++ getconfig Repos ++++ perl -e ' use Osstest; readglobalconfig(); print $c{"Repos"} or die $!; ' +++ local repos=/home/osstest/repos +++ '[' -z /home/osstest/repos ']' +++ '[' '!' -d /home/osstest/repos ']' +++ echo /home/osstest/repos ++ repos=/home/osstest/repos ++ repos_lock=/home/osstest/repos/lock ++ '[' x/home/osstest/repos/lock '!=' x/home/osstest/repos/lock ']' + . ./cri-common ++ . ./cri-getconfig ++ umask 002 + select_xenbranch + case "$branch" in + tree=linux + xenbranch=xen-unstable + '[' xlinux = xlinux ']' + linuxbranch=linux-3.14 + '[' x = x ']' + qemuubranch=qemu-upstream-unstable + select_prevxenbranch ++ ./cri-getprevxenbranch xen-unstable + prevxenbranch=xen-4.6-testing + '[' x0b2737d1affeecfcf2f5ceeadeecfcbecba21e35 = x ']' + : tested/2.6.39.x + . ./ap-common ++ : osstest@xenbits.xen.org +++ getconfig OsstestUpstream +++ perl -e ' use Osstest; readglobalconfig(); print $c{"OsstestUpstream"} or die $!; ' ++ : ++ : git://xenbits.xen.org/xen.git ++ : osstest@xenbits.xen.org:/home/xen/git/xen.git ++ : git://xenbits.xen.org/qemu-xen-traditional.git ++ : git://git.kernel.org ++ : git://git.kernel.org/pub/scm/linux/kernel/git ++ : git ++ : git://xenbits.xen.org/libvirt.git ++ : osstest@xenbits.xen.org:/home/xen/git/libvirt.git ++ : git://xenbits.xen.org/libvirt.git ++ : git://xenbits.xen.org/rumpuser-xen.git ++ : git ++ : git://xenbits.xen.org/rumpuser-xen.git ++ : osstest@xenbits.xen.org:/home/xen/git/rumpuser-xen.git +++ besteffort_repo https://github.com/rumpkernel/rumpkernel-netbsd-src +++ local repo=https://github.com/rumpkernel/rumpkernel-netbsd-src +++ cached_repo https://github.com/rumpkernel/rumpkernel-netbsd-src '[fetch=try]' +++ local repo=https://github.com/rumpkernel/rumpkernel-netbsd-src +++ local 'options=[fetch=try]' ++++ getconfig GitCacheProxy ++++ perl -e ' use Osstest; readglobalconfig(); print $c{"GitCacheProxy"} or die $!; ' +++ local cache=git://cache:9419/ +++ '[' xgit://cache:9419/ '!=' x ']' +++ echo 'git://cache:9419/https://github.com/rumpkernel/rumpkernel-netbsd-src%20[fetch=try]' ++ : 'git://cache:9419/https://github.com/rumpkernel/rumpkernel-netbsd-src%20[fetch=try]' ++ : git ++ : git://git.seabios.org/seabios.git ++ : osstest@xenbits.xen.org:/home/xen/git/osstest/seabios.git ++ : git://xenbits.xen.org/osstest/seabios.git ++ : https://github.com/tianocore/edk2.git ++ : osstest@xenbits.xen.org:/home/xen/git/osstest/ovmf.git ++ : git://xenbits.xen.org/osstest/ovmf.git ++ : git://xenbits.xen.org/osstest/linux-firmware.git ++ : osstest@xenbits.xen.org:/home/osstest/ext/linux-firmware.git ++ : git://git.kernel.org/pub/scm/linux/kernel/git/firmware/linux-firmware.git ++ : osstest@xenbits.xen.org:/home/xen/git/linux-pvops.git ++ : git://xenbits.xen.org/linux-pvops.git ++ : tested/linux-3.14 ++ : tested/linux-arm-xen ++ '[' xgit://git.kernel.org/pub/scm/linux/kernel/git/stable/linux-stable.git = x ']' ++ '[' xgit://git.kernel.org/pub/scm/linux/kernel/git/stable/linux-stable.git = x ']' ++ : git://git.kernel.org/pub/scm/linux/kernel/git/konrad/xen.git ++ : tested/2.6.39.x ++ : daily-cron.linux-3.14 ++ : daily-cron.linux-3.14 ++ : daily-cron.linux-3.14 ++ : daily-cron.linux-3.14 ++ : daily-cron.linux-3.14 ++ : daily-cron.linux-3.14 ++ : http://hg.uk.xensource.com/carbon/trunk/linux-2.6.27 ++ : git://xenbits.xen.org/qemu-xen.git ++ : osstest@xenbits.xen.org:/home/xen/git/qemu-xen.git ++ : daily-cron.linux-3.14 ++ : git://xenbits.xen.org/qemu-xen.git ++ : git://git.qemu.org/qemu.git + TREE_LINUX=osstest@xenbits.xen.org:/home/xen/git/linux-pvops.git + TREE_QEMU_UPSTREAM=osstest@xenbits.xen.org:/home/xen/git/qemu-xen.git + TREE_XEN=osstest@xenbits.xen.org:/home/xen/git/xen.git + TREE_LIBVIRT=osstest@xenbits.xen.org:/home/xen/git/libvirt.git + TREE_RUMPUSERXEN=osstest@xenbits.xen.org:/home/xen/git/rumpuser-xen.git + TREE_SEABIOS=osstest@xenbits.xen.org:/home/xen/git/osstest/seabios.git + TREE_OVMF=osstest@xenbits.xen.org:/home/xen/git/osstest/ovmf.git + info_linux_tree linux-3.14 + case $1 in + : git://git.kernel.org/pub/scm/linux/kernel/git/stable/linux-stable.git + : linux-3.14.y + : linux-3.14.y + : git + : git + : git://xenbits.xen.org/linux-pvops.git + : osstest@xenbits.xen.org:/home/xen/git/linux-pvops.git + : tested/linux-3.14 + : refs/heads/tested/linux-3.14 + return 0 + cd /home/osstest/repos/linux + git push osstest@xenbits.xen.org:/home/xen/git/linux-pvops.git 0b2737d1affeecfcf2f5ceeadeecfcbecba21e35:refs/heads/tested/linux-3.14 To osstest@xenbits.xen.org:/home/xen/git/linux-pvops.git 462982e..0b2737d 0b2737d1affeecfcf2f5ceeadeecfcbecba21e35 -> tested/linux-3.14 + exit 0 --===============1203925592295144040== Content-Type: text/plain; charset="utf-8" MIME-Version: 1.0 Content-Transfer-Encoding: base64 Content-Disposition: inline X19fX19fX19fX19fX19fX19fX19fX19fX19fX19fX19fX19fX19fX19fX19fX18KWGVuLWRldmVs IG1haWxpbmcgbGlzdApYZW4tZGV2ZWxAbGlzdHMueGVuLm9yZwpodHRwOi8vbGlzdHMueGVuLm9y Zy94ZW4tZGV2ZWwK --===============1203925592295144040==--