* [qemu-mainline test] 84614: regressions - FAIL
@ 2016-03-01 13:56 osstest service owner
0 siblings, 0 replies; only message in thread
From: osstest service owner @ 2016-03-01 13:56 UTC (permalink / raw)
To: xen-devel, osstest-admin
[-- Attachment #1: Type: text/plain, Size: 16992 bytes --]
flight 84614 qemu-mainline real [real]
http://logs.test-lab.xenproject.org/osstest/logs/84614/
Regressions :-(
Tests which did not succeed and are blocking,
including tests which could not be run:
build-i386-pvops 5 kernel-build fail REGR. vs. 84523
build-i386 5 xen-build fail REGR. vs. 84523
build-i386-xsm 5 xen-build fail REGR. vs. 84523
test-armhf-armhf-xl-credit2 15 guest-start/debian.repeat fail REGR. vs. 84523
Regressions which are regarded as allowable (not blocking):
test-armhf-armhf-xl-rtds 11 guest-start fail REGR. vs. 84523
Tests which did not succeed, but are not blocking:
build-i386-libvirt 1 build-check(1) blocked n/a
test-amd64-i386-xl-xsm 1 build-check(1) blocked n/a
test-amd64-i386-xl 1 build-check(1) blocked n/a
test-amd64-i386-libvirt-pair 1 build-check(1) blocked n/a
test-amd64-i386-pair 1 build-check(1) blocked n/a
test-amd64-i386-libvirt-xsm 1 build-check(1) blocked n/a
test-amd64-i386-libvirt 1 build-check(1) blocked n/a
test-amd64-i386-qemuu-rhel6hvm-amd 1 build-check(1) blocked n/a
test-amd64-i386-qemuu-rhel6hvm-intel 1 build-check(1) blocked n/a
test-amd64-i386-freebsd10-amd64 1 build-check(1) blocked n/a
test-amd64-i386-xl-raw 1 build-check(1) blocked n/a
test-amd64-i386-freebsd10-i386 1 build-check(1) blocked n/a
test-amd64-i386-xl-qemuu-win7-amd64 1 build-check(1) blocked n/a
test-amd64-i386-xl-qemuu-debianhvm-amd64-xsm 1 build-check(1) blocked n/a
test-amd64-i386-libvirt-qemuu-debianhvm-amd64-xsm 1 build-check(1) blocked n/a
test-amd64-i386-xl-qemuu-debianhvm-amd64 1 build-check(1) blocked n/a
test-amd64-i386-xl-qemuu-ovmf-amd64 1 build-check(1) blocked n/a
test-amd64-i386-xl-qemuu-winxpsp3-vcpus1 1 build-check(1) blocked n/a
test-amd64-i386-xl-qemuu-winxpsp3 1 build-check(1) blocked n/a
test-amd64-amd64-xl-pvh-amd 11 guest-start fail never pass
test-amd64-amd64-xl-pvh-intel 11 guest-start fail never pass
test-armhf-armhf-libvirt 14 guest-saverestore fail never pass
test-armhf-armhf-libvirt 12 migrate-support-check fail never pass
test-armhf-armhf-libvirt-xsm 12 migrate-support-check fail never pass
test-armhf-armhf-libvirt-xsm 14 guest-saverestore fail never pass
test-armhf-armhf-libvirt-qcow2 11 migrate-support-check fail never pass
test-armhf-armhf-libvirt-qcow2 13 guest-saverestore fail never pass
test-amd64-amd64-qemuu-nested-amd 16 debian-hvm-install/l1/l2 fail never pass
test-amd64-amd64-libvirt-xsm 12 migrate-support-check fail never pass
test-amd64-amd64-libvirt 12 migrate-support-check fail never pass
test-armhf-armhf-xl-credit2 13 saverestore-support-check fail never pass
test-armhf-armhf-xl-credit2 12 migrate-support-check fail never pass
test-amd64-amd64-libvirt-vhd 11 migrate-support-check fail never pass
test-armhf-armhf-xl-multivcpu 13 saverestore-support-check fail never pass
test-armhf-armhf-xl-multivcpu 12 migrate-support-check fail never pass
test-armhf-armhf-xl-arndale 12 migrate-support-check fail never pass
test-armhf-armhf-xl-arndale 13 saverestore-support-check fail never pass
test-armhf-armhf-xl-cubietruck 12 migrate-support-check fail never pass
test-armhf-armhf-xl-cubietruck 13 saverestore-support-check fail never pass
test-armhf-armhf-libvirt-raw 13 guest-saverestore fail never pass
test-armhf-armhf-libvirt-raw 11 migrate-support-check fail never pass
test-armhf-armhf-xl 12 migrate-support-check fail never pass
test-armhf-armhf-xl 13 saverestore-support-check fail never pass
test-armhf-armhf-xl-xsm 13 saverestore-support-check fail never pass
test-armhf-armhf-xl-xsm 12 migrate-support-check fail never pass
test-amd64-amd64-libvirt-qemuu-debianhvm-amd64-xsm 10 migrate-support-check fail never pass
test-armhf-armhf-xl-vhd 11 migrate-support-check fail never pass
test-armhf-armhf-xl-vhd 12 saverestore-support-check fail never pass
version targeted for testing:
qemuu 071608b519adf62bc29c914343a21c5407ab1ac9
baseline version:
qemuu 35227e6a09a274b1496bfe16cbe2008e85fbeb5a
Last test of basis 84523 2016-02-29 11:54:01 Z 1 days
Testing same since 84614 2016-03-01 04:17:02 Z 0 days 1 attempts
------------------------------------------------------------
People who touched revisions under test:
Fam Zheng <famz@redhat.com>
Gerd Hoffmann <kraxel@redhat.com>
Laszlo Ersek <lersek@redhat.com>
Michal Privoznik <mprivozn@redhat.com>
Peter Maydell <peter.maydell@linaro.org>
Thomas Huth <thuth@redhat.com>
jobs:
build-amd64-xsm pass
build-armhf-xsm pass
build-i386-xsm fail
build-amd64 pass
build-armhf pass
build-i386 fail
build-amd64-libvirt pass
build-armhf-libvirt pass
build-i386-libvirt blocked
build-amd64-pvops pass
build-armhf-pvops pass
build-i386-pvops fail
test-amd64-amd64-xl pass
test-armhf-armhf-xl pass
test-amd64-i386-xl blocked
test-amd64-amd64-libvirt-qemuu-debianhvm-amd64-xsm pass
test-amd64-i386-libvirt-qemuu-debianhvm-amd64-xsm blocked
test-amd64-amd64-xl-qemuu-debianhvm-amd64-xsm pass
test-amd64-i386-xl-qemuu-debianhvm-amd64-xsm blocked
test-amd64-amd64-libvirt-xsm pass
test-armhf-armhf-libvirt-xsm fail
test-amd64-i386-libvirt-xsm blocked
test-amd64-amd64-xl-xsm pass
test-armhf-armhf-xl-xsm pass
test-amd64-i386-xl-xsm blocked
test-amd64-amd64-qemuu-nested-amd fail
test-amd64-amd64-xl-pvh-amd fail
test-amd64-i386-qemuu-rhel6hvm-amd blocked
test-amd64-amd64-xl-qemuu-debianhvm-amd64 pass
test-amd64-i386-xl-qemuu-debianhvm-amd64 blocked
test-amd64-i386-freebsd10-amd64 blocked
test-amd64-amd64-xl-qemuu-ovmf-amd64 pass
test-amd64-i386-xl-qemuu-ovmf-amd64 blocked
test-amd64-amd64-xl-qemuu-win7-amd64 pass
test-amd64-i386-xl-qemuu-win7-amd64 blocked
test-armhf-armhf-xl-arndale pass
test-amd64-amd64-xl-credit2 pass
test-armhf-armhf-xl-credit2 fail
test-armhf-armhf-xl-cubietruck pass
test-amd64-i386-freebsd10-i386 blocked
test-amd64-amd64-qemuu-nested-intel pass
test-amd64-amd64-xl-pvh-intel fail
test-amd64-i386-qemuu-rhel6hvm-intel blocked
test-amd64-amd64-libvirt pass
test-armhf-armhf-libvirt fail
test-amd64-i386-libvirt blocked
test-amd64-amd64-xl-multivcpu pass
test-armhf-armhf-xl-multivcpu pass
test-amd64-amd64-pair pass
test-amd64-i386-pair blocked
test-amd64-amd64-libvirt-pair pass
test-amd64-i386-libvirt-pair blocked
test-amd64-amd64-amd64-pvgrub pass
test-amd64-amd64-i386-pvgrub pass
test-amd64-amd64-pygrub pass
test-armhf-armhf-libvirt-qcow2 fail
test-amd64-amd64-xl-qcow2 pass
test-armhf-armhf-libvirt-raw fail
test-amd64-i386-xl-raw blocked
test-amd64-amd64-xl-rtds pass
test-armhf-armhf-xl-rtds fail
test-amd64-i386-xl-qemuu-winxpsp3-vcpus1 blocked
test-amd64-amd64-libvirt-vhd pass
test-armhf-armhf-xl-vhd pass
test-amd64-amd64-xl-qemuu-winxpsp3 pass
test-amd64-i386-xl-qemuu-winxpsp3 blocked
------------------------------------------------------------
sg-report-flight on osstest.test-lab.xenproject.org
logs: /home/logs/logs
images: /home/logs/images
Logs, config files, etc. are available at
http://logs.test-lab.xenproject.org/osstest/logs
Explanation of these reports, and of osstest in general, is at
http://xenbits.xen.org/gitweb/?p=osstest.git;a=blob;f=README.email;hb=master
http://xenbits.xen.org/gitweb/?p=osstest.git;a=blob;f=README;hb=master
Test harness code can be found at
http://xenbits.xen.org/gitweb?p=osstest.git;a=summary
Not pushing.
------------------------------------------------------------
commit 071608b519adf62bc29c914343a21c5407ab1ac9
Merge: 1da90c3 e8ce12d
Author: Peter Maydell <peter.maydell@linaro.org>
Date: Mon Feb 29 12:24:26 2016 +0000
Merge remote-tracking branch 'remotes/kraxel/tags/pull-usb-20160229-1' into staging
usb: redirect bugfix, MAINTAINERS update.
# gpg: Signature made Mon 29 Feb 2016 11:09:54 GMT using RSA key ID D3E87138
# gpg: Good signature from "Gerd Hoffmann (work) <kraxel@redhat.com>"
# gpg: aka "Gerd Hoffmann <gerd@kraxel.org>"
# gpg: aka "Gerd Hoffmann (private) <kraxel@gmail.com>"
* remotes/kraxel/tags/pull-usb-20160229-1:
usb-redirect: Avoid double free of data
MAINTAINERS: Add some missing entries for USB related files
Signed-off-by: Peter Maydell <peter.maydell@linaro.org>
commit 1da90c34c9e76e0f4fa9faaa670518443b9bda9c
Merge: 3ff430a e220656
Author: Peter Maydell <peter.maydell@linaro.org>
Date: Mon Feb 29 11:49:50 2016 +0000
Merge remote-tracking branch 'remotes/kraxel/tags/pull-ui-20160229-1' into staging
ui: spice dmabuf fix, MAINTAINERS updates.
# gpg: Signature made Mon 29 Feb 2016 10:41:15 GMT using RSA key ID D3E87138
# gpg: Good signature from "Gerd Hoffmann (work) <kraxel@redhat.com>"
# gpg: aka "Gerd Hoffmann <gerd@kraxel.org>"
# gpg: aka "Gerd Hoffmann (private) <kraxel@gmail.com>"
* remotes/kraxel/tags/pull-ui-20160229-1:
MAINTAINERS: Add an entry for the include/ui/ folder
MAINTAINERS: Add spice-display.h to the SPICE section
spice/gl: Enable dmabuf only for spice >= 0.13.1
Signed-off-by: Peter Maydell <peter.maydell@linaro.org>
commit 3ff430aa91f33388cce88d81edcad8b2ac5a7a9f
Merge: 35227e6 e6915b5
Author: Peter Maydell <peter.maydell@linaro.org>
Date: Mon Feb 29 11:24:36 2016 +0000
Merge remote-tracking branch 'remotes/kraxel/tags/pull-fw-cfg-20160226-1' into staging
fw_cfg: unbreak migration compatibility for 2.4 and earlier machines
# gpg: Signature made Fri 26 Feb 2016 09:45:50 GMT using RSA key ID D3E87138
# gpg: Good signature from "Gerd Hoffmann (work) <kraxel@redhat.com>"
# gpg: aka "Gerd Hoffmann <gerd@kraxel.org>"
# gpg: aka "Gerd Hoffmann (private) <kraxel@gmail.com>"
* remotes/kraxel/tags/pull-fw-cfg-20160226-1:
fw_cfg: unbreak migration compatibility for 2.4 and earlier machines
Signed-off-by: Peter Maydell <peter.maydell@linaro.org>
commit e8ce12d9eaeedeb7f8d9debcd4c9b993903f1abb
Author: Fam Zheng <famz@redhat.com>
Date: Wed Feb 24 16:08:08 2016 +0800
usb-redirect: Avoid double free of data
If dropping packets, data is freed, the caller's loop should not continue.
Reported by ccc-analyzer.
Signed-off-by: Fam Zheng <famz@redhat.com>
Message-id: 1456301288-1592-1-git-send-email-famz@redhat.com
Signed-off-by: Gerd Hoffmann <kraxel@redhat.com>
commit beded0ff7f41236dc29d01ef34fb1fa570e767c0
Author: Thomas Huth <thuth@redhat.com>
Date: Thu Feb 25 10:36:05 2016 +0100
MAINTAINERS: Add some missing entries for USB related files
USB-related docs and include files should go into the USB
section of the MAINTAINERS file.
Signed-off-by: Thomas Huth <thuth@redhat.com>
Message-id: 1456392967-20274-2-git-send-email-thuth@redhat.com
Signed-off-by: Gerd Hoffmann <kraxel@redhat.com>
commit e220656ce1bd98b482d12ef51344aa46aca4e098
Author: Thomas Huth <thuth@redhat.com>
Date: Thu Feb 25 10:36:07 2016 +0100
MAINTAINERS: Add an entry for the include/ui/ folder
The ui/ folder is listed in the "Graphics" section, so I think
the "include/ui/" folder should be listed there, too.
Signed-off-by: Thomas Huth <thuth@redhat.com>
Message-id: 1456392967-20274-4-git-send-email-thuth@redhat.com
Signed-off-by: Gerd Hoffmann <kraxel@redhat.com>
commit 438528a3e7021f14097f5665ab5d5196d538503b
Author: Thomas Huth <thuth@redhat.com>
Date: Thu Feb 25 10:36:06 2016 +0100
MAINTAINERS: Add spice-display.h to the SPICE section
Signed-off-by: Thomas Huth <thuth@redhat.com>
Message-id: 1456392967-20274-3-git-send-email-thuth@redhat.com
Signed-off-by: Gerd Hoffmann <kraxel@redhat.com>
commit 9f5c6d06ad4a0c35afe2b657109f78a1a7fb6a4d
Author: Michal Privoznik <mprivozn@redhat.com>
Date: Wed Feb 24 13:42:18 2016 +0100
spice/gl: Enable dmabuf only for spice >= 0.13.1
After 474114b7 the dmabuf feature is enabled whenever spice
greater than or equal to spice 0.13.0 is found. This is because
two new functions are required: spice_qxl_gl_scanout and
spice_qxl_gl_draw_async. These were, however, introduce in 0.13.1
release. Well, technically they haven't been released yet, but
for sure they are not going to be part of 0.13.0 release (for the
ABI stability sake).
Signed-off-by: Michal Privoznik <mprivozn@redhat.com>
Message-id: 1a724e97cb587624d6f6009c15395496bccfa32b.1456317738.git.mprivozn@redhat.com
Signed-off-by: Gerd Hoffmann <kraxel@redhat.com>
commit e6915b5f3a874a467a9a65f7ec1d6ef8d251a51a
Author: Laszlo Ersek <lersek@redhat.com>
Date: Thu Feb 18 20:31:00 2016 +0100
fw_cfg: unbreak migration compatibility for 2.4 and earlier machines
When I reviewed Marc's fw_cfg DMA patches, I completely missed that the
way we set dma_enabled would break migration.
Gerd explained the right way (see reference below): dma_enabled should be
set to true by default, and only true->false transitions should be
possible:
- when the user requests that with
-global fw_cfg_mem.dma_enabled=off
or
-global fw_cfg_io.dma_enabled=off
as appropriate for the platform,
- when HW_COMPAT_2_4 dictates it,
- when board code initializes fw_cfg without requesting DMA support.
Cc: Marc Marà <markmb@redhat.com>
Cc: Gerd Hoffmann <kraxel@redhat.com>
Cc: Alexandre DERUMIER <aderumier@odiso.com>
Cc: qemu-stable@nongnu.org
Ref: http://thread.gmane.org/gmane.comp.emulators.qemu/390272/focus=391042
Ref: https://bugs.launchpad.net/qemu/+bug/1536487
Suggested-by: Gerd Hoffmann <kraxel@redhat.com>
Signed-off-by: Laszlo Ersek <lersek@redhat.com>
Message-id: 1455823860-22268-1-git-send-email-lersek@redhat.com
Signed-off-by: Gerd Hoffmann <kraxel@redhat.com>
[-- Attachment #2: Type: text/plain, Size: 126 bytes --]
_______________________________________________
Xen-devel mailing list
Xen-devel@lists.xen.org
http://lists.xen.org/xen-devel
^ permalink raw reply [flat|nested] only message in thread
only message in thread, other threads:[~2016-03-01 13:56 UTC | newest]
Thread overview: (only message) (download: mbox.gz follow: Atom feed
-- links below jump to the message on this page --
2016-03-01 13:56 [qemu-mainline test] 84614: regressions - FAIL osstest service owner
This is a public inbox, see mirroring instructions
for how to clone and mirror all data and code used for this inbox;
as well as URLs for NNTP newsgroup(s).