xen-devel.lists.xenproject.org archive mirror
 help / color / mirror / Atom feed
* [xen-unstable-coverity test] 85044: regressions - ALL FAIL
@ 2016-03-02 11:09 osstest service owner
  0 siblings, 0 replies; only message in thread
From: osstest service owner @ 2016-03-02 11:09 UTC (permalink / raw)
  To: xen-devel, osstest-admin

flight 85044 xen-unstable-coverity real [real]
http://logs.test-lab.xenproject.org/osstest/logs/85044/

Regressions :-(

Tests which did not succeed and are blocking,
including tests which could not be run:
 coverity-amd64                6 coverity-upload           fail REGR. vs. 84355

version targeted for testing:
 xen                  42391c613d42248d82f1b04c523d48bf141b75dc
baseline version:
 xen                  abf8824fe530bcf060c757596f68663c87546a6a

Last test of basis    84355  2016-02-28 09:19:08 Z    3 days
Testing same since    85044  2016-03-02 10:04:47 Z    0 days    1 attempts

------------------------------------------------------------
People who touched revisions under test:
  Andrew Cooper <andrew.cooper3@citrix.com>
  Bob Moore <robert.moore@intel.com>
  David Vrabel <david.vrabel@citrix.com>
  Doug Goldstein <cardoe@cardoe.com>
  Hanjun Guo <hanjun.guo@linaro.org>
  Ian Campbell <Ian.Campbell@citrix.com>
  Jan Beulich <jbeulich@suse.com>
  Kevin Tian <kevin.tian@intel.com>
  Liang Z Li <liang.z.li@intel.com>
  Parth Dixit <parth.dixit@linaro.org>
  Shannon Zhao <shannon.zhao@linaro.org>
  Tim Deegan <tim@xen.org>
  Wei Liu <wei.liu2@citrix.com>
  Wen Congyang <wency@cn.fujitsu.com>
  Yang Hongyang <hongyang.yang@easystack.cn>

jobs:
 coverity-amd64                                               fail    


------------------------------------------------------------
sg-report-flight on osstest.test-lab.xenproject.org
logs: /home/logs/logs
images: /home/logs/images

Logs, config files, etc. are available at
    http://logs.test-lab.xenproject.org/osstest/logs

Explanation of these reports, and of osstest in general, is at
    http://xenbits.xen.org/gitweb/?p=osstest.git;a=blob;f=README.email;hb=master
    http://xenbits.xen.org/gitweb/?p=osstest.git;a=blob;f=README;hb=master

Test harness code can be found at
    http://xenbits.xen.org/gitweb?p=osstest.git;a=summary


Not pushing.

(No revision log; it would be 509 lines long.)

_______________________________________________
Xen-devel mailing list
Xen-devel@lists.xen.org
http://lists.xen.org/xen-devel

^ permalink raw reply	[flat|nested] only message in thread

only message in thread, other threads:[~2016-03-02 11:09 UTC | newest]

Thread overview: (only message) (download: mbox.gz follow: Atom feed
-- links below jump to the message on this page --
2016-03-02 11:09 [xen-unstable-coverity test] 85044: regressions - ALL FAIL osstest service owner

This is a public inbox, see mirroring instructions
for how to clone and mirror all data and code used for this inbox;
as well as URLs for NNTP newsgroup(s).