From: osstest service owner <osstest-admin@xenproject.org>
To: xen-devel@lists.xensource.com, osstest-admin@xenproject.org
Subject: [linux-3.16 test] 85048: tolerable FAIL - PUSHED
Date: Thu, 03 Mar 2016 15:06:11 +0000 [thread overview]
Message-ID: <osstest-85048-mainreport@xen.org> (raw)
[-- Attachment #1: Type: text/plain, Size: 21944 bytes --]
flight 85048 linux-3.16 real [real]
http://logs.test-lab.xenproject.org/osstest/logs/85048/
Failures :-/ but no regressions.
Regressions which are regarded as allowable (not blocking):
test-amd64-amd64-xl-qemut-win7-amd64 16 guest-stop fail like 81206
build-i386-rumpuserxen 6 xen-build fail like 81614
build-amd64-rumpuserxen 6 xen-build fail like 81614
test-amd64-amd64-xl-credit2 17 guest-localmigrate/x10 fail like 81614
test-amd64-amd64-xl-qemuu-win7-amd64 16 guest-stop fail like 81614
test-amd64-i386-xl-qemut-win7-amd64 16 guest-stop fail like 81614
test-armhf-armhf-xl-rtds 11 guest-start fail like 81614
Tests which did not succeed, but are not blocking:
test-amd64-amd64-rumpuserxen-amd64 1 build-check(1) blocked n/a
test-amd64-i386-rumpuserxen-i386 1 build-check(1) blocked n/a
test-amd64-amd64-xl-pvh-intel 11 guest-start fail never pass
test-amd64-amd64-xl-multivcpu 17 guest-localmigrate/x10 fail never pass
test-amd64-amd64-xl-pvh-amd 11 guest-start fail never pass
test-amd64-amd64-xl-rtds 17 guest-localmigrate/x10 fail never pass
test-amd64-amd64-libvirt 12 migrate-support-check fail never pass
test-armhf-armhf-libvirt 14 guest-saverestore fail never pass
test-armhf-armhf-libvirt 12 migrate-support-check fail never pass
test-armhf-armhf-libvirt-xsm 12 migrate-support-check fail never pass
test-armhf-armhf-libvirt-xsm 14 guest-saverestore fail never pass
test-amd64-amd64-libvirt-xsm 12 migrate-support-check fail never pass
test-armhf-armhf-xl-xsm 13 saverestore-support-check fail never pass
test-armhf-armhf-xl-xsm 12 migrate-support-check fail never pass
test-armhf-armhf-xl-credit2 13 saverestore-support-check fail never pass
test-armhf-armhf-xl-credit2 12 migrate-support-check fail never pass
test-armhf-armhf-libvirt-raw 13 guest-saverestore fail never pass
test-armhf-armhf-libvirt-raw 11 migrate-support-check fail never pass
test-amd64-amd64-qemuu-nested-amd 16 debian-hvm-install/l1/l2 fail never pass
test-armhf-armhf-libvirt-qcow2 11 migrate-support-check fail never pass
test-armhf-armhf-libvirt-qcow2 13 guest-saverestore fail never pass
test-amd64-i386-libvirt 12 migrate-support-check fail never pass
test-armhf-armhf-xl-arndale 12 migrate-support-check fail never pass
test-armhf-armhf-xl-arndale 13 saverestore-support-check fail never pass
test-armhf-armhf-xl-multivcpu 13 saverestore-support-check fail never pass
test-armhf-armhf-xl-multivcpu 12 migrate-support-check fail never pass
test-amd64-i386-libvirt-xsm 12 migrate-support-check fail never pass
test-armhf-armhf-xl 12 migrate-support-check fail never pass
test-armhf-armhf-xl 13 saverestore-support-check fail never pass
test-amd64-i386-libvirt-qemuu-debianhvm-amd64-xsm 10 migrate-support-check fail never pass
test-amd64-amd64-libvirt-qemuu-debianhvm-amd64-xsm 10 migrate-support-check fail never pass
test-amd64-i386-xl-qemuu-win7-amd64 16 guest-stop fail never pass
test-amd64-amd64-libvirt-vhd 11 migrate-support-check fail never pass
test-armhf-armhf-xl-cubietruck 12 migrate-support-check fail never pass
test-armhf-armhf-xl-cubietruck 13 saverestore-support-check fail never pass
test-armhf-armhf-xl-vhd 11 migrate-support-check fail never pass
test-armhf-armhf-xl-vhd 12 saverestore-support-check fail never pass
version targeted for testing:
linux 7f2a8840d127c8d5c59a5d79235e1205aba2e102
baseline version:
linux 752289d006578baafcbf6dc5b2a0b0fc38c8b1c7
Last test of basis 81614 2016-02-09 12:33:29 Z 23 days
Testing same since 85048 2016-03-02 10:56:10 Z 1 days 1 attempts
------------------------------------------------------------
People who touched revisions under test:
"Eric W. Biederman" <ebiederm@xmission.com>
Akinobu Mita <akinobu.mita@gmail.com>
Al Viro <viro@zeniv.linux.org.uk>
Alan Stern <stern@rowland.harvard.edu>
Alexandra Yates <alexandra.yates@linux.intel.com>
Alexey Khoroshilov <khoroshilov@ispras.ru>
Andrew Morton <akpm@linux-foundation.org>
Andrey Konovalov <andreyknvl@gmail.com>
Ard Biesheuvel <ard.biesheuvel@linaro.org>
Arnaldo Carvalho de Melo <acme@redhat.com>
Bard Liao <bardliao@realtek.com>
Ben Hutchings <ben@decadent.org.uk>
Bjorn Helgaas <bhelgaas@google.com>
Borislav Petkov <bp@alien8.de>
Chris Mason <clm@fb.com>
Clemens Ladisch <clemens@ladisch.de>
Dan Carpenter <dan.carpenter@oracle.com>
Daniele Palmas <dnlplm@gmail.com>
Dann Frazier <dann.frazier@canonical.com>
Darren Hart <dvhart@linux.intel.com>
Dave Airlie <airlied@redhat.com>
David Henningsson <david.henningsson@canonical.com>
David Howells <dhowells@redhat.com>
David S. Miller <davem@davemloft.net>
David Sterba <dsterba@suse.com>
Dmitry Vyukov <dvyukov@google.com>
Doug Ledford <dledford@redhat.com>
Du, Changbin <changbin.du@intel.com>
Eric Dumazet <edumazet@google.com>
Eric W. Biederman <ebiederm@xmission.com>
Erich Schubert <erich@debian.org>
Ewan D. Milne <emilne@redhat.com>
Filipe Manana <fdmanana@suse.com>
Florian Fainelli <f.fainelli@gmail.com>
Gavin Shan <gwshan@linux.vnet.ibm.com>
Greg Kroah-Hartman <gregkh@linuxfoundation.org>
Guillaume Fougnies <guillaume@eulerian.com>
Hannes Frederic Sowa <hannes@stressinduktion.org>
Hannes Reinecke <hare@suse.de>
Hans Verkuil <hans.verkuil@cisco.com>
Hariprasad S <hariprasad@chelsio.com>
Hariprasad Shenai <hariprasad@chelsio.com>
Harry Wentland <harry.wentland@amd.com>
Hendrik Brueckner <brueckner@linux.vnet.ibm.com>
Herbert Xu <herbert@gondor.apana.org.au>
Herton R. Krzesinski <herton@redhat.com>
Holger Hoffstätte <holger.hoffstaette@googlemail.com>
Ingo Molnar <mingo@kernel.org>
Insu Yun <wuninsu@gmail.com>
James Bottomley <James.Bottomley@HansenPartnership.com>
James Hogan <james.hogan@imgtec.com>
James Morris <james.l.morris@oracle.com>
Jani Nikula <jani.nikula@intel.com>
Jerome Marchand <jmarchan@redhat.com>
Jiri Olsa <jolsa@kernel.org>
Jiri Slaby <jslaby@suse.cz>
Joe Lawrence <joe.lawrence@stratus.com>
Johan Hovold <johan@kernel.org>
Johannes Berg <johannes.berg@intel.com>
John Ernberg <john.ernberg@actia.se>
Jonathan Cameron <jic23@kernel.org>
Kamal Heib <kamalh@mellanox.com>
Kamal Mostafa <kamal@canonical.com>
Ken-ichirou MATSUZAWA <chamaken@gmail.com>
Ken-ichirou MATSUZAWA <chamas@h4.dion.ne.jp>
Kirill A. Shutemov <kirill.shutemov@linux.intel.com>
Kishon Vijay Abraham I <kishon@ti.com>
Konrad Leszczynski <konrad.leszczynski@intel.com>
Konstantin Khlebnikov <koct9i@gmail.com>
Lars-Peter Clausen <lars@metafoo.de>
Leon Romanovsky <leon@leon.nu>
Leon Romanovsky <leonro@mellanox.com>
Liam Girdwood <liam.r.girdwood@linux.intel.com>
Linus Torvalds <torvalds@linux-foundation.org>
Linus Walleij <linus.walleij@linaro.org>
Lu Baolu <baolu.lu@linux.intel.com>
Lucas Tanure <tanure@linux.com>
Luis Henriques <luis.henriques@canonical.com>
Madhavan Srinivasan <maddy@linux.vnet.ibm.com>
Marcel Holtmann <marcel@holtmann.org>
Marcelo Ricardo Leitner <marcelo.leitner@gmail.com>
Mark Brown <broonie@kernel.org>
Markus Trippelsdorf <markus@trippelsdorf.de>
Martin K. Petersen <martin.petersen@oracle.com>
Mathias Krause <minipli@googlemail.com>
Mathias Nyman <mathias.nyman@linux.intel.com>
Matt Fleming <matt@codeblueprint.co.uk>
Matthew Wilcox <willy@linux.intel.com>
Mauro Carvalho Chehab <mchehab@osg.samsung.com>
Michael Ellerman <mpe@ellerman.id.au>
Michael S. Tsirkin <mst@redhat.com>
Michal Hocko <mhocko@suse.com>
Mika Westerberg <mika.westerberg@linux.intel.com>
Mike Christie <mchristi@redhat.com>
Mimi Zohar <zohar@linux.vnet.ibm.com>
Nicholas Bellinger <nab@linux-iscsi.org>
Nicolai Hähnle <nicolai.haehnle@amd.com>
Oliver Neukum <oneukum@suse.com>
Paul Mackerras <paulus@samba.org>
Paul Menzel <paul.menzel@giantmonkey.de>
Peter Dedecker <peter.dedecker@hotmail.com>
Peter Hurley <peter@hurleysoftware.com>
Peter Meerwald-Stadler <pmeerw@pmeerw.net>
Rafael J. Wysocki <rafael.j.wysocki@intel.com>
Ralf Baechle <ralf@linux-mips.org>
Rob Clark <robdclark@gmail.com>
Rui Wang <rui.y.wang@intel.com>
Russell Currey <ruscur@russell.cc>
Russell King <rmk+kernel@arm.linux.org.uk>
Rusty Russell <rusty@rustcorp.com.au>
Ryan Ware <ware@linux.intel.com>
Sachin Kulkarni <Sachin.Kulkarni@imgtec.com>
Sebastian Andrzej Siewior <bigeasy@linutronix.de>
Shaohui Xie <Shaohui.Xie@freescale.com>
Stephan Mueller <smueller@chronox.de>
Steve Wise <swise@opengridcomputing.com>
Sudip Mukherjee <sudipm.mukherjee@gmail.com>
Takashi Iwai <tiwai@suse.de>
Takashi Sakamoto <o-takashi@sakamocchi.jp>
Tang Jian Qiang <jianqiang.tang@intel.com>
Tejun Heo <tj@kernel.org>
Tetsuo Handa <penguin-kernel@I-love.SAKURA.ne.jp>
Thomas Gleixner <tglx@linutronix.de>
Thomas Hellstrom <thellstrom@vmware.com>
Thomas Huth <thuth@redhat.com>
Tony Lindgren <tony@atomide.com>
Ursula Braun <ubraun@linux.vnet.ibm.com>
Vegard Nossum <vegard.nossum@oracle.com>
Vinod Koul <vinod.koul@intel.com>
Vlad Yasevich <vyasevich@gmail.com>
Vladis Dronov <vdronov@redhat.com>
Vlastimil Babka <vbabka@suse.cz>
Wang, Rui Y <rui.y.wang@intel.com>
Will Deacon <will.deacon@arm.com>
Willy Tarreau <w@1wt.eu>
Xin Long <lucien.xin@gmail.com>
xuejiufei <xuejiufei@huawei.com>
Yong Li <sdliyong@gmail.com>
zengtao <prime.zeng@huawei.com>
jobs:
build-amd64-xsm pass
build-armhf-xsm pass
build-i386-xsm pass
build-amd64 pass
build-armhf pass
build-i386 pass
build-amd64-libvirt pass
build-armhf-libvirt pass
build-i386-libvirt pass
build-amd64-pvops pass
build-armhf-pvops pass
build-i386-pvops pass
build-amd64-rumpuserxen fail
build-i386-rumpuserxen fail
test-amd64-amd64-xl pass
test-armhf-armhf-xl pass
test-amd64-i386-xl pass
test-amd64-amd64-xl-qemut-debianhvm-amd64-xsm pass
test-amd64-i386-xl-qemut-debianhvm-amd64-xsm pass
test-amd64-amd64-libvirt-qemuu-debianhvm-amd64-xsm pass
test-amd64-i386-libvirt-qemuu-debianhvm-amd64-xsm pass
test-amd64-amd64-xl-qemuu-debianhvm-amd64-xsm pass
test-amd64-i386-xl-qemuu-debianhvm-amd64-xsm pass
test-amd64-amd64-xl-qemut-stubdom-debianhvm-amd64-xsm pass
test-amd64-i386-xl-qemut-stubdom-debianhvm-amd64-xsm pass
test-amd64-amd64-libvirt-xsm pass
test-armhf-armhf-libvirt-xsm fail
test-amd64-i386-libvirt-xsm pass
test-amd64-amd64-xl-xsm pass
test-armhf-armhf-xl-xsm pass
test-amd64-i386-xl-xsm pass
test-amd64-amd64-qemuu-nested-amd fail
test-amd64-amd64-xl-pvh-amd fail
test-amd64-i386-qemut-rhel6hvm-amd pass
test-amd64-i386-qemuu-rhel6hvm-amd pass
test-amd64-amd64-xl-qemut-debianhvm-amd64 pass
test-amd64-i386-xl-qemut-debianhvm-amd64 pass
test-amd64-amd64-xl-qemuu-debianhvm-amd64 pass
test-amd64-i386-xl-qemuu-debianhvm-amd64 pass
test-amd64-i386-freebsd10-amd64 pass
test-amd64-amd64-xl-qemuu-ovmf-amd64 pass
test-amd64-i386-xl-qemuu-ovmf-amd64 pass
test-amd64-amd64-rumpuserxen-amd64 blocked
test-amd64-amd64-xl-qemut-win7-amd64 fail
test-amd64-i386-xl-qemut-win7-amd64 fail
test-amd64-amd64-xl-qemuu-win7-amd64 fail
test-amd64-i386-xl-qemuu-win7-amd64 fail
test-armhf-armhf-xl-arndale pass
test-amd64-amd64-xl-credit2 fail
test-armhf-armhf-xl-credit2 pass
test-armhf-armhf-xl-cubietruck pass
test-amd64-i386-freebsd10-i386 pass
test-amd64-i386-rumpuserxen-i386 blocked
test-amd64-amd64-qemuu-nested-intel pass
test-amd64-amd64-xl-pvh-intel fail
test-amd64-i386-qemut-rhel6hvm-intel pass
test-amd64-i386-qemuu-rhel6hvm-intel pass
test-amd64-amd64-libvirt pass
test-armhf-armhf-libvirt fail
test-amd64-i386-libvirt pass
test-amd64-amd64-xl-multivcpu fail
test-armhf-armhf-xl-multivcpu pass
test-amd64-amd64-pair pass
test-amd64-i386-pair pass
test-amd64-amd64-libvirt-pair pass
test-amd64-i386-libvirt-pair pass
test-amd64-amd64-amd64-pvgrub pass
test-amd64-amd64-i386-pvgrub pass
test-amd64-amd64-pygrub pass
test-armhf-armhf-libvirt-qcow2 fail
test-amd64-amd64-xl-qcow2 pass
test-armhf-armhf-libvirt-raw fail
test-amd64-i386-xl-raw pass
test-amd64-amd64-xl-rtds fail
test-armhf-armhf-xl-rtds fail
test-amd64-i386-xl-qemut-winxpsp3-vcpus1 pass
test-amd64-i386-xl-qemuu-winxpsp3-vcpus1 pass
test-amd64-amd64-libvirt-vhd pass
test-armhf-armhf-xl-vhd pass
test-amd64-amd64-xl-qemut-winxpsp3 pass
test-amd64-i386-xl-qemut-winxpsp3 pass
test-amd64-amd64-xl-qemuu-winxpsp3 pass
test-amd64-i386-xl-qemuu-winxpsp3 pass
------------------------------------------------------------
sg-report-flight on osstest.test-lab.xenproject.org
logs: /home/logs/logs
images: /home/logs/images
Logs, config files, etc. are available at
http://logs.test-lab.xenproject.org/osstest/logs
Explanation of these reports, and of osstest in general, is at
http://xenbits.xen.org/gitweb/?p=osstest.git;a=blob;f=README.email;hb=master
http://xenbits.xen.org/gitweb/?p=osstest.git;a=blob;f=README;hb=master
Test harness code can be found at
http://xenbits.xen.org/gitweb?p=osstest.git;a=summary
Pushing revision :
+ branch=linux-3.16
+ revision=7f2a8840d127c8d5c59a5d79235e1205aba2e102
+ . ./cri-lock-repos
++ . ./cri-common
+++ . ./cri-getconfig
+++ umask 002
+++ getrepos
++++ getconfig Repos
++++ perl -e '
use Osstest;
readglobalconfig();
print $c{"Repos"} or die $!;
'
+++ local repos=/home/osstest/repos
+++ '[' -z /home/osstest/repos ']'
+++ '[' '!' -d /home/osstest/repos ']'
+++ echo /home/osstest/repos
++ repos=/home/osstest/repos
++ repos_lock=/home/osstest/repos/lock
++ '[' x '!=' x/home/osstest/repos/lock ']'
++ OSSTEST_REPOS_LOCK_LOCKED=/home/osstest/repos/lock
++ exec with-lock-ex -w /home/osstest/repos/lock ./ap-push linux-3.16 7f2a8840d127c8d5c59a5d79235e1205aba2e102
+ branch=linux-3.16
+ revision=7f2a8840d127c8d5c59a5d79235e1205aba2e102
+ . ./cri-lock-repos
++ . ./cri-common
+++ . ./cri-getconfig
+++ umask 002
+++ getrepos
++++ getconfig Repos
++++ perl -e '
use Osstest;
readglobalconfig();
print $c{"Repos"} or die $!;
'
+++ local repos=/home/osstest/repos
+++ '[' -z /home/osstest/repos ']'
+++ '[' '!' -d /home/osstest/repos ']'
+++ echo /home/osstest/repos
++ repos=/home/osstest/repos
++ repos_lock=/home/osstest/repos/lock
++ '[' x/home/osstest/repos/lock '!=' x/home/osstest/repos/lock ']'
+ . ./cri-common
++ . ./cri-getconfig
++ umask 002
+ select_xenbranch
+ case "$branch" in
+ tree=linux
+ xenbranch=xen-unstable
+ '[' xlinux = xlinux ']'
+ linuxbranch=linux-3.16
+ '[' x = x ']'
+ qemuubranch=qemu-upstream-unstable
+ select_prevxenbranch
++ ./cri-getprevxenbranch xen-unstable
+ prevxenbranch=xen-4.6-testing
+ '[' x7f2a8840d127c8d5c59a5d79235e1205aba2e102 = x ']'
+ : tested/2.6.39.x
+ . ./ap-common
++ : osstest@xenbits.xen.org
+++ getconfig OsstestUpstream
+++ perl -e '
use Osstest;
readglobalconfig();
print $c{"OsstestUpstream"} or die $!;
'
++ :
++ : git://xenbits.xen.org/xen.git
++ : osstest@xenbits.xen.org:/home/xen/git/xen.git
++ : git://xenbits.xen.org/qemu-xen-traditional.git
++ : git://git.kernel.org
++ : git://git.kernel.org/pub/scm/linux/kernel/git
++ : git
++ : git://xenbits.xen.org/libvirt.git
++ : osstest@xenbits.xen.org:/home/xen/git/libvirt.git
++ : git://xenbits.xen.org/libvirt.git
++ : git://xenbits.xen.org/rumpuser-xen.git
++ : git
++ : git://xenbits.xen.org/rumpuser-xen.git
++ : osstest@xenbits.xen.org:/home/xen/git/rumpuser-xen.git
+++ besteffort_repo https://github.com/rumpkernel/rumpkernel-netbsd-src
+++ local repo=https://github.com/rumpkernel/rumpkernel-netbsd-src
+++ cached_repo https://github.com/rumpkernel/rumpkernel-netbsd-src '[fetch=try]'
+++ local repo=https://github.com/rumpkernel/rumpkernel-netbsd-src
+++ local 'options=[fetch=try]'
++++ getconfig GitCacheProxy
++++ perl -e '
use Osstest;
readglobalconfig();
print $c{"GitCacheProxy"} or die $!;
'
+++ local cache=git://cache:9419/
+++ '[' xgit://cache:9419/ '!=' x ']'
+++ echo 'git://cache:9419/https://github.com/rumpkernel/rumpkernel-netbsd-src%20[fetch=try]'
++ : 'git://cache:9419/https://github.com/rumpkernel/rumpkernel-netbsd-src%20[fetch=try]'
++ : git
++ : git://git.seabios.org/seabios.git
++ : osstest@xenbits.xen.org:/home/xen/git/osstest/seabios.git
++ : git://xenbits.xen.org/osstest/seabios.git
++ : https://github.com/tianocore/edk2.git
++ : osstest@xenbits.xen.org:/home/xen/git/osstest/ovmf.git
++ : git://xenbits.xen.org/osstest/ovmf.git
++ : git://xenbits.xen.org/osstest/linux-firmware.git
++ : osstest@xenbits.xen.org:/home/osstest/ext/linux-firmware.git
++ : git://git.kernel.org/pub/scm/linux/kernel/git/firmware/linux-firmware.git
++ : osstest@xenbits.xen.org:/home/xen/git/linux-pvops.git
++ : git://xenbits.xen.org/linux-pvops.git
++ : tested/linux-3.14
++ : tested/linux-arm-xen
++ '[' xgit://kernel.ubuntu.com/ubuntu/linux.git = x ']'
++ '[' xgit://kernel.ubuntu.com/ubuntu/linux.git = x ']'
++ : git://git.kernel.org/pub/scm/linux/kernel/git/konrad/xen.git
++ : tested/2.6.39.x
++ : daily-cron.linux-3.16
++ : daily-cron.linux-3.16
++ : daily-cron.linux-3.16
++ : daily-cron.linux-3.16
++ : daily-cron.linux-3.16
++ : daily-cron.linux-3.16
++ : http://hg.uk.xensource.com/carbon/trunk/linux-2.6.27
++ : git://xenbits.xen.org/qemu-xen.git
++ : osstest@xenbits.xen.org:/home/xen/git/qemu-xen.git
++ : daily-cron.linux-3.16
++ : git://xenbits.xen.org/qemu-xen.git
++ : git://git.qemu.org/qemu.git
+ TREE_LINUX=osstest@xenbits.xen.org:/home/xen/git/linux-pvops.git
+ TREE_QEMU_UPSTREAM=osstest@xenbits.xen.org:/home/xen/git/qemu-xen.git
+ TREE_XEN=osstest@xenbits.xen.org:/home/xen/git/xen.git
+ TREE_LIBVIRT=osstest@xenbits.xen.org:/home/xen/git/libvirt.git
+ TREE_RUMPUSERXEN=osstest@xenbits.xen.org:/home/xen/git/rumpuser-xen.git
+ TREE_SEABIOS=osstest@xenbits.xen.org:/home/xen/git/osstest/seabios.git
+ TREE_OVMF=osstest@xenbits.xen.org:/home/xen/git/osstest/ovmf.git
+ info_linux_tree linux-3.16
+ case $1 in
+ : git://kernel.ubuntu.com/ubuntu/linux.git
+ : linux-3.16.y
+ : linux-3.16.y
+ : git
+ : git
+ : git://xenbits.xen.org/linux-pvops.git
+ : osstest@xenbits.xen.org:/home/xen/git/linux-pvops.git
+ : tested/linux-3.16
+ : refs/heads/tested/linux-3.16
+ return 0
+ cd /home/osstest/repos/linux
+ git push osstest@xenbits.xen.org:/home/xen/git/linux-pvops.git 7f2a8840d127c8d5c59a5d79235e1205aba2e102:refs/heads/tested/linux-3.16
To osstest@xenbits.xen.org:/home/xen/git/linux-pvops.git
752289d..7f2a884 7f2a8840d127c8d5c59a5d79235e1205aba2e102 -> tested/linux-3.16
+ exit 0
[-- Attachment #2: Type: text/plain, Size: 126 bytes --]
_______________________________________________
Xen-devel mailing list
Xen-devel@lists.xen.org
http://lists.xen.org/xen-devel
reply other threads:[~2016-03-03 15:06 UTC|newest]
Thread overview: [no followups] expand[flat|nested] mbox.gz Atom feed
Reply instructions:
You may reply publicly to this message via plain-text email
using any one of the following methods:
* Save the following mbox file, import it into your mail client,
and reply-to-all from there: mbox
Avoid top-posting and favor interleaved quoting:
https://en.wikipedia.org/wiki/Posting_style#Interleaved_style
* Reply using the --to, --cc, and --in-reply-to
switches of git-send-email(1):
git send-email \
--in-reply-to=osstest-85048-mainreport@xen.org \
--to=osstest-admin@xenproject.org \
--cc=xen-devel@lists.xensource.com \
/path/to/YOUR_REPLY
https://kernel.org/pub/software/scm/git/docs/git-send-email.html
* If your mail client supports setting the In-Reply-To header
via mailto: links, try the mailto: link
Be sure your reply has a Subject: header at the top and a blank line
before the message body.
This is a public inbox, see mirroring instructions
for how to clone and mirror all data and code used for this inbox;
as well as URLs for NNTP newsgroup(s).