* [qemu-mainline test] 85076: regressions - FAIL
@ 2016-03-03 23:03 osstest service owner
0 siblings, 0 replies; only message in thread
From: osstest service owner @ 2016-03-03 23:03 UTC (permalink / raw)
To: xen-devel, osstest-admin
[-- Attachment #1: Type: text/plain, Size: 19195 bytes --]
flight 85076 qemu-mainline real [real]
http://logs.test-lab.xenproject.org/osstest/logs/85076/
Regressions :-(
Tests which did not succeed and are blocking,
including tests which could not be run:
test-armhf-armhf-xl-vhd 14 guest-start/debian.repeat fail REGR. vs. 84935
Regressions which are regarded as allowable (not blocking):
test-amd64-i386-xl-qemuu-win7-amd64 16 guest-stop fail like 84935
test-armhf-armhf-xl-rtds 11 guest-start fail like 84935
Tests which did not succeed, but are not blocking:
test-amd64-amd64-xl-pvh-amd 11 guest-start fail never pass
test-amd64-amd64-xl-pvh-intel 11 guest-start fail never pass
test-armhf-armhf-libvirt-xsm 12 migrate-support-check fail never pass
test-armhf-armhf-libvirt-xsm 14 guest-saverestore fail never pass
test-armhf-armhf-libvirt 14 guest-saverestore fail never pass
test-armhf-armhf-libvirt 12 migrate-support-check fail never pass
test-amd64-amd64-libvirt 12 migrate-support-check fail never pass
test-armhf-armhf-libvirt-qcow2 11 migrate-support-check fail never pass
test-armhf-armhf-libvirt-qcow2 13 guest-saverestore fail never pass
test-amd64-amd64-qemuu-nested-amd 16 debian-hvm-install/l1/l2 fail never pass
test-amd64-i386-libvirt-xsm 12 migrate-support-check fail never pass
test-amd64-i386-libvirt 12 migrate-support-check fail never pass
test-amd64-amd64-libvirt-xsm 12 migrate-support-check fail never pass
test-armhf-armhf-xl-credit2 13 saverestore-support-check fail never pass
test-armhf-armhf-xl-credit2 12 migrate-support-check fail never pass
test-amd64-amd64-libvirt-vhd 11 migrate-support-check fail never pass
test-amd64-i386-libvirt-qemuu-debianhvm-amd64-xsm 10 migrate-support-check fail never pass
test-armhf-armhf-xl-cubietruck 12 migrate-support-check fail never pass
test-armhf-armhf-xl-cubietruck 13 saverestore-support-check fail never pass
test-armhf-armhf-xl-arndale 12 migrate-support-check fail never pass
test-armhf-armhf-xl-arndale 13 saverestore-support-check fail never pass
test-armhf-armhf-xl-multivcpu 13 saverestore-support-check fail never pass
test-armhf-armhf-xl-multivcpu 12 migrate-support-check fail never pass
test-armhf-armhf-libvirt-raw 13 guest-saverestore fail never pass
test-armhf-armhf-libvirt-raw 11 migrate-support-check fail never pass
test-armhf-armhf-xl 12 migrate-support-check fail never pass
test-armhf-armhf-xl 13 saverestore-support-check fail never pass
test-armhf-armhf-xl-xsm 13 saverestore-support-check fail never pass
test-armhf-armhf-xl-xsm 12 migrate-support-check fail never pass
test-amd64-amd64-libvirt-qemuu-debianhvm-amd64-xsm 10 migrate-support-check fail never pass
test-armhf-armhf-xl-vhd 11 migrate-support-check fail never pass
test-armhf-armhf-xl-vhd 12 saverestore-support-check fail never pass
version targeted for testing:
qemuu ed6128ebbdd7cd885d39980659dad4b5c8ae8158
baseline version:
qemuu 9c279bec754a84c790b70674a5a224379c8dcda2
Last test of basis 84935 2016-03-01 14:15:01 Z 2 days
Testing same since 85076 2016-03-02 15:32:30 Z 1 days 1 attempts
------------------------------------------------------------
People who touched revisions under test:
Alex Bennée <alex.bennee@linaro.org>
Christian Borntraeger <borntraeger@de.ibm.com>
Denis V. Lunev <den@openvz.org>
Greg Kurz <gkurz@linux.vnet.ibm.com>
Hollis Blanchard <hollis_blanchard@mentor.com>
LluÃs Vilanova <vilanova@ac.upc.edu>
Peter Maydell <peter.maydell@linaro.org>
Richard Henderson <rth@twiddle.net>
Stefan Hajnoczi <stefanha@redhat.com>
jobs:
build-amd64-xsm pass
build-armhf-xsm pass
build-i386-xsm pass
build-amd64 pass
build-armhf pass
build-i386 pass
build-amd64-libvirt pass
build-armhf-libvirt pass
build-i386-libvirt pass
build-amd64-pvops pass
build-armhf-pvops pass
build-i386-pvops pass
test-amd64-amd64-xl pass
test-armhf-armhf-xl pass
test-amd64-i386-xl pass
test-amd64-amd64-libvirt-qemuu-debianhvm-amd64-xsm pass
test-amd64-i386-libvirt-qemuu-debianhvm-amd64-xsm pass
test-amd64-amd64-xl-qemuu-debianhvm-amd64-xsm pass
test-amd64-i386-xl-qemuu-debianhvm-amd64-xsm pass
test-amd64-amd64-libvirt-xsm pass
test-armhf-armhf-libvirt-xsm fail
test-amd64-i386-libvirt-xsm pass
test-amd64-amd64-xl-xsm pass
test-armhf-armhf-xl-xsm pass
test-amd64-i386-xl-xsm pass
test-amd64-amd64-qemuu-nested-amd fail
test-amd64-amd64-xl-pvh-amd fail
test-amd64-i386-qemuu-rhel6hvm-amd pass
test-amd64-amd64-xl-qemuu-debianhvm-amd64 pass
test-amd64-i386-xl-qemuu-debianhvm-amd64 pass
test-amd64-i386-freebsd10-amd64 pass
test-amd64-amd64-xl-qemuu-ovmf-amd64 pass
test-amd64-i386-xl-qemuu-ovmf-amd64 pass
test-amd64-amd64-xl-qemuu-win7-amd64 pass
test-amd64-i386-xl-qemuu-win7-amd64 fail
test-armhf-armhf-xl-arndale pass
test-amd64-amd64-xl-credit2 pass
test-armhf-armhf-xl-credit2 pass
test-armhf-armhf-xl-cubietruck pass
test-amd64-i386-freebsd10-i386 pass
test-amd64-amd64-qemuu-nested-intel pass
test-amd64-amd64-xl-pvh-intel fail
test-amd64-i386-qemuu-rhel6hvm-intel pass
test-amd64-amd64-libvirt pass
test-armhf-armhf-libvirt fail
test-amd64-i386-libvirt pass
test-amd64-amd64-xl-multivcpu pass
test-armhf-armhf-xl-multivcpu pass
test-amd64-amd64-pair pass
test-amd64-i386-pair pass
test-amd64-amd64-libvirt-pair pass
test-amd64-i386-libvirt-pair pass
test-amd64-amd64-amd64-pvgrub pass
test-amd64-amd64-i386-pvgrub pass
test-amd64-amd64-pygrub pass
test-armhf-armhf-libvirt-qcow2 fail
test-amd64-amd64-xl-qcow2 pass
test-armhf-armhf-libvirt-raw fail
test-amd64-i386-xl-raw pass
test-amd64-amd64-xl-rtds pass
test-armhf-armhf-xl-rtds fail
test-amd64-i386-xl-qemuu-winxpsp3-vcpus1 pass
test-amd64-amd64-libvirt-vhd pass
test-armhf-armhf-xl-vhd fail
test-amd64-amd64-xl-qemuu-winxpsp3 pass
test-amd64-i386-xl-qemuu-winxpsp3 pass
------------------------------------------------------------
sg-report-flight on osstest.test-lab.xenproject.org
logs: /home/logs/logs
images: /home/logs/images
Logs, config files, etc. are available at
http://logs.test-lab.xenproject.org/osstest/logs
Explanation of these reports, and of osstest in general, is at
http://xenbits.xen.org/gitweb/?p=osstest.git;a=blob;f=README.email;hb=master
http://xenbits.xen.org/gitweb/?p=osstest.git;a=blob;f=README;hb=master
Test harness code can be found at
http://xenbits.xen.org/gitweb?p=osstest.git;a=summary
Not pushing.
------------------------------------------------------------
commit ed6128ebbdd7cd885d39980659dad4b5c8ae8158
Merge: 9c279be 4ade054
Author: Peter Maydell <peter.maydell@linaro.org>
Date: Tue Mar 1 15:54:03 2016 +0000
Merge remote-tracking branch 'remotes/stefanha/tags/tracing-pull-request' into staging
# gpg: Signature made Tue 01 Mar 2016 15:48:04 GMT using RSA key ID 81AB73C8
# gpg: Good signature from "Stefan Hajnoczi <stefanha@redhat.com>"
# gpg: aka "Stefan Hajnoczi <stefanha@gmail.com>"
* remotes/stefanha/tags/tracing-pull-request:
trace: Add a proper API to manage auto-generated events from the 'tcg' property
trace: Add 'vcpu' event property to trace guest vCPU
typedefs: Add CPUState
trace: Add helper function to cast event arguments
tcg: Move definition of type TCGv
tcg: Add type for vCPU pointers
trace: Remove unnecessary intermediate event copies
trace: Extend API to manage event arguments
vl: fix tracing initialization
trace: use addresses instead of offsets in memory tracepoints
trace: split subpage MMIOs into their own trace events.
trace: docs: "simple" backend does support strings
trace: drop trailing empty strings
Signed-off-by: Peter Maydell <peter.maydell@linaro.org>
commit 4ade0541de712fbf151ac7a2403613a1dbdb25b5
Author: LluÃs Vilanova <vilanova@ac.upc.edu>
Date: Thu Feb 25 14:06:30 2016 +0100
trace: Add a proper API to manage auto-generated events from the 'tcg' property
Formalizes the existence of the 'event_trans' and 'event_exec' event
attributes, which until now were monkey-patched only when necessary.
Signed-off-by: LluÃs Vilanova <vilanova@ac.upc.edu>
Message-id: 145640558759.20978.6374959404425591089.stgit@localhost
Signed-off-by: Stefan Hajnoczi <stefanha@redhat.com>
commit 3d211d9f4dbee7483f092c287ef20d8336100445
Author: LluÃs Vilanova <vilanova@ac.upc.edu>
Date: Thu Feb 25 17:43:38 2016 +0100
trace: Add 'vcpu' event property to trace guest vCPU
This property identifies events that trace vCPU-specific information.
It adds a "CPUState*" argument to events with the property, identifying
the vCPU raising the event. TCG translation events also have a
"TCGv_env" implicit argument that is later used as the "CPUState*"
argument at execution time.
Signed-off-by: LluÃs Vilanova <vilanova@ac.upc.edu>
Message-id: 145641861797.30295.6991314023181842105.stgit@localhost
Signed-off-by: Stefan Hajnoczi <stefanha@redhat.com>
commit b23197f9cf2f221a6cc6272d36852f4f70cf9c1b
Author: LluÃs Vilanova <vilanova@ac.upc.edu>
Date: Thu Feb 25 17:43:32 2016 +0100
typedefs: Add CPUState
Signed-off-by: LluÃs Vilanova <vilanova@ac.upc.edu>
Message-id: 145641861239.30295.8564457138934628740.stgit@localhost
Signed-off-by: Stefan Hajnoczi <stefanha@redhat.com>
commit bc9beb47c7822628cf7028ba177b390eabbe88a6
Author: LluÃs Vilanova <vilanova@ac.upc.edu>
Date: Thu Feb 25 17:43:27 2016 +0100
trace: Add helper function to cast event arguments
Signed-off-by: LluÃs Vilanova <vilanova@ac.upc.edu>
Message-id: 145641860680.30295.1873612736245870753.stgit@localhost
Signed-off-by: Stefan Hajnoczi <stefanha@redhat.com>
commit 5d4e1a1081d3f1ec2908ff0eaebe312389971ab4
Author: LluÃs Vilanova <vilanova@ac.upc.edu>
Date: Thu Feb 25 17:43:21 2016 +0100
tcg: Move definition of type TCGv
The target-dependant type TCGv must be defined in "tcg/tcg.h" before
including the tracing helper wrappers in "tcg/tcg-op.h".
It also makes more sense to define it here, where other TCG types are
defined too.
Signed-off-by: LluÃs Vilanova <vilanova@ac.upc.edu>
Message-id: 145641860129.30295.17554707227384022653.stgit@localhost
Signed-off-by: Stefan Hajnoczi <stefanha@redhat.com>
commit 1bcea73e13b2b059d0cb3301aeaca43e5656ef57
Author: LluÃs Vilanova <vilanova@ac.upc.edu>
Date: Thu Feb 25 17:43:15 2016 +0100
tcg: Add type for vCPU pointers
Adds the 'TCGv_env' type for pointers to 'CPUArchState' objects. The
tracing infrastructure later needs to differentiate between regular
pointers and pointers to vCPUs.
Also changes all targets to use the new 'TCGv_env' type instead of the
generic 'TCGv_ptr'. As of now, the change is merely cosmetic ('TCGv_env'
translates into 'TCGv_ptr'), but that could change in the future to
enforce the difference.
Note that a 'TCGv_env' type (for 'CPUState') is not added, since all
helpers currently receive the architecture-specific
pointer ('CPUArchState').
Signed-off-by: LluÃs Vilanova <vilanova@ac.upc.edu>
Acked-by: Richard Henderson <rth@twiddle.net>
Message-id: 145641859552.30295.7821536833590725201.stgit@localhost
Signed-off-by: Stefan Hajnoczi <stefanha@redhat.com>
commit 56797b1fbce86b3844cec753100a7260b9132a6e
Author: LluÃs Vilanova <vilanova@ac.upc.edu>
Date: Thu Feb 25 17:43:10 2016 +0100
trace: Remove unnecessary intermediate event copies
The current code forces the use of a chain of ".original" dereferences,
which looks odd.
Signed-off-by: LluÃs Vilanova <vilanova@ac.upc.edu>
Message-id: 145641858988.30295.7223459456488075843.stgit@localhost
Signed-off-by: Stefan Hajnoczi <stefanha@redhat.com>
commit 3596f524d4257ede23f68b7005c4548660db463a
Author: LluÃs Vilanova <vilanova@ac.upc.edu>
Date: Thu Feb 25 17:43:04 2016 +0100
trace: Extend API to manage event arguments
Lets the user manage event arguments as a list, and simplifies argument
concatenation.
Signed-off-by: LluÃs Vilanova <vilanova@ac.upc.edu>
Reviewed-by: Eric Blake <eblake@redhat.com>
Message-id: 145641858432.30295.3069911069472672646.stgit@localhost
Signed-off-by: Stefan Hajnoczi <stefanha@redhat.com>
commit 62cb4145bbc71fcb9754034655a6c7327905efc4
Author: Denis V. Lunev <den@openvz.org>
Date: Tue Feb 9 19:49:05 2016 +0300
vl: fix tracing initialization
we should call trace_init_backends() before trace_init_file() for
CONFIG_TRACE_SIMPLE There is no difference for other cases.
This problem was introduced by the commit
commit 41fc57e44ed64cd4ab5393d83624afd897dabd4f
Author: Paolo Bonzini <pbonzini@redhat.com>
Date: Thu Jan 7 16:55:24 2016 +0300
trace: split trace_init_file out of trace_init_backends
'make check' was failed as a result if configured with
--enable-trace-backends=simple
Spotted by Alex Bennée.
Signed-off-by: Denis V. Lunev <den@openvz.org>
Reviewed-by: Alex Bennée <alex.bennee@linaro.org>
Tested-by: Alex Bennée <alex.bennee@linaro.org>
Tested-by: Christian Borntraeger <borntraeger@de.ibm.com>
Message-id: 1455036545-14870-1-git-send-email-den@openvz.org
CC: Alex Bennée <alex.bennee@linaro.org>
CC: Paolo Bonzini <pbonzini@redhat.com>
CC: Stefan Hajnoczi <stefanha@redhat.com>
Signed-off-by: Stefan Hajnoczi <stefanha@redhat.com>
commit 4779dc1d19f0e3e20d2d4843b988c72b9235bbe0
Author: Hollis Blanchard <hollis_blanchard@mentor.com>
Date: Mon Feb 8 16:03:05 2016 -0800
trace: use addresses instead of offsets in memory tracepoints
When memory_region_ops tracepoints are enabled, calculate and record the
absolute address being accessed. Otherwise, we only get offsets into the
memory region instead of addresses.
[Fixed "offset" -> "addr" in trace event format strings.
--Stefan]
Signed-off-by: Hollis Blanchard <hollis_blanchard@mentor.com>
Message-id: 1454976185-30095-3-git-send-email-hollis_blanchard@mentor.com
Signed-off-by: Stefan Hajnoczi <stefanha@redhat.com>
commit 23d92d68e72503dfb9fa1dba89f02f5488377b6c
Author: Hollis Blanchard <hollis_blanchard@mentor.com>
Date: Mon Feb 8 16:03:04 2016 -0800
trace: split subpage MMIOs into their own trace events.
Previously, a single MMIO could trigger the memory_region_ops tracepoint twice:
once on its way into subpage ops, then later on its way into the model's ops.
Also, the fields previously called "addr" are actually offsets into the memory
region. Rename them to "offset" while we're editing the tracepoint definitions.
Signed-off-by: Hollis Blanchard <hollis_blanchard@mentor.com>
Message-id: 1454976185-30095-2-git-send-email-hollis_blanchard@mentor.com
Signed-off-by: Stefan Hajnoczi <stefanha@redhat.com>
commit 2c140f5f2c245603c0123956eb6abf20b998b501
Author: Hollis Blanchard <hollis_blanchard@mentor.com>
Date: Mon Feb 8 16:03:03 2016 -0800
trace: docs: "simple" backend does support strings
The simple tracing backend has supported strings for more than three years
(62bab73213ba885426a781eb2741670b9f3cae36).
Signed-off-by: Hollis Blanchard <hollis_blanchard@mentor.com>
Message-id: 1454976185-30095-1-git-send-email-hollis_blanchard@mentor.com
Signed-off-by: Stefan Hajnoczi <stefanha@redhat.com>
commit 6411dd13349a6430dcefec7b96986ad0b8c6e7ff
Author: Greg Kurz <gkurz@linux.vnet.ibm.com>
Date: Mon Jan 11 18:30:36 2016 +0100
trace: drop trailing empty strings
Also fix a typo in the virtio_balloon_handle_output() trace while here.
[The double-quoting was a limitation of the old tracetool.sh script.
The modern tracetool.py script does not require double-quotes at the end
of the line. See commit cf85cf8e972f3ad79f203be4edb7968d6e052293
("trace: Format strings must begin/end with double quotes").
--Stefan]
Signed-off-by: Greg Kurz <gkurz@linux.vnet.ibm.com>
Reviewed-by: Eric Blake <eblake@redhat.com>
Reviewed-by: Markus Armbruster <armbru@redhat.com>
Message-id: 20160111173036.24764.59878.stgit@bahia.huguette.org
Signed-off-by: Stefan Hajnoczi <stefanha@redhat.com>
[-- Attachment #2: Type: text/plain, Size: 126 bytes --]
_______________________________________________
Xen-devel mailing list
Xen-devel@lists.xen.org
http://lists.xen.org/xen-devel
^ permalink raw reply [flat|nested] only message in thread
only message in thread, other threads:[~2016-03-03 23:03 UTC | newest]
Thread overview: (only message) (download: mbox.gz follow: Atom feed
-- links below jump to the message on this page --
2016-03-03 23:03 [qemu-mainline test] 85076: regressions - FAIL osstest service owner
This is a public inbox, see mirroring instructions
for how to clone and mirror all data and code used for this inbox;
as well as URLs for NNTP newsgroup(s).