xen-devel.lists.xenproject.org archive mirror
 help / color / mirror / Atom feed
From: osstest service owner <osstest-admin@xenproject.org>
To: xen-devel@lists.xensource.com, osstest-admin@xenproject.org
Subject: [linux-3.14 test] 85253: tolerable FAIL - PUSHED
Date: Sat, 05 Mar 2016 11:29:07 +0000	[thread overview]
Message-ID: <osstest-85253-mainreport@xen.org> (raw)

[-- Attachment #1: Type: text/plain, Size: 19285 bytes --]

flight 85253 linux-3.14 real [real]
http://logs.test-lab.xenproject.org/osstest/logs/85253/

Failures :-/ but no regressions.

Regressions which are regarded as allowable (not blocking):
 build-amd64-rumpuserxen       6 xen-build                    fail   like 84125
 build-i386-rumpuserxen        6 xen-build                    fail   like 84125
 test-amd64-amd64-xl-qemuu-win7-amd64 16 guest-stop             fail like 84125
 test-amd64-i386-xl-qemut-win7-amd64 16 guest-stop              fail like 84125
 test-amd64-i386-xl-qemuu-win7-amd64 16 guest-stop              fail like 84125

Tests which did not succeed, but are not blocking:
 test-amd64-i386-rumpuserxen-i386  1 build-check(1)               blocked  n/a
 test-amd64-amd64-rumpuserxen-amd64  1 build-check(1)               blocked n/a
 test-amd64-amd64-xl-pvh-amd  11 guest-start                  fail   never pass
 test-amd64-amd64-xl-pvh-intel 11 guest-start                  fail  never pass
 test-amd64-amd64-libvirt     12 migrate-support-check        fail   never pass
 test-amd64-amd64-libvirt-xsm 12 migrate-support-check        fail   never pass
 test-amd64-i386-libvirt      12 migrate-support-check        fail   never pass
 test-amd64-amd64-qemuu-nested-amd 16 debian-hvm-install/l1/l2  fail never pass
 test-amd64-i386-libvirt-xsm  12 migrate-support-check        fail   never pass
 test-amd64-amd64-libvirt-qemuu-debianhvm-amd64-xsm 10 migrate-support-check fail never pass
 test-amd64-amd64-libvirt-vhd 11 migrate-support-check        fail   never pass
 test-amd64-i386-libvirt-qemuu-debianhvm-amd64-xsm 10 migrate-support-check fail never pass

version targeted for testing:
 linux                e419281295bfb1e51133b702c0d5166268e62e89
baseline version:
 linux                0b2737d1affeecfcf2f5ceeadeecfcbecba21e35

Last test of basis    84125  2016-02-26 13:37:17 Z    7 days
Testing same since    85253  2016-03-03 23:20:17 Z    1 days    1 attempts

------------------------------------------------------------
People who touched revisions under test:
  Adrian Hunter <adrian.hunter@intel.com>
  Akshay Bhat <akshay.bhat@timesys.com>
  Al Viro <viro@zeniv.linux.org.uk>
  Alex Deucher <alexander.deucher@amd.com>
  Alexey Charkov <alchark@gmail.com>
  Anand Jain <anand.jain@oracle.com>
  Andrey Ryabinin <aryabinin@virtuozzo.com>
  Andrey Skvortsov <andrej.skvortzov@gmail.com>
  Andy Shevchenko <andriy.shevchenko@linux.intel.com>
  Antonio Ospite <ao2@ao2.it>
  Ard Biesheuvel <ard.biesheuvel@linaro.org>
  Ariel Elior <Ariel.Elior@qlogic.com>
  Arnaldo Carvalho de Melo <acme@redhat.com>
  Arnd Bergmann <arnd@arndb.de>
  Benjamin Coddington <bcodding@redhat.com>
  Bjorn Helgaas <bhelgaas@google.com>
  Bjørn Mork <bjorn@mork.no>
  Borislav Petkov <bp@suse.de>
  Bruce Ford <bford@micron.com>
  Byungchul Park <byungchul.park@lge.com>
  Christian Borntraeger <borntraeger@de.ibm.com>
  Christoph Hellwig <hch@lst.de>
  Christophe Leroy <christophe.leroy@c-s.fr>
  Corey Wright <undefined@pobox.com>
  Dan Carpenter <dan.carpenter@oracle.com>
  Dan Williams <dan.j.williams@intel.com>
  Daniel Lezcano <daniel.lezcano@linaro.org>
  Dave Airlie <airlied@redhat.com>
  David S. Miller <davem@davemloft.net>
  David Sterba <dsterba@suse.com>
  David Vrabel <david.vrabel@citrix.com>
  Dmitry V. Levin <ldv@altlinux.org>
  Doug Ledford <dledford@redhat.com>
  Douglas Gilbert <dgilbert@interlog.com>
  Egbert Eich <eich@suse.de>
  Emmanuel Grumbach <emmanuel.grumbach@intel.com>
  Eric Wheeler <bcache@linux.ewheeler.net>
  Filipe Manana <fdmanana@suse.com>
  Florian Westphal <fw@strlen.de>
  Gerd Hoffmann <kraxel@redhat.com>
  Gerhard Uttenthaler <uttenthaler@ems-wuensche.com>
  Greg Kroah-Hartman <gregkh@linuxfoundation.org>
  Guenter Roeck <linux@roeck-us.net>
  Guillaume Delbergue <guillaume.delbergue@greensocs.com>
  Hannes Frederic Sowa <hannes@stressinduktion.org>
  Hans Verkuil <hans.verkuil@cisco.com>
  Hariprasad S <hariprasad@chelsio.com>
  Hariprasad Shenai <hariprasad@chelsio.com>
  Heiko Carstens <heiko.carstens@de.ibm.com>
  Ilya Dryomov <idryomov@gmail.com>
  Ingo Molnar <mingo@kernel.org>
  Insu Yun <wuninsu@gmail.com>
  J. Bruce Fields <bfields@redhat.com>
  Jacob Pan <jacob.jun.pan@linux.intel.com>
  James Bottomley <James.Bottomley@HansenPartnership.com>
  James Bottomley <JBottomley@Odin.com>
  James Hogan <james.hogan@imgtec.com>
  Jan Engelhardt <jengelh@inai.de>
  Jan Engelhardt <jengelh@netitwork.de>
  Jan Kara <jack@suse.cz>
  Jani Nikula <jani.nikula@intel.com>
  Jann Horn <jann@thejh.net>
  Jens Axboe <axboe@fb.com>
  Joe Thornber <ejt@redhat.com>
  Johan Hovold <johan@kernel.org>
  Johannes Berg <johannes.berg@intel.com>
  Jordan Lazare <Jordan.Lazare@amd.com>
  Josef Bacik <jbacik@fb.com>
  Joshua Schmid <jschmid@suse.com>
  K. Y. Srinivasan <kys@microsoft.com>
  Kamal Mostafa <kamal@canonical.com>
  Kashyap Desai <kashyap.desai@avagotech.com>
  Kees Cook <keescook@chromium.org>
  Ken Lin <ken.lin@advantech.com.tw>
  Kent Overstreet <kent.overstreet@gmail.com>
  Kent Overstreet <kmo@daterainc.com>
  Kirill A. Shutemov <kirill@shutemov.name>
  Konrad Rzeszutek Wilk <konrad.wilk@oracle.com>
  Linus Torvalds <torvalds@linux-foundation.org>
  Linus Walleij <linus.walleij@linaro.org>
  Luca Porzio <lporzio@micron.com>
  lucien <lucien.xin@gmail.com>
  Malcolm Priestley <tvboxspy@gmail.com>
  Manish Chopra <Manish.Chopra@qlogic.com>
  Marc Kleine-Budde <mkl@pengutronix.de>
  Marcelo Leitner <mleitner@redhat.com>
  Marcelo Ricardo Leitner <mleitner@redhat.com>
  Martin K. Petersen <martin.petersen@oracle.com>
  Martin Schwidefsky <schwidefsky@de.ibm.com>
  Matt Fleming <matt.fleming@intel.com>
  Mauro Carvalho Chehab <mchehab@osg.samsung.com>
  Michael S. Tsirkin <mst@redhat.com>
  Mike Marciniszyn <mike.marciniszyn@intel.com>
  Mike Snitzer <snitzer@redhat.com>
  Mikulas Patocka <mpatocka@redhat.com>
  Mirek Kratochvil <exa.exa@gmail.com>
  Mirza Krak <mirza.krak@hostmobility.com>
  NeilBrown <neilb@suse.com>
  Nicholas Bellinger <nab@linux-iscsi.org>
  Nicolai Hähnle <nicolai.haehnle@amd.com>
  Nikolay Borisov <kernel@kyup.com>
  Olga Kornievskaia <aglo@umich.edu>
  Oliver Neukum <oneukum@suse.com>
  Oren Givon <oren.givon@intel.com>
  Pablo Neira Ayuso <pablo@netfilter.org>
  Paolo Bonzini <pbonzini@redhat.com>
  Patrick McHardy <kaber@trash.net>
  Patrick Schaaf <netdev@bof.de>
  Pavel Machek <pavel@ucw.cz>
  Pavel Tikhomirov <ptikhomirov@virtuozzo.com>
  Peter Rosin <peda@axentia.se>
  Peter Zijlstra (Intel) <peterz@infradead.org>
  Peter Zijlstra <peterz@infradead.org>
  Phil Sutter <phil@nwl.cc>
  Prarit Bhargava <prarit@redhat.com>
  Quentin Casasnovas <quentin.casasnovas@oracle.com>
  Rafael J. Wysocki <rafael.j.wysocki@intel.com>
  Rasmus Villemoes <linux@rasmusvillemoes.dk>
  Richard Cochran <richardcochran@gmail.com>
  Richard Weinberger <richard@nod.at>
  Rob Clark <robdclark@gmail.com>
  Roman Volkov <rvolkov@v1ros.org>
  Russell King <rmk+kernel@arm.linux.org.uk>
  Sabrina Dubroca <sd@queasysnail.net>
  Santosh Shilimkar <santosh.shilimkar@oracle.com>
  Sasha Levin <sasha.levin@oracle.com>
  Sebastian Andrzej Siewior <bigeasy@linutronix.de>
  Sebastian Reichel <sre@kernel.org>
  Simon Guinot <simon.guinot@sequanux.org>
  Stefan Bader <stefan.bader@canonical.com>
  Stefan Haberland <stefan.haberland@de.ibm.com>
  Stefan Hajnoczi <stefanha@redhat.com>
  Steve Wise <swise@opengridcomputing.com>
  Steven Rostedt (Red Hat) <rostedt@goodmis.org>
  Steven Rostedt <rostedt@goodmis.org>
  Suman Anna <s-anna@ti.com>
  Sumit Saxena <sumit.saxena@avagotech.com>
  sumit.saxena@avagotech.com <sumit.saxena@avagotech.com>
  Takashi Iwai <tiwai@suse.de>
  Tejun Heo <tj@kernel.org>
  Thomas Gleixner <tglx@linutronix.de>
  Trond Myklebust <trond.myklebust@primarydata.com>
  Ulf Hansson <ulf.hansson@linaro.org>
  Valentin Rothberg <valentinrothberg@gmail.com>
  Varada Kari <Varada.Kari@sandisk.com>
  Vegard Nossum <vegard.nossum@oracle.com>
  Vincent Donnefort <vdonnefort@gmail.com>
  Vineet Gupta <vgupta@synopsys.com>
  Vinod Koul <vinod.koul@intel.com>
  Xin Long <lucien.xin@gmail.com>
  Xunlei Pang <xlpang@redhat.com>
  Yuval Mintz <Yuval.Mintz@qlogic.com>
  zengtao <prime.zeng@huawei.com>
  Zheng Liu <gnehzuil.liu@gmail.com>
  Zheng Liu <wenqing.lz@taobao.com>

jobs:
 build-amd64-xsm                                              pass    
 build-i386-xsm                                               pass    
 build-amd64                                                  pass    
 build-i386                                                   pass    
 build-amd64-libvirt                                          pass    
 build-i386-libvirt                                           pass    
 build-amd64-pvops                                            pass    
 build-i386-pvops                                             pass    
 build-amd64-rumpuserxen                                      fail    
 build-i386-rumpuserxen                                       fail    
 test-amd64-amd64-xl                                          pass    
 test-amd64-i386-xl                                           pass    
 test-amd64-amd64-xl-qemut-debianhvm-amd64-xsm                pass    
 test-amd64-i386-xl-qemut-debianhvm-amd64-xsm                 pass    
 test-amd64-amd64-libvirt-qemuu-debianhvm-amd64-xsm           pass    
 test-amd64-i386-libvirt-qemuu-debianhvm-amd64-xsm            pass    
 test-amd64-amd64-xl-qemuu-debianhvm-amd64-xsm                pass    
 test-amd64-i386-xl-qemuu-debianhvm-amd64-xsm                 pass    
 test-amd64-amd64-xl-qemut-stubdom-debianhvm-amd64-xsm        pass    
 test-amd64-i386-xl-qemut-stubdom-debianhvm-amd64-xsm         pass    
 test-amd64-amd64-libvirt-xsm                                 pass    
 test-amd64-i386-libvirt-xsm                                  pass    
 test-amd64-amd64-xl-xsm                                      pass    
 test-amd64-i386-xl-xsm                                       pass    
 test-amd64-amd64-qemuu-nested-amd                            fail    
 test-amd64-amd64-xl-pvh-amd                                  fail    
 test-amd64-i386-qemut-rhel6hvm-amd                           pass    
 test-amd64-i386-qemuu-rhel6hvm-amd                           pass    
 test-amd64-amd64-xl-qemut-debianhvm-amd64                    pass    
 test-amd64-i386-xl-qemut-debianhvm-amd64                     pass    
 test-amd64-amd64-xl-qemuu-debianhvm-amd64                    pass    
 test-amd64-i386-xl-qemuu-debianhvm-amd64                     pass    
 test-amd64-i386-freebsd10-amd64                              pass    
 test-amd64-amd64-xl-qemuu-ovmf-amd64                         pass    
 test-amd64-i386-xl-qemuu-ovmf-amd64                          pass    
 test-amd64-amd64-rumpuserxen-amd64                           blocked 
 test-amd64-amd64-xl-qemut-win7-amd64                         pass    
 test-amd64-i386-xl-qemut-win7-amd64                          fail    
 test-amd64-amd64-xl-qemuu-win7-amd64                         fail    
 test-amd64-i386-xl-qemuu-win7-amd64                          fail    
 test-amd64-amd64-xl-credit2                                  pass    
 test-amd64-i386-freebsd10-i386                               pass    
 test-amd64-i386-rumpuserxen-i386                             blocked 
 test-amd64-amd64-qemuu-nested-intel                          pass    
 test-amd64-amd64-xl-pvh-intel                                fail    
 test-amd64-i386-qemut-rhel6hvm-intel                         pass    
 test-amd64-i386-qemuu-rhel6hvm-intel                         pass    
 test-amd64-amd64-libvirt                                     pass    
 test-amd64-i386-libvirt                                      pass    
 test-amd64-amd64-xl-multivcpu                                pass    
 test-amd64-amd64-pair                                        pass    
 test-amd64-i386-pair                                         pass    
 test-amd64-amd64-libvirt-pair                                pass    
 test-amd64-i386-libvirt-pair                                 pass    
 test-amd64-amd64-amd64-pvgrub                                pass    
 test-amd64-amd64-i386-pvgrub                                 pass    
 test-amd64-amd64-pygrub                                      pass    
 test-amd64-amd64-xl-qcow2                                    pass    
 test-amd64-i386-xl-raw                                       pass    
 test-amd64-amd64-xl-rtds                                     pass    
 test-amd64-i386-xl-qemut-winxpsp3-vcpus1                     pass    
 test-amd64-i386-xl-qemuu-winxpsp3-vcpus1                     pass    
 test-amd64-amd64-libvirt-vhd                                 pass    
 test-amd64-amd64-xl-qemut-winxpsp3                           pass    
 test-amd64-i386-xl-qemut-winxpsp3                            pass    
 test-amd64-amd64-xl-qemuu-winxpsp3                           pass    
 test-amd64-i386-xl-qemuu-winxpsp3                            pass    


------------------------------------------------------------
sg-report-flight on osstest.test-lab.xenproject.org
logs: /home/logs/logs
images: /home/logs/images

Logs, config files, etc. are available at
    http://logs.test-lab.xenproject.org/osstest/logs

Explanation of these reports, and of osstest in general, is at
    http://xenbits.xen.org/gitweb/?p=osstest.git;a=blob;f=README.email;hb=master
    http://xenbits.xen.org/gitweb/?p=osstest.git;a=blob;f=README;hb=master

Test harness code can be found at
    http://xenbits.xen.org/gitweb?p=osstest.git;a=summary


Pushing revision :

+ branch=linux-3.14
+ revision=e419281295bfb1e51133b702c0d5166268e62e89
+ . ./cri-lock-repos
++ . ./cri-common
+++ . ./cri-getconfig
+++ umask 002
+++ getrepos
++++ getconfig Repos
++++ perl -e '
                use Osstest;
                readglobalconfig();
                print $c{"Repos"} or die $!;
        '
+++ local repos=/home/osstest/repos
+++ '[' -z /home/osstest/repos ']'
+++ '[' '!' -d /home/osstest/repos ']'
+++ echo /home/osstest/repos
++ repos=/home/osstest/repos
++ repos_lock=/home/osstest/repos/lock
++ '[' x '!=' x/home/osstest/repos/lock ']'
++ OSSTEST_REPOS_LOCK_LOCKED=/home/osstest/repos/lock
++ exec with-lock-ex -w /home/osstest/repos/lock ./ap-push linux-3.14 e419281295bfb1e51133b702c0d5166268e62e89
+ branch=linux-3.14
+ revision=e419281295bfb1e51133b702c0d5166268e62e89
+ . ./cri-lock-repos
++ . ./cri-common
+++ . ./cri-getconfig
+++ umask 002
+++ getrepos
++++ getconfig Repos
++++ perl -e '
                use Osstest;
                readglobalconfig();
                print $c{"Repos"} or die $!;
        '
+++ local repos=/home/osstest/repos
+++ '[' -z /home/osstest/repos ']'
+++ '[' '!' -d /home/osstest/repos ']'
+++ echo /home/osstest/repos
++ repos=/home/osstest/repos
++ repos_lock=/home/osstest/repos/lock
++ '[' x/home/osstest/repos/lock '!=' x/home/osstest/repos/lock ']'
+ . ./cri-common
++ . ./cri-getconfig
++ umask 002
+ select_xenbranch
+ case "$branch" in
+ tree=linux
+ xenbranch=xen-unstable
+ '[' xlinux = xlinux ']'
+ linuxbranch=linux-3.14
+ '[' x = x ']'
+ qemuubranch=qemu-upstream-unstable
+ select_prevxenbranch
++ ./cri-getprevxenbranch xen-unstable
+ prevxenbranch=xen-4.6-testing
+ '[' xe419281295bfb1e51133b702c0d5166268e62e89 = x ']'
+ : tested/2.6.39.x
+ . ./ap-common
++ : osstest@xenbits.xen.org
+++ getconfig OsstestUpstream
+++ perl -e '
                use Osstest;
                readglobalconfig();
                print $c{"OsstestUpstream"} or die $!;
        '
++ :
++ : git://xenbits.xen.org/xen.git
++ : osstest@xenbits.xen.org:/home/xen/git/xen.git
++ : git://xenbits.xen.org/qemu-xen-traditional.git
++ : git://git.kernel.org
++ : git://git.kernel.org/pub/scm/linux/kernel/git
++ : git
++ : git://xenbits.xen.org/libvirt.git
++ : osstest@xenbits.xen.org:/home/xen/git/libvirt.git
++ : git://xenbits.xen.org/libvirt.git
++ : git://xenbits.xen.org/rumpuser-xen.git
++ : git
++ : git://xenbits.xen.org/rumpuser-xen.git
++ : osstest@xenbits.xen.org:/home/xen/git/rumpuser-xen.git
+++ besteffort_repo https://github.com/rumpkernel/rumpkernel-netbsd-src
+++ local repo=https://github.com/rumpkernel/rumpkernel-netbsd-src
+++ cached_repo https://github.com/rumpkernel/rumpkernel-netbsd-src '[fetch=try]'
+++ local repo=https://github.com/rumpkernel/rumpkernel-netbsd-src
+++ local 'options=[fetch=try]'
++++ getconfig GitCacheProxy
++++ perl -e '
                use Osstest;
                readglobalconfig();
                print $c{"GitCacheProxy"} or die $!;
        '
+++ local cache=git://cache:9419/
+++ '[' xgit://cache:9419/ '!=' x ']'
+++ echo 'git://cache:9419/https://github.com/rumpkernel/rumpkernel-netbsd-src%20[fetch=try]'
++ : 'git://cache:9419/https://github.com/rumpkernel/rumpkernel-netbsd-src%20[fetch=try]'
++ : git
++ : git://git.seabios.org/seabios.git
++ : osstest@xenbits.xen.org:/home/xen/git/osstest/seabios.git
++ : git://xenbits.xen.org/osstest/seabios.git
++ : https://github.com/tianocore/edk2.git
++ : osstest@xenbits.xen.org:/home/xen/git/osstest/ovmf.git
++ : git://xenbits.xen.org/osstest/ovmf.git
++ : git://xenbits.xen.org/osstest/linux-firmware.git
++ : osstest@xenbits.xen.org:/home/osstest/ext/linux-firmware.git
++ : git://git.kernel.org/pub/scm/linux/kernel/git/firmware/linux-firmware.git
++ : osstest@xenbits.xen.org:/home/xen/git/linux-pvops.git
++ : git://xenbits.xen.org/linux-pvops.git
++ : tested/linux-3.14
++ : tested/linux-arm-xen
++ '[' xgit://git.kernel.org/pub/scm/linux/kernel/git/stable/linux-stable.git = x ']'
++ '[' xgit://git.kernel.org/pub/scm/linux/kernel/git/stable/linux-stable.git = x ']'
++ : git://git.kernel.org/pub/scm/linux/kernel/git/konrad/xen.git
++ : tested/2.6.39.x
++ : daily-cron.linux-3.14
++ : daily-cron.linux-3.14
++ : daily-cron.linux-3.14
++ : daily-cron.linux-3.14
++ : daily-cron.linux-3.14
++ : daily-cron.linux-3.14
++ : http://hg.uk.xensource.com/carbon/trunk/linux-2.6.27
++ : git://xenbits.xen.org/qemu-xen.git
++ : osstest@xenbits.xen.org:/home/xen/git/qemu-xen.git
++ : daily-cron.linux-3.14
++ : git://xenbits.xen.org/qemu-xen.git
++ : git://git.qemu.org/qemu.git
+ TREE_LINUX=osstest@xenbits.xen.org:/home/xen/git/linux-pvops.git
+ TREE_QEMU_UPSTREAM=osstest@xenbits.xen.org:/home/xen/git/qemu-xen.git
+ TREE_XEN=osstest@xenbits.xen.org:/home/xen/git/xen.git
+ TREE_LIBVIRT=osstest@xenbits.xen.org:/home/xen/git/libvirt.git
+ TREE_RUMPUSERXEN=osstest@xenbits.xen.org:/home/xen/git/rumpuser-xen.git
+ TREE_SEABIOS=osstest@xenbits.xen.org:/home/xen/git/osstest/seabios.git
+ TREE_OVMF=osstest@xenbits.xen.org:/home/xen/git/osstest/ovmf.git
+ info_linux_tree linux-3.14
+ case $1 in
+ : git://git.kernel.org/pub/scm/linux/kernel/git/stable/linux-stable.git
+ : linux-3.14.y
+ : linux-3.14.y
+ : git
+ : git
+ : git://xenbits.xen.org/linux-pvops.git
+ : osstest@xenbits.xen.org:/home/xen/git/linux-pvops.git
+ : tested/linux-3.14
+ : refs/heads/tested/linux-3.14
+ return 0
+ cd /home/osstest/repos/linux
+ git push osstest@xenbits.xen.org:/home/xen/git/linux-pvops.git e419281295bfb1e51133b702c0d5166268e62e89:refs/heads/tested/linux-3.14
To osstest@xenbits.xen.org:/home/xen/git/linux-pvops.git
   0b2737d..e419281  e419281295bfb1e51133b702c0d5166268e62e89 -> tested/linux-3.14
+ exit 0


[-- Attachment #2: Type: text/plain, Size: 126 bytes --]

_______________________________________________
Xen-devel mailing list
Xen-devel@lists.xen.org
http://lists.xen.org/xen-devel

                 reply	other threads:[~2016-03-05 11:29 UTC|newest]

Thread overview: [no followups] expand[flat|nested]  mbox.gz  Atom feed

Reply instructions:

You may reply publicly to this message via plain-text email
using any one of the following methods:

* Save the following mbox file, import it into your mail client,
  and reply-to-all from there: mbox

  Avoid top-posting and favor interleaved quoting:
  https://en.wikipedia.org/wiki/Posting_style#Interleaved_style

* Reply using the --to, --cc, and --in-reply-to
  switches of git-send-email(1):

  git send-email \
    --in-reply-to=osstest-85253-mainreport@xen.org \
    --to=osstest-admin@xenproject.org \
    --cc=xen-devel@lists.xensource.com \
    /path/to/YOUR_REPLY

  https://kernel.org/pub/software/scm/git/docs/git-send-email.html

* If your mail client supports setting the In-Reply-To header
  via mailto: links, try the mailto: link
Be sure your reply has a Subject: header at the top and a blank line before the message body.
This is a public inbox, see mirroring instructions
for how to clone and mirror all data and code used for this inbox;
as well as URLs for NNTP newsgroup(s).