From: osstest service owner <osstest-admin@xenproject.org>
To: xen-devel@lists.xensource.com, osstest-admin@xenproject.org
Subject: [linux-3.10 test] 85254: tolerable FAIL - PUSHED
Date: Sat, 05 Mar 2016 05:44:16 +0000 [thread overview]
Message-ID: <osstest-85254-mainreport@xen.org> (raw)
[-- Attachment #1: Type: text/plain, Size: 17564 bytes --]
flight 85254 linux-3.10 real [real]
http://logs.test-lab.xenproject.org/osstest/logs/85254/
Failures :-/ but no regressions.
Regressions which are regarded as allowable (not blocking):
test-amd64-i386-xl-qemut-win7-amd64 16 guest-stop fail REGR. vs. 84139
build-i386-rumpuserxen 6 xen-build fail like 84139
build-amd64-rumpuserxen 6 xen-build fail like 84139
test-amd64-amd64-xl-qemut-win7-amd64 16 guest-stop fail like 84139
test-amd64-i386-xl-qemuu-win7-amd64 16 guest-stop fail like 84139
Tests which did not succeed, but are not blocking:
test-amd64-i386-rumpuserxen-i386 1 build-check(1) blocked n/a
test-amd64-amd64-rumpuserxen-amd64 1 build-check(1) blocked n/a
test-amd64-amd64-xl-pvh-intel 11 guest-start fail never pass
test-amd64-amd64-xl-pvh-amd 11 guest-start fail never pass
test-amd64-amd64-libvirt 12 migrate-support-check fail never pass
test-amd64-i386-libvirt 12 migrate-support-check fail never pass
test-amd64-i386-libvirt-xsm 12 migrate-support-check fail never pass
test-amd64-amd64-libvirt-qemuu-debianhvm-amd64-xsm 10 migrate-support-check fail never pass
test-amd64-amd64-qemuu-nested-amd 16 debian-hvm-install/l1/l2 fail never pass
test-amd64-amd64-libvirt-xsm 12 migrate-support-check fail never pass
test-amd64-i386-libvirt-qemuu-debianhvm-amd64-xsm 10 migrate-support-check fail never pass
test-amd64-amd64-libvirt-vhd 11 migrate-support-check fail never pass
version targeted for testing:
linux e39c17904aadf3a107b2bc292c03bfd9f850fd08
baseline version:
linux 90915bdf5d75f981251d78f45dce37d39e679ac1
Last test of basis 84139 2016-02-26 15:57:05 Z 7 days
Testing same since 85254 2016-03-03 23:24:10 Z 1 days 1 attempts
------------------------------------------------------------
People who touched revisions under test:
Akshay Bhat <akshay.bhat@timesys.com>
Al Viro <viro@zeniv.linux.org.uk>
Alex Deucher <alexander.deucher@amd.com>
Alexey Charkov <alchark@gmail.com>
Anand Jain <anand.jain@oracle.com>
Andrey Ryabinin <aryabinin@virtuozzo.com>
Andrey Skvortsov <andrej.skvortzov@gmail.com>
Andrey Vagin <avagin@openvz.org>
Antonio Ospite <ao2@ao2.it>
Ard Biesheuvel <ard.biesheuvel@linaro.org>
Arnaldo Carvalho de Melo <acme@redhat.com>
Bjorn Helgaas <bhelgaas@google.com>
Bjørn Mork <bjorn@mork.no>
Bruce Ford <bford@micron.com>
Christian Borntraeger <borntraeger@de.ibm.com>
Christoph Hellwig <hch@lst.de>
Christophe Leroy <christophe.leroy@c-s.fr>
Corey Wright <undefined@pobox.com>
Dan Carpenter <dan.carpenter@oracle.com>
Daniel Lezcano <daniel.lezcano@linaro.org>
Dave Airlie <airlied@redhat.com>
David S. Miller <davem@davemloft.net>
David Sterba <dsterba@suse.com>
David Vrabel <david.vrabel@citrix.com>
Dmitry V. Levin <ldv@altlinux.org>
Doug Ledford <dledford@redhat.com>
Egbert Eich <eich@suse.de>
Eric Dumazet <edumazet@google.com>
Eric Wheeler <bcache@linux.ewheeler.net>
Filipe Manana <fdmanana@suse.com>
Gerhard Uttenthaler <uttenthaler@ems-wuensche.com>
Greg Kroah-Hartman <gregkh@linuxfoundation.org>
Hannes Frederic Sowa <hannes@stressinduktion.org>
Hans Verkuil <hans.verkuil@cisco.com>
Hariprasad S <hariprasad@chelsio.com>
Hariprasad Shenai <hariprasad@chelsio.com>
Heiko Carstens <heiko.carstens@de.ibm.com>
Ilya Dryomov <idryomov@gmail.com>
Ingo Molnar <mingo@kernel.org>
J. Bruce Fields <bfields@redhat.com>
James Bottomley <James.Bottomley@HansenPartnership.com>
James Hogan <james.hogan@imgtec.com>
Jan Kara <jack@suse.cz>
Jann Horn <jann@thejh.net>
Jens Axboe <axboe@fb.com>
Joe Thornber <ejt@redhat.com>
Johan Hovold <johan@kernel.org>
Johannes Berg <johannes.berg@intel.com>
Josef Bacik <jbacik@fb.com>
Joshua Schmid <jschmid@suse.com>
Kamal Mostafa <kamal@canonical.com>
Kashyap Desai <kashyap.desai@avagotech.com>
Kees Cook <keescook@chromium.org>
Ken Lin <ken.lin@advantech.com.tw>
Kirill A. Shutemov <kirill@shutemov.name>
Konrad Rzeszutek Wilk <konrad.wilk@oracle.com>
Linus Torvalds <torvalds@linux-foundation.org>
Linus Walleij <linus.walleij@linaro.org>
Luca Porzio <lporzio@micron.com>
Luis Henriques <luis.henriques@canonical.com>
Malcolm Priestley <tvboxspy@gmail.com>
Marc Kleine-Budde <mkl@pengutronix.de>
Martin K. Petersen <martin.petersen@oracle.com>
Martin Schwidefsky <schwidefsky@de.ibm.com>
Matt Fleming <matt.fleming@intel.com>
Mauro Carvalho Chehab <mchehab@osg.samsung.com>
Michael S. Tsirkin <mst@redhat.com>
Mike Marciniszyn <mike.marciniszyn@intel.com>
Mike Snitzer <snitzer@redhat.com>
Mikulas Patocka <mpatocka@redhat.com>
Mirza Krak <mirza.krak@hostmobility.com>
Nicolai Hähnle <nicolai.haehnle@amd.com>
Nikolay Borisov <kernel@kyup.com>
Olga Kornievskaia <aglo@umich.edu>
Oliver Neukum <oneukum@suse.com>
Pablo Neira Ayuso <pablo@netfilter.org>
Paolo Bonzini <pbonzini@redhat.com>
Pavel Machek <pavel@ucw.cz>
Pavel Tikhomirov <ptikhomirov@virtuozzo.com>
Peter Zijlstra (Intel) <peterz@infradead.org>
Quentin Casasnovas <quentin.casasnovas@oracle.com>
Rasmus Villemoes <linux@rasmusvillemoes.dk>
Richard Cochran <richardcochran@gmail.com>
Richard Weinberger <richard@nod.at>
Rob Clark <robdclark@gmail.com>
Roman Volkov <rvolkov@v1ros.org>
Russell King <rmk+kernel@arm.linux.org.uk>
Santosh Shilimkar <santosh.shilimkar@oracle.com>
Sasha Levin <sasha.levin@oracle.com>
Sebastian Andrzej Siewior <bigeasy@linutronix.de>
Sebastian Reichel <sre@kernel.org>
Simon Guinot <simon.guinot@sequanux.org>
Stefan Haberland <stefan.haberland@de.ibm.com>
Stefan Hajnoczi <stefanha@redhat.com>
Steve Wise <swise@opengridcomputing.com>
Steven Rostedt (Red Hat) <rostedt@goodmis.org>
Steven Rostedt <rostedt@goodmis.org>
Suman Anna <s-anna@ti.com>
Sumit Saxena <sumit.saxena@avagotech.com>
sumit.saxena@avagotech.com <sumit.saxena@avagotech.com>
Tejun Heo <tj@kernel.org>
Thomas Gleixner <tglx@linutronix.de>
Trond Myklebust <trond.myklebust@primarydata.com>
Ulf Hansson <ulf.hansson@linaro.org>
Valentin Rothberg <valentinrothberg@gmail.com>
Varada Kari <Varada.Kari@sandisk.com>
Vegard Nossum <vegard.nossum@oracle.com>
Vincent Donnefort <vdonnefort@gmail.com>
Vineet Gupta <vgupta@synopsys.com>
Willy Tarreau <w@1wt.eu>
Zheng Liu <wenqing.lz@taobao.com>
jobs:
build-amd64-xsm pass
build-i386-xsm pass
build-amd64 pass
build-i386 pass
build-amd64-libvirt pass
build-i386-libvirt pass
build-amd64-pvops pass
build-i386-pvops pass
build-amd64-rumpuserxen fail
build-i386-rumpuserxen fail
test-amd64-amd64-xl pass
test-amd64-i386-xl pass
test-amd64-amd64-xl-qemut-debianhvm-amd64-xsm pass
test-amd64-i386-xl-qemut-debianhvm-amd64-xsm pass
test-amd64-amd64-libvirt-qemuu-debianhvm-amd64-xsm pass
test-amd64-i386-libvirt-qemuu-debianhvm-amd64-xsm pass
test-amd64-amd64-xl-qemuu-debianhvm-amd64-xsm pass
test-amd64-i386-xl-qemuu-debianhvm-amd64-xsm pass
test-amd64-amd64-xl-qemut-stubdom-debianhvm-amd64-xsm pass
test-amd64-i386-xl-qemut-stubdom-debianhvm-amd64-xsm pass
test-amd64-amd64-libvirt-xsm pass
test-amd64-i386-libvirt-xsm pass
test-amd64-amd64-xl-xsm pass
test-amd64-i386-xl-xsm pass
test-amd64-amd64-qemuu-nested-amd fail
test-amd64-amd64-xl-pvh-amd fail
test-amd64-i386-qemut-rhel6hvm-amd pass
test-amd64-i386-qemuu-rhel6hvm-amd pass
test-amd64-amd64-xl-qemut-debianhvm-amd64 pass
test-amd64-i386-xl-qemut-debianhvm-amd64 pass
test-amd64-amd64-xl-qemuu-debianhvm-amd64 pass
test-amd64-i386-xl-qemuu-debianhvm-amd64 pass
test-amd64-i386-freebsd10-amd64 pass
test-amd64-amd64-xl-qemuu-ovmf-amd64 pass
test-amd64-i386-xl-qemuu-ovmf-amd64 pass
test-amd64-amd64-rumpuserxen-amd64 blocked
test-amd64-amd64-xl-qemut-win7-amd64 fail
test-amd64-i386-xl-qemut-win7-amd64 fail
test-amd64-amd64-xl-qemuu-win7-amd64 pass
test-amd64-i386-xl-qemuu-win7-amd64 fail
test-amd64-amd64-xl-credit2 pass
test-amd64-i386-freebsd10-i386 pass
test-amd64-i386-rumpuserxen-i386 blocked
test-amd64-amd64-qemuu-nested-intel pass
test-amd64-amd64-xl-pvh-intel fail
test-amd64-i386-qemut-rhel6hvm-intel pass
test-amd64-i386-qemuu-rhel6hvm-intel pass
test-amd64-amd64-libvirt pass
test-amd64-i386-libvirt pass
test-amd64-amd64-xl-multivcpu pass
test-amd64-amd64-pair pass
test-amd64-i386-pair pass
test-amd64-amd64-libvirt-pair pass
test-amd64-i386-libvirt-pair pass
test-amd64-amd64-amd64-pvgrub pass
test-amd64-amd64-i386-pvgrub pass
test-amd64-amd64-pygrub pass
test-amd64-amd64-xl-qcow2 pass
test-amd64-i386-xl-raw pass
test-amd64-amd64-xl-rtds pass
test-amd64-i386-xl-qemut-winxpsp3-vcpus1 pass
test-amd64-i386-xl-qemuu-winxpsp3-vcpus1 pass
test-amd64-amd64-libvirt-vhd pass
test-amd64-amd64-xl-qemut-winxpsp3 pass
test-amd64-i386-xl-qemut-winxpsp3 pass
test-amd64-amd64-xl-qemuu-winxpsp3 pass
test-amd64-i386-xl-qemuu-winxpsp3 pass
------------------------------------------------------------
sg-report-flight on osstest.test-lab.xenproject.org
logs: /home/logs/logs
images: /home/logs/images
Logs, config files, etc. are available at
http://logs.test-lab.xenproject.org/osstest/logs
Explanation of these reports, and of osstest in general, is at
http://xenbits.xen.org/gitweb/?p=osstest.git;a=blob;f=README.email;hb=master
http://xenbits.xen.org/gitweb/?p=osstest.git;a=blob;f=README;hb=master
Test harness code can be found at
http://xenbits.xen.org/gitweb?p=osstest.git;a=summary
Pushing revision :
+ branch=linux-3.10
+ revision=e39c17904aadf3a107b2bc292c03bfd9f850fd08
+ . ./cri-lock-repos
++ . ./cri-common
+++ . ./cri-getconfig
+++ umask 002
+++ getrepos
++++ getconfig Repos
++++ perl -e '
use Osstest;
readglobalconfig();
print $c{"Repos"} or die $!;
'
+++ local repos=/home/osstest/repos
+++ '[' -z /home/osstest/repos ']'
+++ '[' '!' -d /home/osstest/repos ']'
+++ echo /home/osstest/repos
++ repos=/home/osstest/repos
++ repos_lock=/home/osstest/repos/lock
++ '[' x '!=' x/home/osstest/repos/lock ']'
++ OSSTEST_REPOS_LOCK_LOCKED=/home/osstest/repos/lock
++ exec with-lock-ex -w /home/osstest/repos/lock ./ap-push linux-3.10 e39c17904aadf3a107b2bc292c03bfd9f850fd08
+ branch=linux-3.10
+ revision=e39c17904aadf3a107b2bc292c03bfd9f850fd08
+ . ./cri-lock-repos
++ . ./cri-common
+++ . ./cri-getconfig
+++ umask 002
+++ getrepos
++++ getconfig Repos
++++ perl -e '
use Osstest;
readglobalconfig();
print $c{"Repos"} or die $!;
'
+++ local repos=/home/osstest/repos
+++ '[' -z /home/osstest/repos ']'
+++ '[' '!' -d /home/osstest/repos ']'
+++ echo /home/osstest/repos
++ repos=/home/osstest/repos
++ repos_lock=/home/osstest/repos/lock
++ '[' x/home/osstest/repos/lock '!=' x/home/osstest/repos/lock ']'
+ . ./cri-common
++ . ./cri-getconfig
++ umask 002
+ select_xenbranch
+ case "$branch" in
+ tree=linux
+ xenbranch=xen-unstable
+ '[' xlinux = xlinux ']'
+ linuxbranch=linux-3.10
+ '[' x = x ']'
+ qemuubranch=qemu-upstream-unstable
+ select_prevxenbranch
++ ./cri-getprevxenbranch xen-unstable
+ prevxenbranch=xen-4.6-testing
+ '[' xe39c17904aadf3a107b2bc292c03bfd9f850fd08 = x ']'
+ : tested/2.6.39.x
+ . ./ap-common
++ : osstest@xenbits.xen.org
+++ getconfig OsstestUpstream
+++ perl -e '
use Osstest;
readglobalconfig();
print $c{"OsstestUpstream"} or die $!;
'
++ :
++ : git://xenbits.xen.org/xen.git
++ : osstest@xenbits.xen.org:/home/xen/git/xen.git
++ : git://xenbits.xen.org/qemu-xen-traditional.git
++ : git://git.kernel.org
++ : git://git.kernel.org/pub/scm/linux/kernel/git
++ : git
++ : git://xenbits.xen.org/libvirt.git
++ : osstest@xenbits.xen.org:/home/xen/git/libvirt.git
++ : git://xenbits.xen.org/libvirt.git
++ : git://xenbits.xen.org/rumpuser-xen.git
++ : git
++ : git://xenbits.xen.org/rumpuser-xen.git
++ : osstest@xenbits.xen.org:/home/xen/git/rumpuser-xen.git
+++ besteffort_repo https://github.com/rumpkernel/rumpkernel-netbsd-src
+++ local repo=https://github.com/rumpkernel/rumpkernel-netbsd-src
+++ cached_repo https://github.com/rumpkernel/rumpkernel-netbsd-src '[fetch=try]'
+++ local repo=https://github.com/rumpkernel/rumpkernel-netbsd-src
+++ local 'options=[fetch=try]'
++++ getconfig GitCacheProxy
++++ perl -e '
use Osstest;
readglobalconfig();
print $c{"GitCacheProxy"} or die $!;
'
+++ local cache=git://cache:9419/
+++ '[' xgit://cache:9419/ '!=' x ']'
+++ echo 'git://cache:9419/https://github.com/rumpkernel/rumpkernel-netbsd-src%20[fetch=try]'
++ : 'git://cache:9419/https://github.com/rumpkernel/rumpkernel-netbsd-src%20[fetch=try]'
++ : git
++ : git://git.seabios.org/seabios.git
++ : osstest@xenbits.xen.org:/home/xen/git/osstest/seabios.git
++ : git://xenbits.xen.org/osstest/seabios.git
++ : https://github.com/tianocore/edk2.git
++ : osstest@xenbits.xen.org:/home/xen/git/osstest/ovmf.git
++ : git://xenbits.xen.org/osstest/ovmf.git
++ : git://xenbits.xen.org/osstest/linux-firmware.git
++ : osstest@xenbits.xen.org:/home/osstest/ext/linux-firmware.git
++ : git://git.kernel.org/pub/scm/linux/kernel/git/firmware/linux-firmware.git
++ : osstest@xenbits.xen.org:/home/xen/git/linux-pvops.git
++ : git://xenbits.xen.org/linux-pvops.git
++ : tested/linux-3.14
++ : tested/linux-arm-xen
++ '[' xgit://git.kernel.org/pub/scm/linux/kernel/git/stable/linux-stable.git = x ']'
++ '[' xgit://git.kernel.org/pub/scm/linux/kernel/git/stable/linux-stable.git = x ']'
++ : git://git.kernel.org/pub/scm/linux/kernel/git/konrad/xen.git
++ : tested/2.6.39.x
++ : daily-cron.linux-3.10
++ : daily-cron.linux-3.10
++ : daily-cron.linux-3.10
++ : daily-cron.linux-3.10
++ : daily-cron.linux-3.10
++ : daily-cron.linux-3.10
++ : http://hg.uk.xensource.com/carbon/trunk/linux-2.6.27
++ : git://xenbits.xen.org/qemu-xen.git
++ : osstest@xenbits.xen.org:/home/xen/git/qemu-xen.git
++ : daily-cron.linux-3.10
++ : git://xenbits.xen.org/qemu-xen.git
++ : git://git.qemu.org/qemu.git
+ TREE_LINUX=osstest@xenbits.xen.org:/home/xen/git/linux-pvops.git
+ TREE_QEMU_UPSTREAM=osstest@xenbits.xen.org:/home/xen/git/qemu-xen.git
+ TREE_XEN=osstest@xenbits.xen.org:/home/xen/git/xen.git
+ TREE_LIBVIRT=osstest@xenbits.xen.org:/home/xen/git/libvirt.git
+ TREE_RUMPUSERXEN=osstest@xenbits.xen.org:/home/xen/git/rumpuser-xen.git
+ TREE_SEABIOS=osstest@xenbits.xen.org:/home/xen/git/osstest/seabios.git
+ TREE_OVMF=osstest@xenbits.xen.org:/home/xen/git/osstest/ovmf.git
+ info_linux_tree linux-3.10
+ case $1 in
+ : git://git.kernel.org/pub/scm/linux/kernel/git/stable/linux-stable.git
+ : linux-3.10.y
+ : linux-3.10.y
+ : git
+ : git
+ : git://xenbits.xen.org/linux-pvops.git
+ : osstest@xenbits.xen.org:/home/xen/git/linux-pvops.git
+ : tested/linux-3.10
+ : refs/heads/tested/linux-3.10
+ return 0
+ cd /home/osstest/repos/linux
+ git push osstest@xenbits.xen.org:/home/xen/git/linux-pvops.git e39c17904aadf3a107b2bc292c03bfd9f850fd08:refs/heads/tested/linux-3.10
To osstest@xenbits.xen.org:/home/xen/git/linux-pvops.git
90915bd..e39c179 e39c17904aadf3a107b2bc292c03bfd9f850fd08 -> tested/linux-3.10
+ exit 0
[-- Attachment #2: Type: text/plain, Size: 126 bytes --]
_______________________________________________
Xen-devel mailing list
Xen-devel@lists.xen.org
http://lists.xen.org/xen-devel
reply other threads:[~2016-03-05 5:44 UTC|newest]
Thread overview: [no followups] expand[flat|nested] mbox.gz Atom feed
Reply instructions:
You may reply publicly to this message via plain-text email
using any one of the following methods:
* Save the following mbox file, import it into your mail client,
and reply-to-all from there: mbox
Avoid top-posting and favor interleaved quoting:
https://en.wikipedia.org/wiki/Posting_style#Interleaved_style
* Reply using the --to, --cc, and --in-reply-to
switches of git-send-email(1):
git send-email \
--in-reply-to=osstest-85254-mainreport@xen.org \
--to=osstest-admin@xenproject.org \
--cc=xen-devel@lists.xensource.com \
/path/to/YOUR_REPLY
https://kernel.org/pub/software/scm/git/docs/git-send-email.html
* If your mail client supports setting the In-Reply-To header
via mailto: links, try the mailto: link
Be sure your reply has a Subject: header at the top and a blank line
before the message body.
This is a public inbox, see mirroring instructions
for how to clone and mirror all data and code used for this inbox;
as well as URLs for NNTP newsgroup(s).