* [xen-unstable-smoke test] 85306: regressions - FAIL
@ 2016-03-04 11:06 osstest service owner
0 siblings, 0 replies; only message in thread
From: osstest service owner @ 2016-03-04 11:06 UTC (permalink / raw)
To: xen-devel, osstest-admin
flight 85306 xen-unstable-smoke real [real]
http://logs.test-lab.xenproject.org/osstest/logs/85306/
Regressions :-(
Tests which did not succeed and are blocking,
including tests which could not be run:
test-armhf-armhf-xl 6 xen-boot fail REGR. vs. 85080
Tests which did not succeed, but are not blocking:
test-amd64-amd64-libvirt 12 migrate-support-check fail never pass
version targeted for testing:
xen 03720ea541382a3ca80eaaec2aa11932b03aacaf
baseline version:
xen 7ba900efe5f526c941b1ca055e5347947bb7eb4b
Last test of basis 85080 2016-03-02 16:00:54 Z 1 days
Testing same since 85178 2016-03-03 09:20:13 Z 1 days 12 attempts
------------------------------------------------------------
People who touched revisions under test:
Andrew Cooper <andrew.cooper3@citrix.com>
Aravind Gopalakrishnan <aravind.gopalakrishnan@amd.com>
Boris Ostrovsky <boris.ostrovsky@oracle.com>
Dario Faggioli <dario.faggioli@citrix.com>
Hanjun Guo <hanjun.guo@linaro.org>
Jan Beulich <jbeulich@suse.com>
Juergen Gross <jgross@suse.com>
Naresh Bhat <naresh.bhat@linaro.org>
Parth Dixit <parth.dixit@linaro.org>
Shannon Zhao <shannon.zhao@linaro.org>
Shannon Zhao <zhaoshenglong@huawei.com>
Stefano Stabellini <stefano.stabellini@eu.citrix.com>
Tomasz Nowicki <tomasz.nowicki@linaro.org>
jobs:
build-amd64 pass
build-armhf pass
build-amd64-libvirt pass
test-armhf-armhf-xl fail
test-amd64-amd64-xl-qemuu-debianhvm-i386 pass
test-amd64-amd64-libvirt pass
------------------------------------------------------------
sg-report-flight on osstest.test-lab.xenproject.org
logs: /home/logs/logs
images: /home/logs/images
Logs, config files, etc. are available at
http://logs.test-lab.xenproject.org/osstest/logs
Explanation of these reports, and of osstest in general, is at
http://xenbits.xen.org/gitweb/?p=osstest.git;a=blob;f=README.email;hb=master
http://xenbits.xen.org/gitweb/?p=osstest.git;a=blob;f=README;hb=master
Test harness code can be found at
http://xenbits.xen.org/gitweb?p=osstest.git;a=summary
Not pushing.
(No revision log; it would be 323 lines long.)
_______________________________________________
Xen-devel mailing list
Xen-devel@lists.xen.org
http://lists.xen.org/xen-devel
^ permalink raw reply [flat|nested] only message in thread
only message in thread, other threads:[~2016-03-04 11:06 UTC | newest]
Thread overview: (only message) (download: mbox.gz follow: Atom feed
-- links below jump to the message on this page --
2016-03-04 11:06 [xen-unstable-smoke test] 85306: regressions - FAIL osstest service owner
This is a public inbox, see mirroring instructions
for how to clone and mirror all data and code used for this inbox;
as well as URLs for NNTP newsgroup(s).