xen-devel.lists.xenproject.org archive mirror
 help / color / mirror / Atom feed
From: osstest service owner <osstest-admin@xenproject.org>
To: xen-devel@lists.xensource.com, osstest-admin@xenproject.org
Subject: [linux-3.18 test] 85493: tolerable FAIL - PUSHED
Date: Sun, 06 Mar 2016 18:33:17 +0000	[thread overview]
Message-ID: <osstest-85493-mainreport@xen.org> (raw)

[-- Attachment #1: Type: text/plain, Size: 19679 bytes --]

flight 85493 linux-3.18 real [real]
http://logs.test-lab.xenproject.org/osstest/logs/85493/

Failures :-/ but no regressions.

Regressions which are regarded as allowable (not blocking):
 test-armhf-armhf-xl-rtds     15 guest-start/debian.repeat    fail   like 82793
 test-amd64-i386-xl-qemuu-win7-amd64 16 guest-stop              fail like 82793
 build-amd64-rumpuserxen       6 xen-build                    fail   like 82928
 build-i386-rumpuserxen        6 xen-build                    fail   like 82928
 test-amd64-amd64-xl-qemuu-win7-amd64 16 guest-stop             fail like 82928
 test-amd64-amd64-xl-qemut-win7-amd64 16 guest-stop             fail like 82928

Tests which did not succeed, but are not blocking:
 test-amd64-amd64-rumpuserxen-amd64  1 build-check(1)               blocked n/a
 test-amd64-i386-rumpuserxen-i386  1 build-check(1)               blocked  n/a
 test-amd64-amd64-xl-pvh-intel 14 guest-saverestore            fail  never pass
 test-amd64-amd64-xl-pvh-amd  11 guest-start                  fail   never pass
 test-amd64-amd64-libvirt     12 migrate-support-check        fail   never pass
 test-armhf-armhf-libvirt     14 guest-saverestore            fail   never pass
 test-armhf-armhf-libvirt     12 migrate-support-check        fail   never pass
 test-amd64-i386-libvirt-xsm  12 migrate-support-check        fail   never pass
 test-amd64-i386-libvirt      12 migrate-support-check        fail   never pass
 test-amd64-amd64-libvirt-xsm 12 migrate-support-check        fail   never pass
 test-armhf-armhf-libvirt-qcow2 11 migrate-support-check        fail never pass
 test-armhf-armhf-libvirt-qcow2 13 guest-saverestore            fail never pass
 test-armhf-armhf-xl-arndale  12 migrate-support-check        fail   never pass
 test-armhf-armhf-xl-arndale  13 saverestore-support-check    fail   never pass
 test-armhf-armhf-xl-multivcpu 13 saverestore-support-check    fail  never pass
 test-armhf-armhf-xl-multivcpu 12 migrate-support-check        fail  never pass
 test-armhf-armhf-xl          12 migrate-support-check        fail   never pass
 test-armhf-armhf-xl          13 saverestore-support-check    fail   never pass
 test-armhf-armhf-libvirt-raw 13 guest-saverestore            fail   never pass
 test-armhf-armhf-libvirt-raw 11 migrate-support-check        fail   never pass
 test-armhf-armhf-xl-xsm      13 saverestore-support-check    fail   never pass
 test-armhf-armhf-xl-xsm      12 migrate-support-check        fail   never pass
 test-amd64-amd64-qemuu-nested-amd 16 debian-hvm-install/l1/l2  fail never pass
 test-amd64-amd64-libvirt-qemuu-debianhvm-amd64-xsm 10 migrate-support-check fail never pass
 test-armhf-armhf-libvirt-xsm 12 migrate-support-check        fail   never pass
 test-armhf-armhf-libvirt-xsm 14 guest-saverestore            fail   never pass
 test-armhf-armhf-xl-rtds     13 saverestore-support-check    fail   never pass
 test-armhf-armhf-xl-rtds     12 migrate-support-check        fail   never pass
 test-amd64-amd64-libvirt-vhd 11 migrate-support-check        fail   never pass
 test-amd64-i386-libvirt-qemuu-debianhvm-amd64-xsm 10 migrate-support-check fail never pass
 test-armhf-armhf-xl-cubietruck 12 migrate-support-check        fail never pass
 test-armhf-armhf-xl-cubietruck 13 saverestore-support-check    fail never pass
 test-armhf-armhf-xl-vhd      11 migrate-support-check        fail   never pass
 test-armhf-armhf-xl-vhd      12 saverestore-support-check    fail   never pass
 test-armhf-armhf-xl-credit2  13 saverestore-support-check    fail   never pass
 test-armhf-armhf-xl-credit2  12 migrate-support-check        fail   never pass

version targeted for testing:
 linux                0f67c5beb42a8328e9e661dcfcc4d328b6138264
baseline version:
 linux                2c07053b8e1e0c22bb54dfbdf8e86a70f8bf00fc

Last test of basis    82928  2016-02-17 02:03:58 Z   18 days
Testing same since    85493  2016-03-05 20:25:50 Z    0 days    1 attempts

------------------------------------------------------------
People who touched revisions under test:
  Alex Deucher <alexander.deucher@amd.com>
  Alexander Gordeev <agordeev@redhat.com>
  Alexandra Yates <alexandra.yates@linux.intel.com>
  Alexei Potashnik <alexei@purestorage.com>
  Andrey Konovalov <andreyknvl@gmail.com>
  Andy Shevchenko <andriy.shevchenko@linux.intel.com>
  Anton Protopopov <a.s.protopopov@gmail.com>
  Arnd Bergmann <arnd@arndb.de>
  Axel Lin <axel.lin@ingics.com>
  Bard Liao <bardliao@realtek.com>
  Bart Van Assche <bart.vanassche@sandisk.com>
  Benjamin Herrenschmidt <benh@kernel.crashing.org>
  Bjorn Helgaas <bhelgaas@google.com>
  Bruno Prémont <bonbons@linux-vserver.org>
  Chad Dupuis <chad.dupuis@qlogic.com>
  Chris Mason <clm@fb.com>
  Christoph Hellwig <hch@lst.de>
  Clemens Ladisch <clemens@ladisch.de>
  CQ Tang <cq.tang@intel.com>
  Dan Carpenter <dan.carpenter@oracle.com>
  Darren Hart <dvhart@linux.intel.com>
  Dave Airlie <airlied@redhat.com>
  David Henningsson <david.henningsson@canonical.com>
  David Sterba <dsterba@suse.com>
  David Woodhouse <David.Woodhouse@intel.com>
  Dmitry Monakhov <dmonakhov@openvz.org>
  Dmitry Vyukov <dvyukov@google.com>
  Eryu Guan <guaneryu@gmail.com>
  Ewan D. Milne <emilne@redhat.com>
  Filipe Manana <fdmanana@suse.com>
  Gavin Shan <gwshan@linux.vnet.ibm.com>
  Gerd Hoffmann <kraxel@redhat.com>
  Greg Kroah-Hartman <gregkh@linuxfoundation.org>
  Hannes Reinecke <hare@suse.de>
  Herbert Xu <herbert@gondor.apana.org.au>
  Herton R. Krzesinski <herton@redhat.com>
  Himanshu Madhani <himanshu.madhani@qlogic.com>
  Holger Hoffstätte <holger.hoffstaette@googlemail.com>
  Insu Yun <wuninsu@gmail.com>
  James Bottomley <James.Bottomley@HansenPartnership.com>
  James Hogan <james.hogan@imgtec.com>
  James Morris <james.l.morris@oracle.com>
  Jan Kara <jack@suse.cz>
  Jani Nikula <jani.nikula@intel.com>
  Jeremy McNicoll <jmcnicol@redhat.com>
  Kishon Vijay Abraham I <kishon@ti.com>
  Liam Girdwood <liam.r.girdwood@linux.intel.com>
  Linus Torvalds <torvalds@linux-foundation.org>
  Linus Walleij <linus.walleij@linaro.org>
  Mans Rullgard <mans@mansr.com>
  Mark Brown <broonie@kernel.org>
  Martin K. Petersen <martin.petersen@oracle.com>
  Martin Schwidefsky <schwidefsky@de.ibm.com>
  Mathias Krause <minipli@googlemail.com>
  Mika Westerberg <mika.westerberg@linux.intel.com>
  Mimi Zohar <zohar@linux.vnet.ibm.com>
  Nicholas Bellinger <nab@linux-iscsi.org>
  Nicolai Hähnle <nicolai.haehnle@amd.com>
  Nicolas Pitre <nico@linaro.org>
  Quinn Tran <quinn.tran@qlogic.com>
  Ralf Baechle <ralf@linux-mips.org>
  Ramesh Babu <ramesh.babu@intel.com>
  Rasmus Villemoes <linux@rasmusvillemoes.dk>
  Roger Quadros <rogerq@ti.com>
  Roland Dreier <roland@purestorage.com>
  Russell King <rmk+kernel@arm.linux.org.uk>
  Ryan Ware <ware@linux.intel.com>
  Sasha Levin <sasha.levin@oracle.com>
  Saurav Kashyap <saurav.kashyap@qlogic.com>
  Sebastian Andrzej Siewior <bigeasy@linutronix.de>
  Sergej Pupykin <ml@sergej.pp.ru>
  Shawn Lin <shawn.lin@rock-chips.com>
  Stefan Haberland <stefan.haberland@de.ibm.com>
  Steve French <smfrench@gmail.com>
  Steven Rostedt (Red Hat) <rostedt@goodmis.org>
  Steven Rostedt <rostedt@goodmis.org>
  Swapnil Nagle <swapnil.nagle@purestorage.com>
  Takashi Iwai <tiwai@suse.de>
  Tejun Heo <tj@kernel.org>
  Theodore Ts'o <tytso@mit.edu>
  Thomas Gleixner <tglx@linutronix.de>
  Tony Lindgren <tony@atomide.com>
  Vinod Koul <vinod.koul@intel.com>
  Viresh Kumar <viresh.kumar@linaro.org>
  Zany Yan <sirlight@cox.net>
  zengtao <prime.zeng@huawei.com>

jobs:
 build-amd64-xsm                                              pass    
 build-armhf-xsm                                              pass    
 build-i386-xsm                                               pass    
 build-amd64                                                  pass    
 build-armhf                                                  pass    
 build-i386                                                   pass    
 build-amd64-libvirt                                          pass    
 build-armhf-libvirt                                          pass    
 build-i386-libvirt                                           pass    
 build-amd64-pvops                                            pass    
 build-armhf-pvops                                            pass    
 build-i386-pvops                                             pass    
 build-amd64-rumpuserxen                                      fail    
 build-i386-rumpuserxen                                       fail    
 test-amd64-amd64-xl                                          pass    
 test-armhf-armhf-xl                                          pass    
 test-amd64-i386-xl                                           pass    
 test-amd64-amd64-xl-qemut-debianhvm-amd64-xsm                pass    
 test-amd64-i386-xl-qemut-debianhvm-amd64-xsm                 pass    
 test-amd64-amd64-libvirt-qemuu-debianhvm-amd64-xsm           pass    
 test-amd64-i386-libvirt-qemuu-debianhvm-amd64-xsm            pass    
 test-amd64-amd64-xl-qemuu-debianhvm-amd64-xsm                pass    
 test-amd64-i386-xl-qemuu-debianhvm-amd64-xsm                 pass    
 test-amd64-amd64-xl-qemut-stubdom-debianhvm-amd64-xsm        pass    
 test-amd64-i386-xl-qemut-stubdom-debianhvm-amd64-xsm         pass    
 test-amd64-amd64-libvirt-xsm                                 pass    
 test-armhf-armhf-libvirt-xsm                                 fail    
 test-amd64-i386-libvirt-xsm                                  pass    
 test-amd64-amd64-xl-xsm                                      pass    
 test-armhf-armhf-xl-xsm                                      pass    
 test-amd64-i386-xl-xsm                                       pass    
 test-amd64-amd64-qemuu-nested-amd                            fail    
 test-amd64-amd64-xl-pvh-amd                                  fail    
 test-amd64-i386-qemut-rhel6hvm-amd                           pass    
 test-amd64-i386-qemuu-rhel6hvm-amd                           pass    
 test-amd64-amd64-xl-qemut-debianhvm-amd64                    pass    
 test-amd64-i386-xl-qemut-debianhvm-amd64                     pass    
 test-amd64-amd64-xl-qemuu-debianhvm-amd64                    pass    
 test-amd64-i386-xl-qemuu-debianhvm-amd64                     pass    
 test-amd64-i386-freebsd10-amd64                              pass    
 test-amd64-amd64-xl-qemuu-ovmf-amd64                         pass    
 test-amd64-i386-xl-qemuu-ovmf-amd64                          pass    
 test-amd64-amd64-rumpuserxen-amd64                           blocked 
 test-amd64-amd64-xl-qemut-win7-amd64                         fail    
 test-amd64-i386-xl-qemut-win7-amd64                          pass    
 test-amd64-amd64-xl-qemuu-win7-amd64                         fail    
 test-amd64-i386-xl-qemuu-win7-amd64                          fail    
 test-armhf-armhf-xl-arndale                                  pass    
 test-amd64-amd64-xl-credit2                                  pass    
 test-armhf-armhf-xl-credit2                                  pass    
 test-armhf-armhf-xl-cubietruck                               pass    
 test-amd64-i386-freebsd10-i386                               pass    
 test-amd64-i386-rumpuserxen-i386                             blocked 
 test-amd64-amd64-qemuu-nested-intel                          pass    
 test-amd64-amd64-xl-pvh-intel                                fail    
 test-amd64-i386-qemut-rhel6hvm-intel                         pass    
 test-amd64-i386-qemuu-rhel6hvm-intel                         pass    
 test-amd64-amd64-libvirt                                     pass    
 test-armhf-armhf-libvirt                                     fail    
 test-amd64-i386-libvirt                                      pass    
 test-amd64-amd64-xl-multivcpu                                pass    
 test-armhf-armhf-xl-multivcpu                                pass    
 test-amd64-amd64-pair                                        pass    
 test-amd64-i386-pair                                         pass    
 test-amd64-amd64-libvirt-pair                                pass    
 test-amd64-i386-libvirt-pair                                 pass    
 test-amd64-amd64-amd64-pvgrub                                pass    
 test-amd64-amd64-i386-pvgrub                                 pass    
 test-amd64-amd64-pygrub                                      pass    
 test-armhf-armhf-libvirt-qcow2                               fail    
 test-amd64-amd64-xl-qcow2                                    pass    
 test-armhf-armhf-libvirt-raw                                 fail    
 test-amd64-i386-xl-raw                                       pass    
 test-amd64-amd64-xl-rtds                                     pass    
 test-armhf-armhf-xl-rtds                                     fail    
 test-amd64-i386-xl-qemut-winxpsp3-vcpus1                     pass    
 test-amd64-i386-xl-qemuu-winxpsp3-vcpus1                     pass    
 test-amd64-amd64-libvirt-vhd                                 pass    
 test-armhf-armhf-xl-vhd                                      pass    
 test-amd64-amd64-xl-qemut-winxpsp3                           pass    
 test-amd64-i386-xl-qemut-winxpsp3                            pass    
 test-amd64-amd64-xl-qemuu-winxpsp3                           pass    
 test-amd64-i386-xl-qemuu-winxpsp3                            pass    


------------------------------------------------------------
sg-report-flight on osstest.test-lab.xenproject.org
logs: /home/logs/logs
images: /home/logs/images

Logs, config files, etc. are available at
    http://logs.test-lab.xenproject.org/osstest/logs

Explanation of these reports, and of osstest in general, is at
    http://xenbits.xen.org/gitweb/?p=osstest.git;a=blob;f=README.email;hb=master
    http://xenbits.xen.org/gitweb/?p=osstest.git;a=blob;f=README;hb=master

Test harness code can be found at
    http://xenbits.xen.org/gitweb?p=osstest.git;a=summary


Pushing revision :

+ branch=linux-3.18
+ revision=0f67c5beb42a8328e9e661dcfcc4d328b6138264
+ . ./cri-lock-repos
++ . ./cri-common
+++ . ./cri-getconfig
+++ umask 002
+++ getrepos
++++ getconfig Repos
++++ perl -e '
                use Osstest;
                readglobalconfig();
                print $c{"Repos"} or die $!;
        '
+++ local repos=/home/osstest/repos
+++ '[' -z /home/osstest/repos ']'
+++ '[' '!' -d /home/osstest/repos ']'
+++ echo /home/osstest/repos
++ repos=/home/osstest/repos
++ repos_lock=/home/osstest/repos/lock
++ '[' x '!=' x/home/osstest/repos/lock ']'
++ OSSTEST_REPOS_LOCK_LOCKED=/home/osstest/repos/lock
++ exec with-lock-ex -w /home/osstest/repos/lock ./ap-push linux-3.18 0f67c5beb42a8328e9e661dcfcc4d328b6138264
+ branch=linux-3.18
+ revision=0f67c5beb42a8328e9e661dcfcc4d328b6138264
+ . ./cri-lock-repos
++ . ./cri-common
+++ . ./cri-getconfig
+++ umask 002
+++ getrepos
++++ getconfig Repos
++++ perl -e '
                use Osstest;
                readglobalconfig();
                print $c{"Repos"} or die $!;
        '
+++ local repos=/home/osstest/repos
+++ '[' -z /home/osstest/repos ']'
+++ '[' '!' -d /home/osstest/repos ']'
+++ echo /home/osstest/repos
++ repos=/home/osstest/repos
++ repos_lock=/home/osstest/repos/lock
++ '[' x/home/osstest/repos/lock '!=' x/home/osstest/repos/lock ']'
+ . ./cri-common
++ . ./cri-getconfig
++ umask 002
+ select_xenbranch
+ case "$branch" in
+ tree=linux
+ xenbranch=xen-unstable
+ '[' xlinux = xlinux ']'
+ linuxbranch=linux-3.18
+ '[' x = x ']'
+ qemuubranch=qemu-upstream-unstable
+ select_prevxenbranch
++ ./cri-getprevxenbranch xen-unstable
+ prevxenbranch=xen-4.6-testing
+ '[' x0f67c5beb42a8328e9e661dcfcc4d328b6138264 = x ']'
+ : tested/2.6.39.x
+ . ./ap-common
++ : osstest@xenbits.xen.org
+++ getconfig OsstestUpstream
+++ perl -e '
                use Osstest;
                readglobalconfig();
                print $c{"OsstestUpstream"} or die $!;
        '
++ :
++ : git://xenbits.xen.org/xen.git
++ : osstest@xenbits.xen.org:/home/xen/git/xen.git
++ : git://xenbits.xen.org/qemu-xen-traditional.git
++ : git://git.kernel.org
++ : git://git.kernel.org/pub/scm/linux/kernel/git
++ : git
++ : git://xenbits.xen.org/libvirt.git
++ : osstest@xenbits.xen.org:/home/xen/git/libvirt.git
++ : git://xenbits.xen.org/libvirt.git
++ : git://xenbits.xen.org/rumpuser-xen.git
++ : git
++ : git://xenbits.xen.org/rumpuser-xen.git
++ : osstest@xenbits.xen.org:/home/xen/git/rumpuser-xen.git
+++ besteffort_repo https://github.com/rumpkernel/rumpkernel-netbsd-src
+++ local repo=https://github.com/rumpkernel/rumpkernel-netbsd-src
+++ cached_repo https://github.com/rumpkernel/rumpkernel-netbsd-src '[fetch=try]'
+++ local repo=https://github.com/rumpkernel/rumpkernel-netbsd-src
+++ local 'options=[fetch=try]'
++++ getconfig GitCacheProxy
++++ perl -e '
                use Osstest;
                readglobalconfig();
                print $c{"GitCacheProxy"} or die $!;
        '
+++ local cache=git://cache:9419/
+++ '[' xgit://cache:9419/ '!=' x ']'
+++ echo 'git://cache:9419/https://github.com/rumpkernel/rumpkernel-netbsd-src%20[fetch=try]'
++ : 'git://cache:9419/https://github.com/rumpkernel/rumpkernel-netbsd-src%20[fetch=try]'
++ : git
++ : git://git.seabios.org/seabios.git
++ : osstest@xenbits.xen.org:/home/xen/git/osstest/seabios.git
++ : git://xenbits.xen.org/osstest/seabios.git
++ : https://github.com/tianocore/edk2.git
++ : osstest@xenbits.xen.org:/home/xen/git/osstest/ovmf.git
++ : git://xenbits.xen.org/osstest/ovmf.git
++ : git://xenbits.xen.org/osstest/linux-firmware.git
++ : osstest@xenbits.xen.org:/home/osstest/ext/linux-firmware.git
++ : git://git.kernel.org/pub/scm/linux/kernel/git/firmware/linux-firmware.git
++ : osstest@xenbits.xen.org:/home/xen/git/linux-pvops.git
++ : git://xenbits.xen.org/linux-pvops.git
++ : tested/linux-3.14
++ : tested/linux-arm-xen
++ '[' xgit://git.kernel.org/pub/scm/linux/kernel/git/stable/linux-stable.git = x ']'
++ '[' xgit://git.kernel.org/pub/scm/linux/kernel/git/stable/linux-stable.git = x ']'
++ : git://git.kernel.org/pub/scm/linux/kernel/git/konrad/xen.git
++ : tested/2.6.39.x
++ : daily-cron.linux-3.18
++ : daily-cron.linux-3.18
++ : daily-cron.linux-3.18
++ : daily-cron.linux-3.18
++ : daily-cron.linux-3.18
++ : daily-cron.linux-3.18
++ : http://hg.uk.xensource.com/carbon/trunk/linux-2.6.27
++ : git://xenbits.xen.org/qemu-xen.git
++ : osstest@xenbits.xen.org:/home/xen/git/qemu-xen.git
++ : daily-cron.linux-3.18
++ : git://xenbits.xen.org/qemu-xen.git
++ : git://git.qemu.org/qemu.git
+ TREE_LINUX=osstest@xenbits.xen.org:/home/xen/git/linux-pvops.git
+ TREE_QEMU_UPSTREAM=osstest@xenbits.xen.org:/home/xen/git/qemu-xen.git
+ TREE_XEN=osstest@xenbits.xen.org:/home/xen/git/xen.git
+ TREE_LIBVIRT=osstest@xenbits.xen.org:/home/xen/git/libvirt.git
+ TREE_RUMPUSERXEN=osstest@xenbits.xen.org:/home/xen/git/rumpuser-xen.git
+ TREE_SEABIOS=osstest@xenbits.xen.org:/home/xen/git/osstest/seabios.git
+ TREE_OVMF=osstest@xenbits.xen.org:/home/xen/git/osstest/ovmf.git
+ info_linux_tree linux-3.18
+ case $1 in
+ : git://git.kernel.org/pub/scm/linux/kernel/git/stable/linux-stable.git
+ : linux-3.18.y
+ : linux-3.18.y
+ : git
+ : git
+ : git://xenbits.xen.org/linux-pvops.git
+ : osstest@xenbits.xen.org:/home/xen/git/linux-pvops.git
+ : tested/linux-3.18
+ : refs/heads/tested/linux-3.18
+ return 0
+ cd /home/osstest/repos/linux
+ git push osstest@xenbits.xen.org:/home/xen/git/linux-pvops.git 0f67c5beb42a8328e9e661dcfcc4d328b6138264:refs/heads/tested/linux-3.18
To osstest@xenbits.xen.org:/home/xen/git/linux-pvops.git
   2c07053..0f67c5b  0f67c5beb42a8328e9e661dcfcc4d328b6138264 -> tested/linux-3.18
+ exit 0


[-- Attachment #2: Type: text/plain, Size: 126 bytes --]

_______________________________________________
Xen-devel mailing list
Xen-devel@lists.xen.org
http://lists.xen.org/xen-devel

                 reply	other threads:[~2016-03-06 18:33 UTC|newest]

Thread overview: [no followups] expand[flat|nested]  mbox.gz  Atom feed

Reply instructions:

You may reply publicly to this message via plain-text email
using any one of the following methods:

* Save the following mbox file, import it into your mail client,
  and reply-to-all from there: mbox

  Avoid top-posting and favor interleaved quoting:
  https://en.wikipedia.org/wiki/Posting_style#Interleaved_style

* Reply using the --to, --cc, and --in-reply-to
  switches of git-send-email(1):

  git send-email \
    --in-reply-to=osstest-85493-mainreport@xen.org \
    --to=osstest-admin@xenproject.org \
    --cc=xen-devel@lists.xensource.com \
    /path/to/YOUR_REPLY

  https://kernel.org/pub/software/scm/git/docs/git-send-email.html

* If your mail client supports setting the In-Reply-To header
  via mailto: links, try the mailto: link
Be sure your reply has a Subject: header at the top and a blank line before the message body.
This is a public inbox, see mirroring instructions
for how to clone and mirror all data and code used for this inbox;
as well as URLs for NNTP newsgroup(s).