From mboxrd@z Thu Jan 1 00:00:00 1970 From: xen.org Subject: [xen-4.1-testing test] 8864: regressions - FAIL Date: Thu, 8 Sep 2011 19:00:45 +0100 Message-ID: Mime-Version: 1.0 Content-Type: text/plain Return-path: List-Unsubscribe: , List-Post: List-Help: List-Subscribe: , Sender: xen-devel-bounces@lists.xensource.com Errors-To: xen-devel-bounces@lists.xensource.com To: xen-devel@lists.xensource.com Cc: ian.jackson@eu.citrix.com List-Id: xen-devel@lists.xenproject.org flight 8864 xen-4.1-testing real [real] http://www.chiark.greenend.org.uk/~xensrcts/logs/8864/ Regressions :-( Tests which did not succeed and are blocking: test-amd64-amd64-xl-sedf 10 guest-saverestore fail REGR. vs. 8853 Tests which did not succeed, but are not blocking, including regressions (tests previously passed) regarded as allowable: test-amd64-amd64-xl-pcipt-intel 9 guest-start fail never pass test-amd64-i386-rhel6hvm-intel 9 guest-start.2 fail never pass test-amd64-i386-rhel6hvm-amd 9 guest-start.2 fail never pass test-amd64-i386-win-vcpus1 16 leak-check/check fail never pass test-amd64-i386-xl-win-vcpus1 13 guest-stop fail never pass test-amd64-i386-win 16 leak-check/check fail never pass test-amd64-amd64-win 16 leak-check/check fail never pass test-amd64-amd64-xl-win 13 guest-stop fail never pass test-i386-i386-win 16 leak-check/check fail never pass test-i386-i386-xl-win 13 guest-stop fail never pass version targeted for testing: xen 78d8c5227bb1 baseline version: xen 2376070f6685 ------------------------------------------------------------ People who touched revisions under test: ------------------------------------------------------------ jobs: build-amd64 pass build-i386 pass build-amd64-oldkern pass build-i386-oldkern pass build-amd64-pvops pass build-i386-pvops pass test-amd64-amd64-xl pass test-amd64-i386-xl pass test-i386-i386-xl pass test-amd64-i386-rhel6hvm-amd fail test-amd64-i386-xl-credit2 pass test-amd64-amd64-xl-pcipt-intel fail test-amd64-i386-rhel6hvm-intel fail test-amd64-i386-xl-multivcpu pass test-amd64-amd64-pair pass test-amd64-i386-pair pass test-i386-i386-pair pass test-amd64-amd64-pv pass test-amd64-i386-pv pass test-i386-i386-pv pass test-amd64-amd64-xl-sedf fail test-amd64-i386-win-vcpus1 fail test-amd64-i386-xl-win-vcpus1 fail test-amd64-amd64-win fail test-amd64-i386-win fail test-i386-i386-win fail test-amd64-amd64-xl-win fail test-i386-i386-xl-win fail ------------------------------------------------------------ sg-report-flight on woking.cam.xci-test.com logs: /home/xc_osstest/logs images: /home/xc_osstest/images Logs, config files, etc. are available at http://www.chiark.greenend.org.uk/~xensrcts/logs Test harness code can be found at http://xenbits.xensource.com/gitweb?p=osstest.git;a=summary Not pushing. ------------------------------------------------------------ changeset: 23152:78d8c5227bb1 tag: tip user: Keir Fraser date: Thu Sep 08 12:24:35 2011 +0100 Update Xen version to 4.1.2-rc3-pre changeset: 23151:2376070f6685 user: Keir Fraser date: Wed Sep 07 10:41:01 2011 +0100 Added signature for changeset 3e6a3bf83935 (qemu changes not included)