From mboxrd@z Thu Jan 1 00:00:00 1970 From: osstest service owner Subject: [linux-4.1 test] 91350: tolerable FAIL - PUSHED Date: Fri, 15 Apr 2016 04:02:39 +0000 Message-ID: Mime-Version: 1.0 Content-Type: multipart/mixed; boundary="===============8234713261294065236==" Return-path: List-Unsubscribe: , List-Post: List-Help: List-Subscribe: , Errors-To: xen-devel-bounces@lists.xen.org Sender: "Xen-devel" To: xen-devel@lists.xensource.com, osstest-admin@xenproject.org List-Id: xen-devel@lists.xenproject.org --===============8234713261294065236== Content-Type: text/plain flight 91350 linux-4.1 real [real] http://logs.test-lab.xenproject.org/osstest/logs/91350/ Failures :-/ but no regressions. Tests which are failing intermittently (not blocking): test-amd64-amd64-libvirt 6 xen-boot fail in 91189 pass in 91350 test-amd64-amd64-xl-qemut-stubdom-debianhvm-amd64-xsm 13 guest-localmigrate fail pass in 91189 Regressions which are regarded as allowable (not blocking): test-armhf-armhf-xl-cubietruck 15 guest-start/debian.repeat fail in 91189 like 88721 test-amd64-i386-libvirt-pair 21 guest-migrate/src_host/dst_host fail in 91189 like 88832 test-amd64-amd64-libvirt-pair 21 guest-migrate/src_host/dst_host fail in 91189 like 88832 test-armhf-armhf-xl-cubietruck 11 guest-start fail like 87395 test-armhf-armhf-xl-multivcpu 15 guest-start/debian.repeat fail like 88251 test-armhf-armhf-xl 15 guest-start/debian.repeat fail like 88251 test-armhf-armhf-xl-credit2 15 guest-start/debian.repeat fail like 88639 test-armhf-armhf-xl-xsm 11 guest-start fail like 88721 test-armhf-armhf-xl-rtds 11 guest-start fail like 88721 test-armhf-armhf-xl-vhd 9 debian-di-install fail like 88721 build-amd64-rumpuserxen 6 xen-build fail like 88832 build-i386-rumpuserxen 6 xen-build fail like 88832 test-amd64-amd64-xl-qemuu-win7-amd64 16 guest-stop fail like 88832 test-amd64-i386-xl-qemuu-win7-amd64 16 guest-stop fail like 88832 test-amd64-i386-xl-qemut-win7-amd64 16 guest-stop fail like 88832 test-amd64-amd64-xl-qemut-win7-amd64 16 guest-stop fail like 88832 Tests which did not succeed, but are not blocking: test-amd64-amd64-rumpuserxen-amd64 1 build-check(1) blocked n/a test-amd64-i386-rumpuserxen-i386 1 build-check(1) blocked n/a test-armhf-armhf-xl-cubietruck 12 migrate-support-check fail in 91189 never pass test-armhf-armhf-xl-cubietruck 13 saverestore-support-check fail in 91189 never pass test-amd64-amd64-xl-pvh-intel 14 guest-saverestore fail never pass test-amd64-amd64-xl-pvh-amd 11 guest-start fail never pass test-armhf-armhf-libvirt 14 guest-saverestore fail never pass test-armhf-armhf-libvirt 12 migrate-support-check fail never pass test-armhf-armhf-libvirt-xsm 12 migrate-support-check fail never pass test-armhf-armhf-libvirt-xsm 14 guest-saverestore fail never pass test-amd64-i386-libvirt 12 migrate-support-check fail never pass test-amd64-i386-libvirt-xsm 12 migrate-support-check fail never pass test-amd64-amd64-libvirt 12 migrate-support-check fail never pass test-amd64-amd64-qemuu-nested-amd 16 debian-hvm-install/l1/l2 fail never pass test-armhf-armhf-xl-arndale 12 migrate-support-check fail never pass test-armhf-armhf-xl-arndale 13 saverestore-support-check fail never pass test-amd64-amd64-libvirt-qemuu-debianhvm-amd64-xsm 10 migrate-support-check fail never pass test-amd64-i386-libvirt-qemuu-debianhvm-amd64-xsm 10 migrate-support-check fail never pass test-armhf-armhf-xl-credit2 13 saverestore-support-check fail never pass test-armhf-armhf-xl-credit2 12 migrate-support-check fail never pass test-amd64-amd64-libvirt-vhd 11 migrate-support-check fail never pass test-amd64-amd64-libvirt-xsm 12 migrate-support-check fail never pass test-armhf-armhf-xl-multivcpu 13 saverestore-support-check fail never pass test-armhf-armhf-xl-multivcpu 12 migrate-support-check fail never pass test-armhf-armhf-xl 12 migrate-support-check fail never pass test-armhf-armhf-xl 13 saverestore-support-check fail never pass test-armhf-armhf-libvirt-raw 9 debian-di-install fail never pass test-armhf-armhf-libvirt-qcow2 11 migrate-support-check fail never pass test-armhf-armhf-libvirt-qcow2 13 guest-saverestore fail never pass version targeted for testing: linux 206f91a12c5f69c9b4dfd4e0029043794a046933 baseline version: linux 7f30737678023b5becaf0e2e012665f71b886a7d Last test of basis 88832 2016-04-05 16:02:25 Z 9 days Testing same since 89248 2016-04-06 22:18:27 Z 8 days 6 attempts ------------------------------------------------------------ People who touched revisions under test: Al Viro Alex Deucher Alexander Shishkin Anand Moon Avery Pennarun Catalin Marinas Charles Keepax Chris Bainbridge Dave Gerlach David Engraf Emmanuel Grumbach Felipe Balbi Felix Fietkau Greg Kroah-Hartman Grygorii Strashko Hauke Mehrtens He Kuang Ingo Molnar James Hogan Jan Kara Johannes Berg Jouni Malinen Ken Moffat Konstantin Khlebnikov Liad Kaufman Lokesh Vutla Ludovic Desroches Marc Kleine-Budde Mark Brown Markos Chandras Martin Schwidefsky Maximilain Schneider Maximilian Schneider Michael S. Tsirkin Miklos Szeredi Mugunthan V N Nicholas Bellinger Paolo Bonzini Paul Mackerras Paul Walmsley Peter Ujfalusi Peter Zijlstra (Intel) Peter Zijlstra Radim Krčmář Ralf Baechle Rob Herring Roger Quadros Rui Wang Sasha Levin Sekhar Nori Steven Rostedt (Red Hat) Steven Rostedt Sudeep Holla Sudip Mukherjee Sven Eckelmann Sven Eckelmann Takashi Iwai Theodore Ts'o Tony Lindgren Vinod Koul Vivek Goyal Will Deacon Yang Shi jobs: build-amd64-xsm pass build-armhf-xsm pass build-i386-xsm pass build-amd64 pass build-armhf pass build-i386 pass build-amd64-libvirt pass build-armhf-libvirt pass build-i386-libvirt pass build-amd64-pvops pass build-armhf-pvops pass build-i386-pvops pass build-amd64-rumpuserxen fail build-i386-rumpuserxen fail test-amd64-amd64-xl pass test-armhf-armhf-xl fail test-amd64-i386-xl pass test-amd64-amd64-xl-qemut-debianhvm-amd64-xsm pass test-amd64-i386-xl-qemut-debianhvm-amd64-xsm pass test-amd64-amd64-libvirt-qemuu-debianhvm-amd64-xsm pass test-amd64-i386-libvirt-qemuu-debianhvm-amd64-xsm pass test-amd64-amd64-xl-qemuu-debianhvm-amd64-xsm pass test-amd64-i386-xl-qemuu-debianhvm-amd64-xsm pass test-amd64-amd64-xl-qemut-stubdom-debianhvm-amd64-xsm fail test-amd64-i386-xl-qemut-stubdom-debianhvm-amd64-xsm pass test-amd64-amd64-libvirt-xsm pass test-armhf-armhf-libvirt-xsm fail test-amd64-i386-libvirt-xsm pass test-amd64-amd64-xl-xsm pass test-armhf-armhf-xl-xsm fail test-amd64-i386-xl-xsm pass test-amd64-amd64-qemuu-nested-amd fail test-amd64-amd64-xl-pvh-amd fail test-amd64-i386-qemut-rhel6hvm-amd pass test-amd64-i386-qemuu-rhel6hvm-amd pass test-amd64-amd64-xl-qemut-debianhvm-amd64 pass test-amd64-i386-xl-qemut-debianhvm-amd64 pass test-amd64-amd64-xl-qemuu-debianhvm-amd64 pass test-amd64-i386-xl-qemuu-debianhvm-amd64 pass test-amd64-i386-freebsd10-amd64 pass test-amd64-amd64-xl-qemuu-ovmf-amd64 pass test-amd64-i386-xl-qemuu-ovmf-amd64 pass test-amd64-amd64-rumpuserxen-amd64 blocked test-amd64-amd64-xl-qemut-win7-amd64 fail test-amd64-i386-xl-qemut-win7-amd64 fail test-amd64-amd64-xl-qemuu-win7-amd64 fail test-amd64-i386-xl-qemuu-win7-amd64 fail test-armhf-armhf-xl-arndale pass test-amd64-amd64-xl-credit2 pass test-armhf-armhf-xl-credit2 fail test-armhf-armhf-xl-cubietruck fail test-amd64-i386-freebsd10-i386 pass test-amd64-i386-rumpuserxen-i386 blocked test-amd64-amd64-qemuu-nested-intel pass test-amd64-amd64-xl-pvh-intel fail test-amd64-i386-qemut-rhel6hvm-intel pass test-amd64-i386-qemuu-rhel6hvm-intel pass test-amd64-amd64-libvirt pass test-armhf-armhf-libvirt fail test-amd64-i386-libvirt pass test-amd64-amd64-xl-multivcpu pass test-armhf-armhf-xl-multivcpu fail test-amd64-amd64-pair pass test-amd64-i386-pair pass test-amd64-amd64-libvirt-pair pass test-amd64-i386-libvirt-pair pass test-amd64-amd64-amd64-pvgrub pass test-amd64-amd64-i386-pvgrub pass test-amd64-amd64-pygrub pass test-armhf-armhf-libvirt-qcow2 fail test-amd64-amd64-xl-qcow2 pass test-armhf-armhf-libvirt-raw fail test-amd64-i386-xl-raw pass test-amd64-amd64-xl-rtds pass test-armhf-armhf-xl-rtds fail test-amd64-i386-xl-qemut-winxpsp3-vcpus1 pass test-amd64-i386-xl-qemuu-winxpsp3-vcpus1 pass test-amd64-amd64-libvirt-vhd pass test-armhf-armhf-xl-vhd fail test-amd64-amd64-xl-qemut-winxpsp3 pass test-amd64-i386-xl-qemut-winxpsp3 pass test-amd64-amd64-xl-qemuu-winxpsp3 pass test-amd64-i386-xl-qemuu-winxpsp3 pass ------------------------------------------------------------ sg-report-flight on osstest.test-lab.xenproject.org logs: /home/logs/logs images: /home/logs/images Logs, config files, etc. are available at http://logs.test-lab.xenproject.org/osstest/logs Explanation of these reports, and of osstest in general, is at http://xenbits.xen.org/gitweb/?p=osstest.git;a=blob;f=README.email;hb=master http://xenbits.xen.org/gitweb/?p=osstest.git;a=blob;f=README;hb=master Test harness code can be found at http://xenbits.xen.org/gitweb?p=osstest.git;a=summary Pushing revision : + branch=linux-4.1 + revision=206f91a12c5f69c9b4dfd4e0029043794a046933 + . ./cri-lock-repos ++ . ./cri-common +++ . ./cri-getconfig +++ umask 002 +++ getrepos ++++ getconfig Repos ++++ perl -e ' use Osstest; readglobalconfig(); print $c{"Repos"} or die $!; ' +++ local repos=/home/osstest/repos +++ '[' -z /home/osstest/repos ']' +++ '[' '!' -d /home/osstest/repos ']' +++ echo /home/osstest/repos ++ repos=/home/osstest/repos ++ repos_lock=/home/osstest/repos/lock ++ '[' x '!=' x/home/osstest/repos/lock ']' ++ OSSTEST_REPOS_LOCK_LOCKED=/home/osstest/repos/lock ++ exec with-lock-ex -w /home/osstest/repos/lock ./ap-push linux-4.1 206f91a12c5f69c9b4dfd4e0029043794a046933 + branch=linux-4.1 + revision=206f91a12c5f69c9b4dfd4e0029043794a046933 + . ./cri-lock-repos ++ . ./cri-common +++ . ./cri-getconfig +++ umask 002 +++ getrepos ++++ getconfig Repos ++++ perl -e ' use Osstest; readglobalconfig(); print $c{"Repos"} or die $!; ' +++ local repos=/home/osstest/repos +++ '[' -z /home/osstest/repos ']' +++ '[' '!' -d /home/osstest/repos ']' +++ echo /home/osstest/repos ++ repos=/home/osstest/repos ++ repos_lock=/home/osstest/repos/lock ++ '[' x/home/osstest/repos/lock '!=' x/home/osstest/repos/lock ']' + . ./cri-common ++ . ./cri-getconfig ++ umask 002 + select_xenbranch + case "$branch" in + tree=linux + xenbranch=xen-unstable + '[' xlinux = xlinux ']' + linuxbranch=linux-4.1 + '[' x = x ']' + qemuubranch=qemu-upstream-unstable + select_prevxenbranch ++ ./cri-getprevxenbranch xen-unstable + prevxenbranch=xen-4.6-testing + '[' x206f91a12c5f69c9b4dfd4e0029043794a046933 = x ']' + : tested/2.6.39.x + . ./ap-common ++ : osstest@xenbits.xen.org +++ getconfig OsstestUpstream +++ perl -e ' use Osstest; readglobalconfig(); print $c{"OsstestUpstream"} or die $!; ' ++ : ++ : git://xenbits.xen.org/xen.git ++ : osstest@xenbits.xen.org:/home/xen/git/xen.git ++ : git://xenbits.xen.org/qemu-xen-traditional.git ++ : git://git.kernel.org ++ : git://git.kernel.org/pub/scm/linux/kernel/git ++ : git ++ : git://xenbits.xen.org/libvirt.git ++ : osstest@xenbits.xen.org:/home/xen/git/libvirt.git ++ : git://xenbits.xen.org/libvirt.git ++ : git://xenbits.xen.org/rumpuser-xen.git ++ : git ++ : git://xenbits.xen.org/rumpuser-xen.git ++ : osstest@xenbits.xen.org:/home/xen/git/rumpuser-xen.git +++ besteffort_repo https://github.com/rumpkernel/rumpkernel-netbsd-src +++ local repo=https://github.com/rumpkernel/rumpkernel-netbsd-src +++ cached_repo https://github.com/rumpkernel/rumpkernel-netbsd-src '[fetch=try]' +++ local repo=https://github.com/rumpkernel/rumpkernel-netbsd-src +++ local 'options=[fetch=try]' ++++ getconfig GitCacheProxy ++++ perl -e ' use Osstest; readglobalconfig(); print $c{"GitCacheProxy"} or die $!; ' +++ local cache=git://cache:9419/ +++ '[' xgit://cache:9419/ '!=' x ']' +++ echo 'git://cache:9419/https://github.com/rumpkernel/rumpkernel-netbsd-src%20[fetch=try]' ++ : 'git://cache:9419/https://github.com/rumpkernel/rumpkernel-netbsd-src%20[fetch=try]' ++ : git ++ : git://git.seabios.org/seabios.git ++ : osstest@xenbits.xen.org:/home/xen/git/osstest/seabios.git ++ : git://xenbits.xen.org/osstest/seabios.git ++ : https://github.com/tianocore/edk2.git ++ : osstest@xenbits.xen.org:/home/xen/git/osstest/ovmf.git ++ : git://xenbits.xen.org/osstest/ovmf.git ++ : git://xenbits.xen.org/osstest/linux-firmware.git ++ : osstest@xenbits.xen.org:/home/osstest/ext/linux-firmware.git ++ : git://git.kernel.org/pub/scm/linux/kernel/git/firmware/linux-firmware.git ++ : osstest@xenbits.xen.org:/home/xen/git/linux-pvops.git ++ : git://xenbits.xen.org/linux-pvops.git ++ : tested/linux-3.14 ++ : tested/linux-arm-xen ++ '[' xgit://git.kernel.org/pub/scm/linux/kernel/git/stable/linux-stable.git = x ']' ++ '[' xgit://git.kernel.org/pub/scm/linux/kernel/git/stable/linux-stable.git = x ']' ++ : git://git.kernel.org/pub/scm/linux/kernel/git/konrad/xen.git ++ : tested/2.6.39.x ++ : daily-cron.linux-4.1 ++ : daily-cron.linux-4.1 ++ : daily-cron.linux-4.1 ++ : daily-cron.linux-4.1 ++ : daily-cron.linux-4.1 ++ : daily-cron.linux-4.1 ++ : http://hg.uk.xensource.com/carbon/trunk/linux-2.6.27 ++ : git://xenbits.xen.org/qemu-xen.git ++ : osstest@xenbits.xen.org:/home/xen/git/qemu-xen.git ++ : daily-cron.linux-4.1 ++ : git://xenbits.xen.org/qemu-xen.git ++ : git://git.qemu.org/qemu.git + TREE_LINUX=osstest@xenbits.xen.org:/home/xen/git/linux-pvops.git + TREE_QEMU_UPSTREAM=osstest@xenbits.xen.org:/home/xen/git/qemu-xen.git + TREE_XEN=osstest@xenbits.xen.org:/home/xen/git/xen.git + TREE_LIBVIRT=osstest@xenbits.xen.org:/home/xen/git/libvirt.git + TREE_RUMPUSERXEN=osstest@xenbits.xen.org:/home/xen/git/rumpuser-xen.git + TREE_SEABIOS=osstest@xenbits.xen.org:/home/xen/git/osstest/seabios.git + TREE_OVMF=osstest@xenbits.xen.org:/home/xen/git/osstest/ovmf.git + info_linux_tree linux-4.1 + case $1 in + : git://git.kernel.org/pub/scm/linux/kernel/git/stable/linux-stable.git + : linux-4.1.y + : linux-4.1.y + : git + : git + : git://xenbits.xen.org/linux-pvops.git + : osstest@xenbits.xen.org:/home/xen/git/linux-pvops.git + : tested/linux-4.1 + : refs/heads/tested/linux-4.1 + return 0 + cd /home/osstest/repos/linux + git push osstest@xenbits.xen.org:/home/xen/git/linux-pvops.git 206f91a12c5f69c9b4dfd4e0029043794a046933:refs/heads/tested/linux-4.1 To osstest@xenbits.xen.org:/home/xen/git/linux-pvops.git 7f30737..206f91a 206f91a12c5f69c9b4dfd4e0029043794a046933 -> tested/linux-4.1 + exit 0 --===============8234713261294065236== Content-Type: text/plain; charset="utf-8" MIME-Version: 1.0 Content-Transfer-Encoding: base64 Content-Disposition: inline X19fX19fX19fX19fX19fX19fX19fX19fX19fX19fX19fX19fX19fX19fX19fX18KWGVuLWRldmVs IG1haWxpbmcgbGlzdApYZW4tZGV2ZWxAbGlzdHMueGVuLm9yZwpodHRwOi8vbGlzdHMueGVuLm9y Zy94ZW4tZGV2ZWwK --===============8234713261294065236==--