From mboxrd@z Thu Jan 1 00:00:00 1970 From: osstest service owner Subject: [qemu-mainline test] 91359: regressions - FAIL Date: Fri, 15 Apr 2016 04:51:46 +0000 Message-ID: Mime-Version: 1.0 Content-Type: multipart/mixed; boundary="===============1548493064710518211==" Return-path: List-Unsubscribe: , List-Post: List-Help: List-Subscribe: , Errors-To: xen-devel-bounces@lists.xen.org Sender: "Xen-devel" To: xen-devel@lists.xensource.com, osstest-admin@xenproject.org List-Id: xen-devel@lists.xenproject.org --===============1548493064710518211== Content-Type: text/plain flight 91359 qemu-mainline real [real] http://logs.test-lab.xenproject.org/osstest/logs/91359/ Regressions :-( Tests which did not succeed and are blocking, including tests which could not be run: test-armhf-armhf-libvirt 9 debian-install fail REGR. vs. 86454 test-armhf-armhf-xl-credit2 16 guest-start.2 fail REGR. vs. 86454 Regressions which are regarded as allowable (not blocking): test-armhf-armhf-xl-rtds 15 guest-start/debian.repeat fail blocked in 86454 test-amd64-amd64-xl-qemuu-win7-amd64 16 guest-stop fail like 86454 test-amd64-i386-xl-qemuu-win7-amd64 16 guest-stop fail like 86454 Tests which did not succeed, but are not blocking: test-amd64-amd64-xl-pvh-amd 11 guest-start fail never pass test-amd64-amd64-xl-pvh-intel 11 guest-start fail never pass test-armhf-armhf-libvirt-qcow2 11 migrate-support-check fail never pass test-armhf-armhf-libvirt-qcow2 13 guest-saverestore fail never pass test-amd64-amd64-libvirt-qemuu-debianhvm-amd64-xsm 10 migrate-support-check fail never pass test-amd64-i386-libvirt 12 migrate-support-check fail never pass test-amd64-i386-libvirt-qemuu-debianhvm-amd64-xsm 10 migrate-support-check fail never pass test-amd64-amd64-libvirt-xsm 12 migrate-support-check fail never pass test-amd64-amd64-libvirt 12 migrate-support-check fail never pass test-armhf-armhf-xl-xsm 13 saverestore-support-check fail never pass test-armhf-armhf-xl-xsm 12 migrate-support-check fail never pass test-amd64-amd64-qemuu-nested-amd 16 debian-hvm-install/l1/l2 fail never pass test-armhf-armhf-xl-credit2 13 saverestore-support-check fail never pass test-armhf-armhf-xl-credit2 12 migrate-support-check fail never pass test-armhf-armhf-xl-cubietruck 12 migrate-support-check fail never pass test-armhf-armhf-xl-cubietruck 13 saverestore-support-check fail never pass test-armhf-armhf-xl-multivcpu 13 saverestore-support-check fail never pass test-armhf-armhf-xl-multivcpu 12 migrate-support-check fail never pass test-armhf-armhf-xl-rtds 13 saverestore-support-check fail never pass test-armhf-armhf-xl-rtds 12 migrate-support-check fail never pass test-armhf-armhf-libvirt-xsm 12 migrate-support-check fail never pass test-armhf-armhf-libvirt-xsm 14 guest-saverestore fail never pass test-armhf-armhf-xl 12 migrate-support-check fail never pass test-armhf-armhf-xl 13 saverestore-support-check fail never pass test-amd64-amd64-libvirt-vhd 11 migrate-support-check fail never pass test-amd64-i386-libvirt-xsm 12 migrate-support-check fail never pass test-armhf-armhf-xl-arndale 12 migrate-support-check fail never pass test-armhf-armhf-xl-arndale 13 saverestore-support-check fail never pass test-armhf-armhf-libvirt-raw 13 guest-saverestore fail never pass test-armhf-armhf-libvirt-raw 11 migrate-support-check fail never pass test-armhf-armhf-xl-vhd 11 migrate-support-check fail never pass test-armhf-armhf-xl-vhd 12 saverestore-support-check fail never pass version targeted for testing: qemuu 8b4aaba736e55c8ab6d71350f850a6642f0165b9 baseline version: qemuu d1f8764099022bc1173f2413331b26d4ff609a0c Last test of basis 86454 2016-03-17 06:01:30 Z 28 days Failing since 86547 2016-03-18 07:12:41 Z 27 days 27 attempts Testing same since 91359 2016-04-14 05:53:36 Z 0 days 1 attempts ------------------------------------------------------------ People who touched revisions under test: Alberto Garcia Alex Bennée Alex Bligh Alex Williamson Alexey Kardashevskiy Andrew Baumann Andrey Smetanin Anthony Perard Aurelien Jarno Bandan Das Bastian Koppelmann Benjamin Herrenschmidt Bharata B Rao Bill Paul Bruce Rogers Cao jin Changlong Xie Christophe Fergeau Corey Minyard Cornelia Huck Cédric Le Goater Daniel P. Berrange David Gibson Denis V. Lunev Dr. David Alan Gilbert Ed Maste Edgar E. Iglesias Edgar E. Iglesias Eduardo Habkost Emilio G. Cota Eric Blake Eugene (jno) Dvurechenski Fam Zheng Gerd Hoffmann Gonglei Hervé Poussineau Isaac Lozano <109lozanoi@gmail.com> James Hogan Jason Wang Jeff Cody John Arbuckle John Snow Kevin Wolf Laurent Vivier Leon Alrae Li Zhijian Marc-André Lureau Marcel Apfelbaum Marcin Krzeminski Mark Cave-Ayland Markus Armbruster Matthew Fortune Max Filippov Max Reitz Maxim Samoylov Michael Roth Michael S. Tsirkin Paolo Bonzini Pavel Butsykin Pavel Dovgalyuk Peter Crosthwaite Peter Maydell Peter Xu Pooja Dhannawat Prasad J Pandit Programmingkid Richard Henderson Richard W.M. Jones Richard W.M. Jones. Rutuja Shah Sameeh Jubran Samuel Thibault Sascha Silbe Sergey Fedorov Shannon Zhao Stefan Hajnoczi Stefan Weil Stefano Stabellini Steven Luo Thomas Huth Veronia Bahaa Wei Jiangang Wen Congyang Yongbok Kim Yuri Pudgorodskiy Yuriy Pudgorodskiy Zhang Chen zhanghailiang jobs: build-amd64-xsm pass build-armhf-xsm pass build-i386-xsm pass build-amd64 pass build-armhf pass build-i386 pass build-amd64-libvirt pass build-armhf-libvirt pass build-i386-libvirt pass build-amd64-pvops pass build-armhf-pvops pass build-i386-pvops pass test-amd64-amd64-xl pass test-armhf-armhf-xl pass test-amd64-i386-xl pass test-amd64-amd64-libvirt-qemuu-debianhvm-amd64-xsm pass test-amd64-i386-libvirt-qemuu-debianhvm-amd64-xsm pass test-amd64-amd64-xl-qemuu-debianhvm-amd64-xsm pass test-amd64-i386-xl-qemuu-debianhvm-amd64-xsm pass test-amd64-amd64-libvirt-xsm pass test-armhf-armhf-libvirt-xsm fail test-amd64-i386-libvirt-xsm pass test-amd64-amd64-xl-xsm pass test-armhf-armhf-xl-xsm pass test-amd64-i386-xl-xsm pass test-amd64-amd64-qemuu-nested-amd fail test-amd64-amd64-xl-pvh-amd fail test-amd64-i386-qemuu-rhel6hvm-amd pass test-amd64-amd64-xl-qemuu-debianhvm-amd64 pass test-amd64-i386-xl-qemuu-debianhvm-amd64 pass test-amd64-i386-freebsd10-amd64 pass test-amd64-amd64-xl-qemuu-ovmf-amd64 pass test-amd64-i386-xl-qemuu-ovmf-amd64 pass test-amd64-amd64-xl-qemuu-win7-amd64 fail test-amd64-i386-xl-qemuu-win7-amd64 fail test-armhf-armhf-xl-arndale pass test-amd64-amd64-xl-credit2 pass test-armhf-armhf-xl-credit2 fail test-armhf-armhf-xl-cubietruck pass test-amd64-i386-freebsd10-i386 pass test-amd64-amd64-qemuu-nested-intel pass test-amd64-amd64-xl-pvh-intel fail test-amd64-i386-qemuu-rhel6hvm-intel pass test-amd64-amd64-libvirt pass test-armhf-armhf-libvirt fail test-amd64-i386-libvirt pass test-amd64-amd64-xl-multivcpu pass test-armhf-armhf-xl-multivcpu pass test-amd64-amd64-pair pass test-amd64-i386-pair pass test-amd64-amd64-libvirt-pair pass test-amd64-i386-libvirt-pair pass test-amd64-amd64-amd64-pvgrub pass test-amd64-amd64-i386-pvgrub pass test-amd64-amd64-pygrub pass test-armhf-armhf-libvirt-qcow2 fail test-amd64-amd64-xl-qcow2 pass test-armhf-armhf-libvirt-raw fail test-amd64-i386-xl-raw pass test-amd64-amd64-xl-rtds pass test-armhf-armhf-xl-rtds fail test-amd64-i386-xl-qemuu-winxpsp3-vcpus1 pass test-amd64-amd64-libvirt-vhd pass test-armhf-armhf-xl-vhd pass test-amd64-amd64-xl-qemuu-winxpsp3 pass test-amd64-i386-xl-qemuu-winxpsp3 pass ------------------------------------------------------------ sg-report-flight on osstest.test-lab.xenproject.org logs: /home/logs/logs images: /home/logs/images Logs, config files, etc. are available at http://logs.test-lab.xenproject.org/osstest/logs Explanation of these reports, and of osstest in general, is at http://xenbits.xen.org/gitweb/?p=osstest.git;a=blob;f=README.email;hb=master http://xenbits.xen.org/gitweb/?p=osstest.git;a=blob;f=README;hb=master Test harness code can be found at http://xenbits.xen.org/gitweb?p=osstest.git;a=summary Not pushing. (No revision log; it would be 9068 lines long.) --===============1548493064710518211== Content-Type: text/plain; charset="utf-8" MIME-Version: 1.0 Content-Transfer-Encoding: base64 Content-Disposition: inline X19fX19fX19fX19fX19fX19fX19fX19fX19fX19fX19fX19fX19fX19fX19fX18KWGVuLWRldmVs IG1haWxpbmcgbGlzdApYZW4tZGV2ZWxAbGlzdHMueGVuLm9yZwpodHRwOi8vbGlzdHMueGVuLm9y Zy94ZW4tZGV2ZWwK --===============1548493064710518211==--