From mboxrd@z Thu Jan 1 00:00:00 1970 From: osstest service owner Subject: [ovmf test] 91423: regressions - FAIL Date: Fri, 15 Apr 2016 14:34:45 +0000 Message-ID: Mime-Version: 1.0 Content-Type: multipart/mixed; boundary="===============9215256710099260185==" Return-path: List-Unsubscribe: , List-Post: List-Help: List-Subscribe: , Errors-To: xen-devel-bounces@lists.xen.org Sender: "Xen-devel" To: xen-devel@lists.xensource.com, osstest-admin@xenproject.org List-Id: xen-devel@lists.xenproject.org --===============9215256710099260185== Content-Type: text/plain flight 91423 ovmf real [real] http://logs.test-lab.xenproject.org/osstest/logs/91423/ Regressions :-( Tests which did not succeed and are blocking, including tests which could not be run: build-amd64-xsm 5 xen-build fail REGR. vs. 65543 build-amd64 5 xen-build fail REGR. vs. 65543 build-i386-xsm 5 xen-build fail REGR. vs. 65543 build-i386 5 xen-build fail REGR. vs. 65543 Tests which did not succeed, but are not blocking: build-amd64-libvirt 1 build-check(1) blocked n/a build-i386-libvirt 1 build-check(1) blocked n/a test-amd64-amd64-xl-qemuu-ovmf-amd64 1 build-check(1) blocked n/a test-amd64-i386-xl-qemuu-ovmf-amd64 1 build-check(1) blocked n/a version targeted for testing: ovmf 61b02ba1f2a3f80fa06f5006f0aea1572093a067 baseline version: ovmf 5ac96e3a28dd26eabee421919f67fa7c443a47f1 Last test of basis 65543 2015-12-08 08:45:15 Z 129 days Failing since 65593 2015-12-08 23:44:51 Z 128 days 145 attempts Testing same since 91423 2016-04-14 19:27:00 Z 0 days 1 attempts ------------------------------------------------------------ People who touched revisions under test: "Samer El-Haj-Mahmoud" "Wu, Hao A" "Yao, Jiewen" Alcantara, Paulo Anbazhagan Baraneedharan Andrew Fish Ard Biesheuvel Arthur Crippa Burigo Cecil Sheng Chao Zhang Chao Zhang Charles Duffy Cinnamon Shia Cohen, Eugene Dandan Bi Daocheng Bu Daryl McDaniel David Woodhouse Derek Lin edk2 dev edk2-devel Eric Dong Eric Dong erictian Eugene Cohen Evan Lloyd Feng Tian Fu Siyuan Gabriel Somlo Gary Ching-Pang Lin Gary Lin Ghazi Belaam Hao Wu Haojian Zhuang Hegde Nagaraj P Hess Chen Heyi Guo Hot Tian Jaben Carsey James Bottomley Jeff Fan Jeremy Linton Jiaxin Wu jiewen yao Jim Dailey Jim_Dailey@Dell.com jljusten Jordan Justen Juliano Ciocari Justen, Jordan L Karyne Mayer Ken Lu Kun Gui Larry Hauch Laszlo Ersek Leahy, Leroy P Leahy, Leroy P Lee Leahy Leekha Shaveta Leendert van Doorn Leif Lindholm Leif Lindholm Leo Duran Leon Li Liming Gao lzeng14 Mark Mark Doran Mark Rutland Marvin Haeuser Marvin Häuser Michael D Kinney Michael Kinney Michael LeMay Michael Thomas Michał Zegan Ni, Ruiyu Ni, Ruiyu niruiyu Olivier Martin Paolo Bonzini Paulo Alcantara Paulo Alcantara Cavalcanti Peter Kirmeier Qin Long Qing Huang Qiu Shumin Qiu, Shumin Rodrigo Dias Correa Ruiyu Ni Ryan Harkin Samer El-Haj-Mahmoud Samer El-Haj-Mahmoud Sami Mujawar Shivamurthy Shastri Shumin Qiu Star Zeng Supreeth Venkatesh Tapan Shah Thomas Palmer Tian, Feng Vladislav Vovchenko Yao Jiewen Yao, Jiewen Ye Ting Yonghong Zhu Zeng, Star Zhang Lubo Zhang, Chao B Zhang, Lubo Zhangfei Gao jobs: build-amd64-xsm fail build-i386-xsm fail build-amd64 fail build-i386 fail build-amd64-libvirt blocked build-i386-libvirt blocked build-amd64-pvops pass build-i386-pvops pass test-amd64-amd64-xl-qemuu-ovmf-amd64 blocked test-amd64-i386-xl-qemuu-ovmf-amd64 blocked ------------------------------------------------------------ sg-report-flight on osstest.test-lab.xenproject.org logs: /home/logs/logs images: /home/logs/images Logs, config files, etc. are available at http://logs.test-lab.xenproject.org/osstest/logs Explanation of these reports, and of osstest in general, is at http://xenbits.xen.org/gitweb/?p=osstest.git;a=blob;f=README.email;hb=master http://xenbits.xen.org/gitweb/?p=osstest.git;a=blob;f=README;hb=master Test harness code can be found at http://xenbits.xen.org/gitweb?p=osstest.git;a=summary Not pushing. (No revision log; it would be 19482 lines long.) --===============9215256710099260185== Content-Type: text/plain; charset="utf-8" MIME-Version: 1.0 Content-Transfer-Encoding: base64 Content-Disposition: inline X19fX19fX19fX19fX19fX19fX19fX19fX19fX19fX19fX19fX19fX19fX19fX18KWGVuLWRldmVs IG1haWxpbmcgbGlzdApYZW4tZGV2ZWxAbGlzdHMueGVuLm9yZwpodHRwOi8vbGlzdHMueGVuLm9y Zy94ZW4tZGV2ZWwK --===============9215256710099260185==--