From mboxrd@z Thu Jan 1 00:00:00 1970 From: osstest service owner Subject: [libvirt test] 92126: regressions - FAIL Date: Wed, 20 Apr 2016 06:13:47 +0000 Message-ID: Mime-Version: 1.0 Content-Type: multipart/mixed; boundary="===============5655284373846559645==" Return-path: List-Unsubscribe: , List-Post: List-Help: List-Subscribe: , Errors-To: xen-devel-bounces@lists.xen.org Sender: "Xen-devel" To: xen-devel@lists.xensource.com, osstest-admin@xenproject.org List-Id: xen-devel@lists.xenproject.org --===============5655284373846559645== Content-Type: text/plain flight 92126 libvirt real [real] http://logs.test-lab.xenproject.org/osstest/logs/92126/ Regressions :-( Tests which did not succeed and are blocking, including tests which could not be run: build-amd64-libvirt 5 libvirt-build fail REGR. vs. 91479 build-i386-libvirt 5 libvirt-build fail REGR. vs. 91479 build-armhf-libvirt 5 libvirt-build fail REGR. vs. 91479 Tests which did not succeed, but are not blocking: test-armhf-armhf-libvirt-xsm 1 build-check(1) blocked n/a test-armhf-armhf-libvirt 1 build-check(1) blocked n/a test-amd64-i386-libvirt 1 build-check(1) blocked n/a test-amd64-amd64-libvirt-xsm 1 build-check(1) blocked n/a test-amd64-i386-libvirt-xsm 1 build-check(1) blocked n/a test-amd64-i386-libvirt-pair 1 build-check(1) blocked n/a test-amd64-amd64-libvirt 1 build-check(1) blocked n/a test-amd64-amd64-libvirt-pair 1 build-check(1) blocked n/a test-amd64-amd64-libvirt-qemuu-debianhvm-amd64-xsm 1 build-check(1) blocked n/a test-amd64-i386-libvirt-qemuu-debianhvm-amd64-xsm 1 build-check(1) blocked n/a test-amd64-amd64-libvirt-vhd 1 build-check(1) blocked n/a test-armhf-armhf-libvirt-qcow2 1 build-check(1) blocked n/a test-armhf-armhf-libvirt-raw 1 build-check(1) blocked n/a version targeted for testing: libvirt 0d1579572a864c33621da4d01408f8bcb6de5d4a baseline version: libvirt 8b62c65d24bdb20121d3147b4f4dc98bac4f024b Last test of basis 91479 2016-04-15 05:33:51 Z 5 days Failing since 91597 2016-04-16 04:20:46 Z 4 days 5 attempts Testing same since 92126 2016-04-20 04:23:42 Z 0 days 1 attempts ------------------------------------------------------------ People who touched revisions under test: Andrea Bolognani Cole Robinson Dmitry Andreev Erik Skultety Jason J. Herne Jim Fehlig Jiri Denemark John Ferlan Ján Tomko Laine Stump Martin Kletzander Maxim Nestratov Michal Privoznik Mikhail Feoktistov Nikolay Shirokovskiy Nitesh Konkar Nitesh Konkar Olga Krishtal Peter Krempa Richard Laager Richard W.M. Jones jobs: build-amd64-xsm pass build-armhf-xsm pass build-i386-xsm pass build-amd64 pass build-armhf pass build-i386 pass build-amd64-libvirt fail build-armhf-libvirt fail build-i386-libvirt fail build-amd64-pvops pass build-armhf-pvops pass build-i386-pvops pass test-amd64-amd64-libvirt-qemuu-debianhvm-amd64-xsm blocked test-amd64-i386-libvirt-qemuu-debianhvm-amd64-xsm blocked test-amd64-amd64-libvirt-xsm blocked test-armhf-armhf-libvirt-xsm blocked test-amd64-i386-libvirt-xsm blocked test-amd64-amd64-libvirt blocked test-armhf-armhf-libvirt blocked test-amd64-i386-libvirt blocked test-amd64-amd64-libvirt-pair blocked test-amd64-i386-libvirt-pair blocked test-armhf-armhf-libvirt-qcow2 blocked test-armhf-armhf-libvirt-raw blocked test-amd64-amd64-libvirt-vhd blocked ------------------------------------------------------------ sg-report-flight on osstest.test-lab.xenproject.org logs: /home/logs/logs images: /home/logs/images Logs, config files, etc. are available at http://logs.test-lab.xenproject.org/osstest/logs Explanation of these reports, and of osstest in general, is at http://xenbits.xen.org/gitweb/?p=osstest.git;a=blob;f=README.email;hb=master http://xenbits.xen.org/gitweb/?p=osstest.git;a=blob;f=README;hb=master Test harness code can be found at http://xenbits.xen.org/gitweb?p=osstest.git;a=summary Not pushing. (No revision log; it would be 949 lines long.) --===============5655284373846559645== Content-Type: text/plain; charset="utf-8" MIME-Version: 1.0 Content-Transfer-Encoding: base64 Content-Disposition: inline X19fX19fX19fX19fX19fX19fX19fX19fX19fX19fX19fX19fX19fX19fX19fX18KWGVuLWRldmVs IG1haWxpbmcgbGlzdApYZW4tZGV2ZWxAbGlzdHMueGVuLm9yZwpodHRwOi8vbGlzdHMueGVuLm9y Zy94ZW4tZGV2ZWwK --===============5655284373846559645==--