* [linux-3.18 test] 92139: regressions - FAIL
@ 2016-04-20 18:30 osstest service owner
0 siblings, 0 replies; only message in thread
From: osstest service owner @ 2016-04-20 18:30 UTC (permalink / raw)
To: xen-devel, osstest-admin
[-- Attachment #1: Type: text/plain, Size: 18723 bytes --]
flight 92139 linux-3.18 real [real]
http://logs.test-lab.xenproject.org/osstest/logs/92139/
Regressions :-(
Tests which did not succeed and are blocking,
including tests which could not be run:
test-amd64-amd64-xl-qemuu-debianhvm-amd64 15 guest-localmigrate/x10 fail REGR. vs. 91757
Regressions which are regarded as allowable (not blocking):
build-amd64-rumpuserxen 6 xen-build fail like 91757
build-i386-rumpuserxen 6 xen-build fail like 91757
Tests which did not succeed, but are not blocking:
test-amd64-amd64-rumpuserxen-amd64 1 build-check(1) blocked n/a
test-amd64-i386-rumpuserxen-i386 1 build-check(1) blocked n/a
test-amd64-amd64-xl-pvh-intel 14 guest-saverestore fail never pass
test-amd64-amd64-xl-pvh-amd 11 guest-start fail never pass
test-armhf-armhf-libvirt 14 guest-saverestore fail never pass
test-armhf-armhf-libvirt 12 migrate-support-check fail never pass
test-armhf-armhf-libvirt-raw 13 guest-saverestore fail never pass
test-armhf-armhf-libvirt-raw 11 migrate-support-check fail never pass
test-armhf-armhf-libvirt-xsm 12 migrate-support-check fail never pass
test-armhf-armhf-libvirt-xsm 14 guest-saverestore fail never pass
test-amd64-amd64-qemuu-nested-amd 16 debian-hvm-install/l1/l2 fail never pass
test-amd64-amd64-libvirt 12 migrate-support-check fail never pass
test-amd64-amd64-libvirt-xsm 12 migrate-support-check fail never pass
test-amd64-i386-libvirt-xsm 12 migrate-support-check fail never pass
test-amd64-amd64-libvirt-qemuu-debianhvm-amd64-xsm 10 migrate-support-check fail never pass
test-armhf-armhf-xl-xsm 13 saverestore-support-check fail never pass
test-armhf-armhf-xl-xsm 12 migrate-support-check fail never pass
test-armhf-armhf-xl-credit2 13 saverestore-support-check fail never pass
test-armhf-armhf-xl-credit2 12 migrate-support-check fail never pass
test-amd64-i386-libvirt-qemuu-debianhvm-amd64-xsm 10 migrate-support-check fail never pass
test-armhf-armhf-xl-multivcpu 13 saverestore-support-check fail never pass
test-armhf-armhf-xl-multivcpu 12 migrate-support-check fail never pass
test-armhf-armhf-xl 12 migrate-support-check fail never pass
test-armhf-armhf-xl 13 saverestore-support-check fail never pass
test-armhf-armhf-xl-cubietruck 12 migrate-support-check fail never pass
test-armhf-armhf-xl-cubietruck 13 saverestore-support-check fail never pass
test-amd64-amd64-libvirt-vhd 11 migrate-support-check fail never pass
test-armhf-armhf-xl-rtds 13 saverestore-support-check fail never pass
test-armhf-armhf-xl-rtds 12 migrate-support-check fail never pass
test-armhf-armhf-libvirt-qcow2 11 migrate-support-check fail never pass
test-armhf-armhf-libvirt-qcow2 13 guest-saverestore fail never pass
test-amd64-i386-libvirt 12 migrate-support-check fail never pass
test-armhf-armhf-xl-arndale 12 migrate-support-check fail never pass
test-armhf-armhf-xl-arndale 13 saverestore-support-check fail never pass
test-armhf-armhf-xl-vhd 11 migrate-support-check fail never pass
test-armhf-armhf-xl-vhd 12 saverestore-support-check fail never pass
version targeted for testing:
linux f151e73cea45b97a5690806f3391d10e547d04d9
baseline version:
linux b36eba9b4dd4344ed51b8f644049aeac606ccff2
Last test of basis 91757 2016-04-17 10:04:40 Z 3 days
Testing same since 92139 2016-04-20 07:22:25 Z 0 days 1 attempts
------------------------------------------------------------
People who touched revisions under test:
Aaro Koskinen <aaro.koskinen@iki.fi>
Aaron Plattner <aplattner@nvidia.com>
Adrian Hunter <adrian.hunter@intel.com>
Akinobu Mita <akinobu.mita@gmail.com>
Al Viro <viro@zeniv.linux.org.uk>
Alex Deucher <alexander.deucher@amd.com>
Alex Estrin <alex.estrin@intel.com>
Alexander Deucher <Alexander.Deucher@amd.com>
Alexandre Bounine <alexandre.bounine@idt.com>
Anand Jain <anand.jain@oracle.com>
Andi Kleen <ak@linux.intel.com>
Andreas Schwab <schwab@linux-m68k.org>
Andrew Honig <ahonig@google.com>
Andrew Morton <akpm@linux-foundation.org>
Andrey Grodzovsky <Andrey.Grodzovsky@amd.com>
Andy Honig <ahonig@google.com>
Andy Lutomirski <luto@kernel.org>
Ard Biesheuvel <ard.biesheuvel@linaro.org>
Aristeu Rozanski <arozansk@redhat.com>
Arnaldo Carvalho de Melo <acme@redhat.com>
Arnd Bergmann <arnd@arndb.de>
Artem Bityutskiy <artem.bityutskiy@linux.intel.com>
Asai Thambi S P <asamymuthupa@micron.com>
Asai Thambi SP <asamymuthupa@micron.com>
Aurelien Jacquiot <a-jacquiot@ti.com>
Bart Van Assche <bart.vanassche@sandisk.com>
Benjamin Tissoires <benjamin.tissoires@redhat.com>
Benjamin Tisssoires <benjamin.tissoires@redhat.com>
Bjorn Helgaas <bhelgaas@google.com>
Borislav Petkov <bp@suse.de>
Brenden Blanco <bblanco@plumgrid.com>
Brian Norris <computersforpeace@gmail.com>
Casey Schaufler <casey@schaufler-ca.com>
Catalin Marinas <catalin.marinas@arm.com>
Chris Friesen <cbf123@mail.usask.ca>
Chris Friesen <chris.friesen@windriver.com>
Chris Mason <clm@fb.com>
D. Jeff Dionne <jeff@uClinux.org>
Dan Carpenter <dan.carpenter@oracle.com>
Daniel J Blueman <daniel@numascale.com>
Daniel Vetter <daniel.vetter@ffwll.ch>
Dann Frazier <dann.frazier@canonical.com>
Darren Hart <dvhart@linux.intel.com>
Dave Airlie <airlied@redhat.com>
Dave Chinner <david@fromorbit.com>
Dave Jones <davej@codemonkey.org.uk>
David Daney <david.daney@cavium.com>
David Henningsson <david.henningsson@canonical.com>
David Howells <dhowells@redhat.com>
David S. Miller <davem@davemloft.net>
David Sterba <dsterba@suse.com>
Dmitri Epshtein <dima@marvell.com>
Dmitry Torokhov <dmitry.torokhov@gmail.com>
Dmitry Torokhov <dtor@chromium.org>
Dmitry Tunin <hanipouspilot@gmail.com>
Doug Ledford <dledford@redhat.com>
Douglas Gilbert <dgilbert@interlog.com>
Eric Wheeler <bcache@linux.ewheeler.net>
Eric Wheeler <git@linux.ewheeler.net>
Eryu Guan <guaneryu@gmail.com>
Fabio Estevam <fabio.estevam@nxp.com>
Felipe Balbi <balbi@ti.com>
Filipe Manana <fdmanana@suse.com>
Geert Uytterhoeven <geert+renesas@glider.be>
Greg Kroah-Hartman <gregkh@linuxfoundation.org>
Gregory CLEMENT <gregory.clement@free-electrons.com>
Guenter Roeck <linux@roeck-us.net>
H Hartley Sweeten <hsweeten@visionengravers.com>
Hanjun Guo <guohanjun@huawei.com>
Hans de Goede <hdegoede@redhat.com>
Hans Verkuil <hans.verkuil@cisco.com>
Hans Verkuil <hverkuil@xs4all.nl>
Hariprasad S <hariprasad@chelsio.com>
Hariprasad Shenai <hariprasad@chelsio.com>
Herbert Xu <herbert@gondor.apana.org.au>
Hersen Wu <hersenxs.wu@amd.com>
Himanshu Madhani <himanshu.madhani@qlogic.com>
Hugh Dickins <hughd@google.com>
Hui Wang <hui.wang@canonical.com>
Hyungwon Hwang <hyungwon.hwang7@gmail.com>
Ingo Molnar <mingo@kernel.org>
J. Bruce Fields <bfields@redhat.com>
James Morris <james.l.morris@oracle.com>
Jan Kara <jack@suse.cz>
Jan Stancek <jstancek@redhat.com>
Jann Horn <jann@thejh.net>
Jason Andryuk <jandryuk@gmail.com>
Jens Axboe <axboe@fb.com>
Jes Sorensen <Jes.Sorensen@redhat.com>
Jiang Liu <jiang.liu@linux.intel.com>
Jiri Kosina <jkosina@suse.cz>
Johan Rastén <johan@oljud.se>
John Dahlstrom <jodarom@sdf.org>
Jonathan Cameron <jic23@kernel.org>
Joonsoo Kim <iamjoonsoo.kim@lge.com>
Josef Bacik <jbacik@fb.com>
Joseph Qi <joseph.qi@huawei.com>
Josh Boyer <jwboyer@fedoraproject.org>
Julia Lawall <Julia.Lawall@lip6.fr>
K. Y. Srinivasan <kys@microsoft.com>
Kamal Mostafa <kamal@canonical.com>
Kees Cook <keescook@chromium.org>
Kirill A. Shutemov <kirill.shutemov@linux.intel.com>
Lars-Peter Clausen <lars@metafoo.de>
Laura Abbott <labbott@fedoraproject.org>
Lee, Chun-Yi <jlee@suse.com>
Linus Torvalds <torvalds@linux-foundation.org>
Lior Amsalem <alior@marvell.com>
Luck, Tony <tony.luck@intel.com>
Magnus Damm <damm+renesas@opensource.se>
Marc MERLIN <marc@merlins.org>
Marcel Holtmann <marcel@holtmann.org>
Marek Szyprowski <m.szyprowski@samsung.com>
Mario Kleiner <mario.kleiner.de@gmail.com>
Mark Langsdorf <mlangsdo@redhat.com>
Martin K. Petersen <martin.petersen@oracle.com>
Martin Schwidefsky <schwidefsky@de.ibm.com>
Matej Muzila <mmuzila@gmail.com>
Matej Muzila <mmuzila@redhat.com>
Mateusz Guzik <mguzik@redhat.com>
Matt Fleming <matt.fleming@intel.com>
Matt Fleming <matt@codeblueprint.co.uk>
Matthew Garrett <mjg59@coreos.com>
Maurizio Lombardi <mlombard@redhat.com>
Mauro Carvalho Chehab <mchehab@osg.samsung.com>
Max Filippov <jcmvbkbc@gmail.com>
Maxime Ripard <maxime.ripard@free-electrons.com>
Mel Gorman <mgorman@suse.de>
Michael Ellerman <mpe@ellerman.id.au>
Michael Niewoehner <linux@mniewoehner.de>
Michael S. Tsirkin <mst@redhat.com>
Michal Hocko <mhocko@suse.com>
Michal Marek <mmarek@suse.com>
Miklos Szeredi <miklos@szeredi.hu>
Mimi Zohar <zohar@linux.vnet.ibm.com>
Ming Lei <ming.lei@canonical.com>
Nate Zimmer <nzimmer@sgi.com>
Nicholas Bellinger <nab@linux-iscsi.org>
Nikolay Borisov <kernel@kyup.com>
Nishanth Menon <nm@ti.com>
OGAWA Hirofumi <hirofumi@mail.parknet.co.jp>
Oliver Neukum <oneukum@suse.com>
Olli Salonen <olli.salonen@iki.fi>
Olof Johansson <olof@lixom.net>
Paolo Bonzini <pbonzini@redhat.com>
Patrik Jakobsson <patrik.r.jakobsson@gmail.com>
Pekka Enberg <penberg@kernel.org>
Peter Hurley <peter@hurleysoftware.com>
Peter Jones <pjones@redhat.com>
Peter Meerwald-Stadler <pmeerw@pmeerw.net>
Peter Zijlstra (Intel) <peterz@infradead.org>
Peter Zijlstra <peterz@infradead.org>
Qu Wenruo <quwenruo@cn.fujitsu.com>
Rabin Vincent <rabin@rab.in>
Radim KrÄmáŠ<rkrcmar@redhat.com>
Raghava Aditya Renukunta <raghavaaditya.renukunta@pmcs.com>
Raghavendra K T <raghavendra.kt@linux.vnet.ibm.com>
Rajesh Kumar Sambandam <rsambandam@micron.com>
Rich Felker <dalias@libc.org>
Rob Herring <robh@kernel.org>
Rob Landley <rob@landley.net>
Robert Richter <rrichter@cavium.com>
Romain Perier <romain.perier@gmail.com>
Roman Gushchin <klamm@yandex-team.ru>
Russell King <rmk+kernel@arm.linux.org.uk>
Rusty Russell <rusty@rustcorp.com.au>
Sasha Levin <sasha.levin@oracle.com>
Sebastian Andrzej Siewior <bigeasy@linutronix.de>
Sebastian Ott <sebott@linux.vnet.ibm.com>
Sekhar Nori <nsekhar@ti.com>
Selvan Mani <smani@micron.com>
Shaohua Li <shli@fb.com>
Shawn Guo <shawnguo@kernel.org>
Simon Guinot <simon.guinot@sequanux.org>
Simon Horman <horms+renesas@verge.net.au>
Spencer E. Olson <olsonse@umich.edu>
Stephane Eranian <eranian@google.com>
Stephen Boyd <sboyd@codeaurora.org>
Stephen Rothwell <sfr@canb.auug.org.au>
Steve Wise <swise@opengridcomputing.com>
Steven Rostedt (Red Hat) <rostedt@goodmis.org>
Steven Rostedt <rostedt@goodmis.org>
Takashi Iwai <tiwai@suse.de>
Theodore Ts'o <tytso@mit.edu>
Thomas Gleixner <tglx@linutronix.de>
Thomas Petazzoni <thomas.petazzoni@free-electrons.com>
Tiffany Lin <tiffany.lin@mediatek.com>
Tom Lendacky <thomas.lendacky@amd.com>
Tony Lindgren <tony@atomide.com>
Tony Luck <tony.luck@intel.com>
Ulf Hansson <ulf.hansson@linaro.org>
Vasily Kulikov <segoon@openwall.com>
Victor Clément <victor.clement@openmailbox.org>
Vignesh Gunasekaran <vgunasekaran@micron.com>
Vinayak Menon <vinmenon@codeaurora.org>
Vincent Donnefort <vdonnefort@gmail.com>
Vineet Gupta <Vineet.Gupta1@synopsys.com>
Vittorio Gambaletta (VittGam) <linuxbugs@vittgam.net>
Vittorio Gambaletta <linuxbugs@vittgam.net>
Vladis Dronov <vdronov@redhat.com>
Vlastimil Babka <vbabka@suse.cz>
Waiman Long <waiman.long@hp.com>
Will Deacon <will.deacon@arm.com>
Wim Van Sebroeck <wim@iguana.be>
Yijing Wang <wangyijing@huawei.com>
Yong Li <sdliyong@gmail.com>
Yoshinori Sato <ysato@users.sourceforge.jp>
Zhang Rui <rui.zhang@intel.com>
jobs:
build-amd64-xsm pass
build-armhf-xsm pass
build-i386-xsm pass
build-amd64 pass
build-armhf pass
build-i386 pass
build-amd64-libvirt pass
build-armhf-libvirt pass
build-i386-libvirt pass
build-amd64-pvops pass
build-armhf-pvops pass
build-i386-pvops pass
build-amd64-rumpuserxen fail
build-i386-rumpuserxen fail
test-amd64-amd64-xl pass
test-armhf-armhf-xl pass
test-amd64-i386-xl pass
test-amd64-amd64-xl-qemut-debianhvm-amd64-xsm pass
test-amd64-i386-xl-qemut-debianhvm-amd64-xsm pass
test-amd64-amd64-libvirt-qemuu-debianhvm-amd64-xsm pass
test-amd64-i386-libvirt-qemuu-debianhvm-amd64-xsm pass
test-amd64-amd64-xl-qemuu-debianhvm-amd64-xsm pass
test-amd64-i386-xl-qemuu-debianhvm-amd64-xsm pass
test-amd64-amd64-xl-qemut-stubdom-debianhvm-amd64-xsm pass
test-amd64-i386-xl-qemut-stubdom-debianhvm-amd64-xsm pass
test-amd64-amd64-libvirt-xsm pass
test-armhf-armhf-libvirt-xsm fail
test-amd64-i386-libvirt-xsm pass
test-amd64-amd64-xl-xsm pass
test-armhf-armhf-xl-xsm pass
test-amd64-i386-xl-xsm pass
test-amd64-amd64-qemuu-nested-amd fail
test-amd64-amd64-xl-pvh-amd fail
test-amd64-i386-qemut-rhel6hvm-amd pass
test-amd64-i386-qemuu-rhel6hvm-amd pass
test-amd64-amd64-xl-qemut-debianhvm-amd64 pass
test-amd64-i386-xl-qemut-debianhvm-amd64 pass
test-amd64-amd64-xl-qemuu-debianhvm-amd64 fail
test-amd64-i386-xl-qemuu-debianhvm-amd64 pass
test-amd64-i386-freebsd10-amd64 pass
test-amd64-amd64-xl-qemuu-ovmf-amd64 pass
test-amd64-i386-xl-qemuu-ovmf-amd64 pass
test-amd64-amd64-rumpuserxen-amd64 blocked
test-amd64-amd64-xl-qemut-win7-amd64 pass
test-amd64-i386-xl-qemut-win7-amd64 pass
test-amd64-amd64-xl-qemuu-win7-amd64 pass
test-amd64-i386-xl-qemuu-win7-amd64 pass
test-armhf-armhf-xl-arndale pass
test-amd64-amd64-xl-credit2 pass
test-armhf-armhf-xl-credit2 pass
test-armhf-armhf-xl-cubietruck pass
test-amd64-i386-freebsd10-i386 pass
test-amd64-i386-rumpuserxen-i386 blocked
test-amd64-amd64-qemuu-nested-intel pass
test-amd64-amd64-xl-pvh-intel fail
test-amd64-i386-qemut-rhel6hvm-intel pass
test-amd64-i386-qemuu-rhel6hvm-intel pass
test-amd64-amd64-libvirt pass
test-armhf-armhf-libvirt fail
test-amd64-i386-libvirt pass
test-amd64-amd64-xl-multivcpu pass
test-armhf-armhf-xl-multivcpu pass
test-amd64-amd64-pair pass
test-amd64-i386-pair pass
test-amd64-amd64-libvirt-pair pass
test-amd64-i386-libvirt-pair pass
test-amd64-amd64-amd64-pvgrub pass
test-amd64-amd64-i386-pvgrub pass
test-amd64-amd64-pygrub pass
test-armhf-armhf-libvirt-qcow2 fail
test-amd64-amd64-xl-qcow2 pass
test-armhf-armhf-libvirt-raw fail
test-amd64-i386-xl-raw pass
test-amd64-amd64-xl-rtds pass
test-armhf-armhf-xl-rtds pass
test-amd64-i386-xl-qemut-winxpsp3-vcpus1 pass
test-amd64-i386-xl-qemuu-winxpsp3-vcpus1 pass
test-amd64-amd64-libvirt-vhd pass
test-armhf-armhf-xl-vhd pass
test-amd64-amd64-xl-qemut-winxpsp3 pass
test-amd64-i386-xl-qemut-winxpsp3 pass
test-amd64-amd64-xl-qemuu-winxpsp3 pass
test-amd64-i386-xl-qemuu-winxpsp3 pass
------------------------------------------------------------
sg-report-flight on osstest.test-lab.xenproject.org
logs: /home/logs/logs
images: /home/logs/images
Logs, config files, etc. are available at
http://logs.test-lab.xenproject.org/osstest/logs
Explanation of these reports, and of osstest in general, is at
http://xenbits.xen.org/gitweb/?p=osstest.git;a=blob;f=README.email;hb=master
http://xenbits.xen.org/gitweb/?p=osstest.git;a=blob;f=README;hb=master
Test harness code can be found at
http://xenbits.xen.org/gitweb?p=osstest.git;a=summary
Not pushing.
(No revision log; it would be 4466 lines long.)
[-- Attachment #2: Type: text/plain, Size: 126 bytes --]
_______________________________________________
Xen-devel mailing list
Xen-devel@lists.xen.org
http://lists.xen.org/xen-devel
^ permalink raw reply [flat|nested] only message in thread
only message in thread, other threads:[~2016-04-20 18:30 UTC | newest]
Thread overview: (only message) (download: mbox.gz follow: Atom feed
-- links below jump to the message on this page --
2016-04-20 18:30 [linux-3.18 test] 92139: regressions - FAIL osstest service owner
This is a public inbox, see mirroring instructions
for how to clone and mirror all data and code used for this inbox;
as well as URLs for NNTP newsgroup(s).