From mboxrd@z Thu Jan 1 00:00:00 1970 From: osstest service owner Subject: [linux-3.18 test] 92139: regressions - FAIL Date: Wed, 20 Apr 2016 18:30:02 +0000 Message-ID: Mime-Version: 1.0 Content-Type: multipart/mixed; boundary="===============0734891567974818596==" Return-path: List-Unsubscribe: , List-Post: List-Help: List-Subscribe: , Errors-To: xen-devel-bounces@lists.xen.org Sender: "Xen-devel" To: xen-devel@lists.xensource.com, osstest-admin@xenproject.org List-Id: xen-devel@lists.xenproject.org --===============0734891567974818596== Content-Type: text/plain flight 92139 linux-3.18 real [real] http://logs.test-lab.xenproject.org/osstest/logs/92139/ Regressions :-( Tests which did not succeed and are blocking, including tests which could not be run: test-amd64-amd64-xl-qemuu-debianhvm-amd64 15 guest-localmigrate/x10 fail REGR. vs. 91757 Regressions which are regarded as allowable (not blocking): build-amd64-rumpuserxen 6 xen-build fail like 91757 build-i386-rumpuserxen 6 xen-build fail like 91757 Tests which did not succeed, but are not blocking: test-amd64-amd64-rumpuserxen-amd64 1 build-check(1) blocked n/a test-amd64-i386-rumpuserxen-i386 1 build-check(1) blocked n/a test-amd64-amd64-xl-pvh-intel 14 guest-saverestore fail never pass test-amd64-amd64-xl-pvh-amd 11 guest-start fail never pass test-armhf-armhf-libvirt 14 guest-saverestore fail never pass test-armhf-armhf-libvirt 12 migrate-support-check fail never pass test-armhf-armhf-libvirt-raw 13 guest-saverestore fail never pass test-armhf-armhf-libvirt-raw 11 migrate-support-check fail never pass test-armhf-armhf-libvirt-xsm 12 migrate-support-check fail never pass test-armhf-armhf-libvirt-xsm 14 guest-saverestore fail never pass test-amd64-amd64-qemuu-nested-amd 16 debian-hvm-install/l1/l2 fail never pass test-amd64-amd64-libvirt 12 migrate-support-check fail never pass test-amd64-amd64-libvirt-xsm 12 migrate-support-check fail never pass test-amd64-i386-libvirt-xsm 12 migrate-support-check fail never pass test-amd64-amd64-libvirt-qemuu-debianhvm-amd64-xsm 10 migrate-support-check fail never pass test-armhf-armhf-xl-xsm 13 saverestore-support-check fail never pass test-armhf-armhf-xl-xsm 12 migrate-support-check fail never pass test-armhf-armhf-xl-credit2 13 saverestore-support-check fail never pass test-armhf-armhf-xl-credit2 12 migrate-support-check fail never pass test-amd64-i386-libvirt-qemuu-debianhvm-amd64-xsm 10 migrate-support-check fail never pass test-armhf-armhf-xl-multivcpu 13 saverestore-support-check fail never pass test-armhf-armhf-xl-multivcpu 12 migrate-support-check fail never pass test-armhf-armhf-xl 12 migrate-support-check fail never pass test-armhf-armhf-xl 13 saverestore-support-check fail never pass test-armhf-armhf-xl-cubietruck 12 migrate-support-check fail never pass test-armhf-armhf-xl-cubietruck 13 saverestore-support-check fail never pass test-amd64-amd64-libvirt-vhd 11 migrate-support-check fail never pass test-armhf-armhf-xl-rtds 13 saverestore-support-check fail never pass test-armhf-armhf-xl-rtds 12 migrate-support-check fail never pass test-armhf-armhf-libvirt-qcow2 11 migrate-support-check fail never pass test-armhf-armhf-libvirt-qcow2 13 guest-saverestore fail never pass test-amd64-i386-libvirt 12 migrate-support-check fail never pass test-armhf-armhf-xl-arndale 12 migrate-support-check fail never pass test-armhf-armhf-xl-arndale 13 saverestore-support-check fail never pass test-armhf-armhf-xl-vhd 11 migrate-support-check fail never pass test-armhf-armhf-xl-vhd 12 saverestore-support-check fail never pass version targeted for testing: linux f151e73cea45b97a5690806f3391d10e547d04d9 baseline version: linux b36eba9b4dd4344ed51b8f644049aeac606ccff2 Last test of basis 91757 2016-04-17 10:04:40 Z 3 days Testing same since 92139 2016-04-20 07:22:25 Z 0 days 1 attempts ------------------------------------------------------------ People who touched revisions under test: Aaro Koskinen Aaron Plattner Adrian Hunter Akinobu Mita Al Viro Alex Deucher Alex Estrin Alexander Deucher Alexandre Bounine Anand Jain Andi Kleen Andreas Schwab Andrew Honig Andrew Morton Andrey Grodzovsky Andy Honig Andy Lutomirski Ard Biesheuvel Aristeu Rozanski Arnaldo Carvalho de Melo Arnd Bergmann Artem Bityutskiy Asai Thambi S P Asai Thambi SP Aurelien Jacquiot Bart Van Assche Benjamin Tissoires Benjamin Tisssoires Bjorn Helgaas Borislav Petkov Brenden Blanco Brian Norris Casey Schaufler Catalin Marinas Chris Friesen Chris Friesen Chris Mason D. Jeff Dionne Dan Carpenter Daniel J Blueman Daniel Vetter Dann Frazier Darren Hart Dave Airlie Dave Chinner Dave Jones David Daney David Henningsson David Howells David S. Miller David Sterba Dmitri Epshtein Dmitry Torokhov Dmitry Torokhov Dmitry Tunin Doug Ledford Douglas Gilbert Eric Wheeler Eric Wheeler Eryu Guan Fabio Estevam Felipe Balbi Filipe Manana Geert Uytterhoeven Greg Kroah-Hartman Gregory CLEMENT Guenter Roeck H Hartley Sweeten Hanjun Guo Hans de Goede Hans Verkuil Hans Verkuil Hariprasad S Hariprasad Shenai Herbert Xu Hersen Wu Himanshu Madhani Hugh Dickins Hui Wang Hyungwon Hwang Ingo Molnar J. Bruce Fields James Morris Jan Kara Jan Stancek Jann Horn Jason Andryuk Jens Axboe Jes Sorensen Jiang Liu Jiri Kosina Johan Rastén John Dahlstrom Jonathan Cameron Joonsoo Kim Josef Bacik Joseph Qi Josh Boyer Julia Lawall K. Y. Srinivasan Kamal Mostafa Kees Cook Kirill A. Shutemov Lars-Peter Clausen Laura Abbott Lee, Chun-Yi Linus Torvalds Lior Amsalem Luck, Tony Magnus Damm Marc MERLIN Marcel Holtmann Marek Szyprowski Mario Kleiner Mark Langsdorf Martin K. Petersen Martin Schwidefsky Matej Muzila Matej Muzila Mateusz Guzik Matt Fleming Matt Fleming Matthew Garrett Maurizio Lombardi Mauro Carvalho Chehab Max Filippov Maxime Ripard Mel Gorman Michael Ellerman Michael Niewoehner Michael S. Tsirkin Michal Hocko Michal Marek Miklos Szeredi Mimi Zohar Ming Lei Nate Zimmer Nicholas Bellinger Nikolay Borisov Nishanth Menon OGAWA Hirofumi Oliver Neukum Olli Salonen Olof Johansson Paolo Bonzini Patrik Jakobsson Pekka Enberg Peter Hurley Peter Jones Peter Meerwald-Stadler Peter Zijlstra (Intel) Peter Zijlstra Qu Wenruo Rabin Vincent Radim Krčmář Raghava Aditya Renukunta Raghavendra K T Rajesh Kumar Sambandam Rich Felker Rob Herring Rob Landley Robert Richter Romain Perier Roman Gushchin Russell King Rusty Russell Sasha Levin Sebastian Andrzej Siewior Sebastian Ott Sekhar Nori Selvan Mani Shaohua Li Shawn Guo Simon Guinot Simon Horman Spencer E. Olson Stephane Eranian Stephen Boyd Stephen Rothwell Steve Wise Steven Rostedt (Red Hat) Steven Rostedt Takashi Iwai Theodore Ts'o Thomas Gleixner Thomas Petazzoni Tiffany Lin Tom Lendacky Tony Lindgren Tony Luck Ulf Hansson Vasily Kulikov Victor Clément Vignesh Gunasekaran Vinayak Menon Vincent Donnefort Vineet Gupta Vittorio Gambaletta (VittGam) Vittorio Gambaletta Vladis Dronov Vlastimil Babka Waiman Long Will Deacon Wim Van Sebroeck Yijing Wang Yong Li Yoshinori Sato Zhang Rui jobs: build-amd64-xsm pass build-armhf-xsm pass build-i386-xsm pass build-amd64 pass build-armhf pass build-i386 pass build-amd64-libvirt pass build-armhf-libvirt pass build-i386-libvirt pass build-amd64-pvops pass build-armhf-pvops pass build-i386-pvops pass build-amd64-rumpuserxen fail build-i386-rumpuserxen fail test-amd64-amd64-xl pass test-armhf-armhf-xl pass test-amd64-i386-xl pass test-amd64-amd64-xl-qemut-debianhvm-amd64-xsm pass test-amd64-i386-xl-qemut-debianhvm-amd64-xsm pass test-amd64-amd64-libvirt-qemuu-debianhvm-amd64-xsm pass test-amd64-i386-libvirt-qemuu-debianhvm-amd64-xsm pass test-amd64-amd64-xl-qemuu-debianhvm-amd64-xsm pass test-amd64-i386-xl-qemuu-debianhvm-amd64-xsm pass test-amd64-amd64-xl-qemut-stubdom-debianhvm-amd64-xsm pass test-amd64-i386-xl-qemut-stubdom-debianhvm-amd64-xsm pass test-amd64-amd64-libvirt-xsm pass test-armhf-armhf-libvirt-xsm fail test-amd64-i386-libvirt-xsm pass test-amd64-amd64-xl-xsm pass test-armhf-armhf-xl-xsm pass test-amd64-i386-xl-xsm pass test-amd64-amd64-qemuu-nested-amd fail test-amd64-amd64-xl-pvh-amd fail test-amd64-i386-qemut-rhel6hvm-amd pass test-amd64-i386-qemuu-rhel6hvm-amd pass test-amd64-amd64-xl-qemut-debianhvm-amd64 pass test-amd64-i386-xl-qemut-debianhvm-amd64 pass test-amd64-amd64-xl-qemuu-debianhvm-amd64 fail test-amd64-i386-xl-qemuu-debianhvm-amd64 pass test-amd64-i386-freebsd10-amd64 pass test-amd64-amd64-xl-qemuu-ovmf-amd64 pass test-amd64-i386-xl-qemuu-ovmf-amd64 pass test-amd64-amd64-rumpuserxen-amd64 blocked test-amd64-amd64-xl-qemut-win7-amd64 pass test-amd64-i386-xl-qemut-win7-amd64 pass test-amd64-amd64-xl-qemuu-win7-amd64 pass test-amd64-i386-xl-qemuu-win7-amd64 pass test-armhf-armhf-xl-arndale pass test-amd64-amd64-xl-credit2 pass test-armhf-armhf-xl-credit2 pass test-armhf-armhf-xl-cubietruck pass test-amd64-i386-freebsd10-i386 pass test-amd64-i386-rumpuserxen-i386 blocked test-amd64-amd64-qemuu-nested-intel pass test-amd64-amd64-xl-pvh-intel fail test-amd64-i386-qemut-rhel6hvm-intel pass test-amd64-i386-qemuu-rhel6hvm-intel pass test-amd64-amd64-libvirt pass test-armhf-armhf-libvirt fail test-amd64-i386-libvirt pass test-amd64-amd64-xl-multivcpu pass test-armhf-armhf-xl-multivcpu pass test-amd64-amd64-pair pass test-amd64-i386-pair pass test-amd64-amd64-libvirt-pair pass test-amd64-i386-libvirt-pair pass test-amd64-amd64-amd64-pvgrub pass test-amd64-amd64-i386-pvgrub pass test-amd64-amd64-pygrub pass test-armhf-armhf-libvirt-qcow2 fail test-amd64-amd64-xl-qcow2 pass test-armhf-armhf-libvirt-raw fail test-amd64-i386-xl-raw pass test-amd64-amd64-xl-rtds pass test-armhf-armhf-xl-rtds pass test-amd64-i386-xl-qemut-winxpsp3-vcpus1 pass test-amd64-i386-xl-qemuu-winxpsp3-vcpus1 pass test-amd64-amd64-libvirt-vhd pass test-armhf-armhf-xl-vhd pass test-amd64-amd64-xl-qemut-winxpsp3 pass test-amd64-i386-xl-qemut-winxpsp3 pass test-amd64-amd64-xl-qemuu-winxpsp3 pass test-amd64-i386-xl-qemuu-winxpsp3 pass ------------------------------------------------------------ sg-report-flight on osstest.test-lab.xenproject.org logs: /home/logs/logs images: /home/logs/images Logs, config files, etc. are available at http://logs.test-lab.xenproject.org/osstest/logs Explanation of these reports, and of osstest in general, is at http://xenbits.xen.org/gitweb/?p=osstest.git;a=blob;f=README.email;hb=master http://xenbits.xen.org/gitweb/?p=osstest.git;a=blob;f=README;hb=master Test harness code can be found at http://xenbits.xen.org/gitweb?p=osstest.git;a=summary Not pushing. (No revision log; it would be 4466 lines long.) --===============0734891567974818596== Content-Type: text/plain; charset="utf-8" MIME-Version: 1.0 Content-Transfer-Encoding: base64 Content-Disposition: inline X19fX19fX19fX19fX19fX19fX19fX19fX19fX19fX19fX19fX19fX19fX19fX18KWGVuLWRldmVs IG1haWxpbmcgbGlzdApYZW4tZGV2ZWxAbGlzdHMueGVuLm9yZwpodHRwOi8vbGlzdHMueGVuLm9y Zy94ZW4tZGV2ZWwK --===============0734891567974818596==--