From: osstest service owner <osstest-admin@xenproject.org>
To: xen-devel@lists.xensource.com, osstest-admin@xenproject.org
Subject: [xen-unstable test] 92362: trouble: blocked/broken/fail/pass
Date: Sat, 23 Apr 2016 12:49:37 +0000 [thread overview]
Message-ID: <osstest-92362-mainreport@xen.org> (raw)
flight 92362 xen-unstable real [real]
http://logs.test-lab.xenproject.org/osstest/logs/92362/
Failures and problems with tests :-(
Tests which did not succeed and are blocking,
including tests which could not be run:
test-amd64-i386-xl-qemut-debianhvm-amd64 3 host-install(3) broken REGR. vs. 92185
Regressions which are regarded as allowable (not blocking):
build-amd64-rumpuserxen 6 xen-build fail like 92185
build-i386-rumpuserxen 6 xen-build fail like 92185
test-amd64-amd64-xl-qemuu-win7-amd64 16 guest-stop fail like 92185
test-amd64-i386-xl-qemuu-win7-amd64 16 guest-stop fail like 92185
test-amd64-amd64-xl-qemut-win7-amd64 16 guest-stop fail like 92185
test-amd64-i386-xl-qemut-win7-amd64 16 guest-stop fail like 92185
Tests which did not succeed, but are not blocking:
test-amd64-amd64-rumpuserxen-amd64 1 build-check(1) blocked n/a
test-amd64-i386-rumpuserxen-i386 1 build-check(1) blocked n/a
test-amd64-amd64-xl-pvh-amd 11 guest-start fail never pass
test-amd64-amd64-xl-pvh-intel 11 guest-start fail never pass
test-armhf-armhf-libvirt 14 guest-saverestore fail never pass
test-armhf-armhf-libvirt 12 migrate-support-check fail never pass
test-armhf-armhf-libvirt-raw 13 guest-saverestore fail never pass
test-armhf-armhf-libvirt-raw 11 migrate-support-check fail never pass
test-amd64-amd64-libvirt 12 migrate-support-check fail never pass
test-amd64-amd64-libvirt-xsm 12 migrate-support-check fail never pass
test-amd64-amd64-qemuu-nested-amd 16 debian-hvm-install/l1/l2 fail never pass
test-amd64-i386-libvirt 12 migrate-support-check fail never pass
test-amd64-i386-libvirt-xsm 12 migrate-support-check fail never pass
test-amd64-i386-libvirt-qemuu-debianhvm-amd64-xsm 10 migrate-support-check fail never pass
test-armhf-armhf-libvirt-qcow2 11 migrate-support-check fail never pass
test-armhf-armhf-libvirt-qcow2 13 guest-saverestore fail never pass
test-armhf-armhf-xl-cubietruck 12 migrate-support-check fail never pass
test-armhf-armhf-xl-cubietruck 13 saverestore-support-check fail never pass
test-amd64-amd64-libvirt-qemuu-debianhvm-amd64-xsm 10 migrate-support-check fail never pass
test-amd64-amd64-libvirt-vhd 11 migrate-support-check fail never pass
test-armhf-armhf-xl 12 migrate-support-check fail never pass
test-armhf-armhf-xl 13 saverestore-support-check fail never pass
test-armhf-armhf-libvirt-xsm 12 migrate-support-check fail never pass
test-armhf-armhf-libvirt-xsm 14 guest-saverestore fail never pass
test-armhf-armhf-xl-credit2 13 saverestore-support-check fail never pass
test-armhf-armhf-xl-credit2 12 migrate-support-check fail never pass
test-armhf-armhf-xl-multivcpu 13 saverestore-support-check fail never pass
test-armhf-armhf-xl-multivcpu 12 migrate-support-check fail never pass
test-armhf-armhf-xl-xsm 13 saverestore-support-check fail never pass
test-armhf-armhf-xl-xsm 12 migrate-support-check fail never pass
test-armhf-armhf-xl-vhd 11 migrate-support-check fail never pass
test-armhf-armhf-xl-vhd 12 saverestore-support-check fail never pass
test-armhf-armhf-xl-rtds 13 saverestore-support-check fail never pass
test-armhf-armhf-xl-rtds 12 migrate-support-check fail never pass
test-armhf-armhf-xl-arndale 12 migrate-support-check fail never pass
test-armhf-armhf-xl-arndale 13 saverestore-support-check fail never pass
version targeted for testing:
xen 3515e222a8a51a273b8e628b39afe949802a2337
baseline version:
xen 4e4689e74d012b737bbca820cfe52c689c7d9cef
Last test of basis 92185 2016-04-20 18:13:42 Z 2 days
Failing since 92263 2016-04-21 15:12:44 Z 1 days 2 attempts
Testing same since 92362 2016-04-22 15:28:36 Z 0 days 1 attempts
------------------------------------------------------------
People who touched revisions under test:
Andrew Cooper <andrew.cooper3@citrix.com>
David Vrabel <david.vrabel@citrix.com>
George Dunlap <george.dunlap@citrix.com>
Ian Jackson <Ian.Jackson@eu.citrix.com>
Jan Beulich <jbeulich@suse.com>
Juergen Gross <jgross@suse.com>
Kevin Tian <kevin.tian@intel.com>
Konrad Rzeszutek Wilk <konrad.wilk@oracle.com>
Stefano Stabellini <sstabellini@kernel.org>
Tim Deegan <tim@xen.org>
Wei Liu <wei.liu2@citrix.com>
Zhigang Wang <zhigang.x.wang@oracle.com>
jobs:
build-amd64-xsm pass
build-armhf-xsm pass
build-i386-xsm pass
build-amd64 pass
build-armhf pass
build-i386 pass
build-amd64-libvirt pass
build-armhf-libvirt pass
build-i386-libvirt pass
build-amd64-oldkern pass
build-i386-oldkern pass
build-amd64-prev pass
build-i386-prev pass
build-amd64-pvops pass
build-armhf-pvops pass
build-i386-pvops pass
build-amd64-rumpuserxen fail
build-i386-rumpuserxen fail
test-amd64-amd64-xl pass
test-armhf-armhf-xl pass
test-amd64-i386-xl pass
test-amd64-amd64-xl-qemut-debianhvm-amd64-xsm pass
test-amd64-i386-xl-qemut-debianhvm-amd64-xsm pass
test-amd64-amd64-libvirt-qemuu-debianhvm-amd64-xsm pass
test-amd64-i386-libvirt-qemuu-debianhvm-amd64-xsm pass
test-amd64-amd64-xl-qemuu-debianhvm-amd64-xsm pass
test-amd64-i386-xl-qemuu-debianhvm-amd64-xsm pass
test-amd64-amd64-xl-qemut-stubdom-debianhvm-amd64-xsm pass
test-amd64-i386-xl-qemut-stubdom-debianhvm-amd64-xsm pass
test-amd64-amd64-libvirt-xsm pass
test-armhf-armhf-libvirt-xsm fail
test-amd64-i386-libvirt-xsm pass
test-amd64-amd64-xl-xsm pass
test-armhf-armhf-xl-xsm pass
test-amd64-i386-xl-xsm pass
test-amd64-amd64-qemuu-nested-amd fail
test-amd64-amd64-xl-pvh-amd fail
test-amd64-i386-qemut-rhel6hvm-amd pass
test-amd64-i386-qemuu-rhel6hvm-amd pass
test-amd64-amd64-xl-qemut-debianhvm-amd64 pass
test-amd64-i386-xl-qemut-debianhvm-amd64 broken
test-amd64-amd64-xl-qemuu-debianhvm-amd64 pass
test-amd64-i386-xl-qemuu-debianhvm-amd64 pass
test-amd64-i386-freebsd10-amd64 pass
test-amd64-amd64-xl-qemuu-ovmf-amd64 pass
test-amd64-i386-xl-qemuu-ovmf-amd64 pass
test-amd64-amd64-rumpuserxen-amd64 blocked
test-amd64-amd64-xl-qemut-win7-amd64 fail
test-amd64-i386-xl-qemut-win7-amd64 fail
test-amd64-amd64-xl-qemuu-win7-amd64 fail
test-amd64-i386-xl-qemuu-win7-amd64 fail
test-armhf-armhf-xl-arndale pass
test-amd64-amd64-xl-credit2 pass
test-armhf-armhf-xl-credit2 pass
test-armhf-armhf-xl-cubietruck pass
test-amd64-i386-freebsd10-i386 pass
test-amd64-i386-rumpuserxen-i386 blocked
test-amd64-amd64-qemuu-nested-intel pass
test-amd64-amd64-xl-pvh-intel fail
test-amd64-i386-qemut-rhel6hvm-intel pass
test-amd64-i386-qemuu-rhel6hvm-intel pass
test-amd64-amd64-libvirt pass
test-armhf-armhf-libvirt fail
test-amd64-i386-libvirt pass
test-amd64-amd64-migrupgrade pass
test-amd64-i386-migrupgrade pass
test-amd64-amd64-xl-multivcpu pass
test-armhf-armhf-xl-multivcpu pass
test-amd64-amd64-pair pass
test-amd64-i386-pair pass
test-amd64-amd64-libvirt-pair pass
test-amd64-i386-libvirt-pair pass
test-amd64-amd64-amd64-pvgrub pass
test-amd64-amd64-i386-pvgrub pass
test-amd64-amd64-pygrub pass
test-armhf-armhf-libvirt-qcow2 fail
test-amd64-amd64-xl-qcow2 pass
test-armhf-armhf-libvirt-raw fail
test-amd64-i386-xl-raw pass
test-amd64-amd64-xl-rtds pass
test-armhf-armhf-xl-rtds pass
test-amd64-i386-xl-qemut-winxpsp3-vcpus1 pass
test-amd64-i386-xl-qemuu-winxpsp3-vcpus1 pass
test-amd64-amd64-libvirt-vhd pass
test-armhf-armhf-xl-vhd pass
test-amd64-amd64-xl-qemut-winxpsp3 pass
test-amd64-i386-xl-qemut-winxpsp3 pass
test-amd64-amd64-xl-qemuu-winxpsp3 pass
test-amd64-i386-xl-qemuu-winxpsp3 pass
------------------------------------------------------------
sg-report-flight on osstest.test-lab.xenproject.org
logs: /home/logs/logs
images: /home/logs/images
Logs, config files, etc. are available at
http://logs.test-lab.xenproject.org/osstest/logs
Explanation of these reports, and of osstest in general, is at
http://xenbits.xen.org/gitweb/?p=osstest.git;a=blob;f=README.email;hb=master
http://xenbits.xen.org/gitweb/?p=osstest.git;a=blob;f=README;hb=master
Test harness code can be found at
http://xenbits.xen.org/gitweb?p=osstest.git;a=summary
broken-step test-amd64-i386-xl-qemut-debianhvm-amd64 host-install(3)
Not pushing.
------------------------------------------------------------
commit 3515e222a8a51a273b8e628b39afe949802a2337
Author: George Dunlap <george.dunlap@citrix.com>
Date: Fri Apr 22 12:19:23 2016 +0100
committers to be REST maintainers
As proposed on the hackathon.
Signed-off-by: Jan Beulich <jbeulich@suse.com>
Acked-by: Ian Jackson <Ian.Jackson@eu.citrix.com>
Acked-by: Andrew Cooper <andrew.cooper3@citrix.com>
Acked-by: Wei Liu <wei.liu2@citrix.com>
Acked-by: Stefano Stabellini <sstabellini@kernel.org>
Acked-by: Konrad Rzeszutek Wilk <konrad.wilk@oracle.com>
Acked-by: George Dunlap <george.dunlap@citrix.com>
commit 09fc40ed3054fe58528c3847d2fcb77d8249b726
Author: David Vrabel <david.vrabel@citrix.com>
Date: Tue Apr 12 17:19:43 2016 +0100
x86/ept: defer the invalidation until the p2m lock is released
Holding the p2m lock while calling ept_sync_domain() is very expensive
since it does an on_selected_cpus() call. IPIs on many socket
machines can be very slow and on_selected_cpus() is serialized.
It is safe to defer the invalidate until the p2m lock is released
except for two cases:
1. When freeing a page table page (since partial translations may be
cached).
2. When reclaiming a zero page as part of PoD.
For these cases, add p2m_tlb_flush_sync() calls which will immediately
perform the invalidate before the page is freed or reclaimed.
Signed-off-by: David Vrabel <david.vrabel@citrix.com>
Acked-by: Kevin Tian <kevin.tian@intel.com>
Reviewed-by: George Dunlap <geroge.dunlap@citrix.com>
Release-acked-by: Wei Liu <wei.liu2@citrix.com>
commit 83a5839960db70f3552417379ad2677a6b473b20
Author: Zhigang Wang <zhigang.x.wang@oracle.com>
Date: Wed Apr 20 10:16:35 2016 -0400
tools/xenstat: handle network interface name in uppercase.
xentop will segmentation fault in this case:
# ip link set eth1 down
# ip link set eth1 name ETH
# xentop
This patch will let xentop to handle all uppercase network interface name.
Signed-off-by: Zhigang Wang <zhigang.x.wang@oracle.com>
Acked-by: Wei Liu <wei.liu2@citrix.com>
Release-acked-by: Wei Liu <wei.liu2@citrix.com>
commit 1e9f929b7875a0f630f229127127179ed3d5aefa
Author: Juergen Gross <jgross@suse.com>
Date: Mon Apr 11 15:04:09 2016 +0200
docs: add misc/qemu-backends.txt
Document the interface between qemu and libxl regarding backends
supported by qemu.
Signed-off-by: Juergen Gross <jgross@suse.com>
Reviewed-by: Konrad Rzeszutek Wilk <konrad.wilk@oracle.com>
Reviewed-by: Stefano Stabellini <stefano.stabellini@eu.citrix.com>
Reviewed-by: Wei Liu <wei.liu2@citrix.com>
Release-acked-by: Wei Liu <wei.liu2@citrix.com>
commit 8b17648339ba801c4c7937b5f13dd25068e54e60
Author: Tim Deegan <tim@xen.org>
Date: Mon Mar 14 11:05:48 2016 +0000
x86: limit GFNs to 32 bits for shadowed superpages.
Superpage shadows store the shadowed GFN in the backpointer field,
which for non-BIGMEM builds is 32 bits wide. Shadowing a superpage
mapping of a guest-physical address above 2^44 would lead to the GFN
being truncated there, and a crash when we come to remove the shadow
from the hash table.
Track the valid width of a GFN for each guest, including reporting it
through CPUID, and enforce it in the shadow pagetables. Set the
maximum witth to 32 for guests where this truncation could occur.
This is XSA-173.
Reported-by: Ling Liu <liuling-it@360.cn>
Signed-off-by: Tim Deegan <tim@xen.org>
Signed-off-by: Jan Beulich <jbeulich@suse.com>
(qemu changes not included)
_______________________________________________
Xen-devel mailing list
Xen-devel@lists.xen.org
http://lists.xen.org/xen-devel
reply other threads:[~2016-04-23 12:49 UTC|newest]
Thread overview: [no followups] expand[flat|nested] mbox.gz Atom feed
Reply instructions:
You may reply publicly to this message via plain-text email
using any one of the following methods:
* Save the following mbox file, import it into your mail client,
and reply-to-all from there: mbox
Avoid top-posting and favor interleaved quoting:
https://en.wikipedia.org/wiki/Posting_style#Interleaved_style
* Reply using the --to, --cc, and --in-reply-to
switches of git-send-email(1):
git send-email \
--in-reply-to=osstest-92362-mainreport@xen.org \
--to=osstest-admin@xenproject.org \
--cc=xen-devel@lists.xensource.com \
/path/to/YOUR_REPLY
https://kernel.org/pub/software/scm/git/docs/git-send-email.html
* If your mail client supports setting the In-Reply-To header
via mailto: links, try the mailto: link
Be sure your reply has a Subject: header at the top and a blank line
before the message body.
This is a public inbox, see mirroring instructions
for how to clone and mirror all data and code used for this inbox;
as well as URLs for NNTP newsgroup(s).