* [xen-unstable test] 93430: regressions - trouble: blocked/broken/fail/pass
@ 2016-05-04 11:27 osstest service owner
0 siblings, 0 replies; only message in thread
From: osstest service owner @ 2016-05-04 11:27 UTC (permalink / raw)
To: xen-devel, osstest-admin
flight 93430 xen-unstable real [real]
http://logs.test-lab.xenproject.org/osstest/logs/93430/
Regressions :-(
Tests which did not succeed and are blocking,
including tests which could not be run:
test-armhf-armhf-libvirt-xsm 3 host-install(3) broken REGR. vs. 93408
test-amd64-amd64-pygrub 9 debian-di-install fail REGR. vs. 93408
test-armhf-armhf-xl-credit2 15 guest-start/debian.repeat fail REGR. vs. 93408
test-armhf-armhf-xl-vhd 6 xen-boot fail REGR. vs. 93408
test-armhf-armhf-xl 7 host-ping-check-xen fail REGR. vs. 93408
Regressions which are regarded as allowable (not blocking):
test-armhf-armhf-xl-rtds 11 guest-start fail REGR. vs. 93408
build-i386-rumpuserxen 6 xen-build fail like 93408
build-amd64-rumpuserxen 6 xen-build fail like 93408
test-amd64-amd64-xl-qemuu-win7-amd64 16 guest-stop fail like 93408
test-amd64-i386-xl-qemut-win7-amd64 16 guest-stop fail like 93408
test-amd64-i386-xl-qemuu-win7-amd64 16 guest-stop fail like 93408
test-amd64-amd64-xl-qemut-win7-amd64 16 guest-stop fail like 93408
test-amd64-amd64-xl-rtds 9 debian-install fail like 93408
Tests which did not succeed, but are not blocking:
test-amd64-i386-rumpuserxen-i386 1 build-check(1) blocked n/a
test-amd64-amd64-rumpuserxen-amd64 1 build-check(1) blocked n/a
test-amd64-amd64-xl-pvh-amd 11 guest-start fail never pass
test-amd64-amd64-xl-pvh-intel 11 guest-start fail never pass
test-amd64-i386-libvirt 12 migrate-support-check fail never pass
test-amd64-amd64-qemuu-nested-amd 16 debian-hvm-install/l1/l2 fail never pass
test-amd64-amd64-libvirt-xsm 12 migrate-support-check fail never pass
test-amd64-amd64-libvirt 12 migrate-support-check fail never pass
test-amd64-i386-libvirt-xsm 12 migrate-support-check fail never pass
test-amd64-amd64-libvirt-qemuu-debianhvm-amd64-xsm 10 migrate-support-check fail never pass
test-amd64-amd64-libvirt-vhd 11 migrate-support-check fail never pass
test-amd64-i386-libvirt-qemuu-debianhvm-amd64-xsm 10 migrate-support-check fail never pass
test-armhf-armhf-xl-cubietruck 12 migrate-support-check fail never pass
test-armhf-armhf-xl-cubietruck 13 saverestore-support-check fail never pass
test-armhf-armhf-libvirt 14 guest-saverestore fail never pass
test-armhf-armhf-libvirt 12 migrate-support-check fail never pass
test-armhf-armhf-xl-xsm 13 saverestore-support-check fail never pass
test-armhf-armhf-xl-xsm 12 migrate-support-check fail never pass
test-armhf-armhf-libvirt-qcow2 11 migrate-support-check fail never pass
test-armhf-armhf-libvirt-qcow2 13 guest-saverestore fail never pass
test-armhf-armhf-libvirt-raw 13 guest-saverestore fail never pass
test-armhf-armhf-libvirt-raw 11 migrate-support-check fail never pass
test-armhf-armhf-xl-credit2 13 saverestore-support-check fail never pass
test-armhf-armhf-xl-credit2 12 migrate-support-check fail never pass
test-armhf-armhf-xl-arndale 12 migrate-support-check fail never pass
test-armhf-armhf-xl-arndale 13 saverestore-support-check fail never pass
test-armhf-armhf-xl-multivcpu 13 saverestore-support-check fail never pass
test-armhf-armhf-xl-multivcpu 12 migrate-support-check fail never pass
version targeted for testing:
xen 1ca472c7208a7f72ab8a61aa7fe5fe1954fc345b
baseline version:
xen 356b5512b0dc9ce81a8007983a110de9798206dc
Last test of basis 93408 2016-05-03 15:19:14 Z 0 days
Testing same since 93430 2016-05-04 02:02:31 Z 0 days 1 attempts
------------------------------------------------------------
People who touched revisions under test:
David Vrabel <david.vrabel@citrix.com>
Ian Jackson <Ian.Jackson@eu.citrix.com>
jobs:
build-amd64-xsm pass
build-armhf-xsm pass
build-i386-xsm pass
build-amd64 pass
build-armhf pass
build-i386 pass
build-amd64-libvirt pass
build-armhf-libvirt pass
build-i386-libvirt pass
build-amd64-oldkern pass
build-i386-oldkern pass
build-amd64-prev pass
build-i386-prev pass
build-amd64-pvops pass
build-armhf-pvops pass
build-i386-pvops pass
build-amd64-rumpuserxen fail
build-i386-rumpuserxen fail
test-amd64-amd64-xl pass
test-armhf-armhf-xl fail
test-amd64-i386-xl pass
test-amd64-amd64-xl-qemut-debianhvm-amd64-xsm pass
test-amd64-i386-xl-qemut-debianhvm-amd64-xsm pass
test-amd64-amd64-libvirt-qemuu-debianhvm-amd64-xsm pass
test-amd64-i386-libvirt-qemuu-debianhvm-amd64-xsm pass
test-amd64-amd64-xl-qemuu-debianhvm-amd64-xsm pass
test-amd64-i386-xl-qemuu-debianhvm-amd64-xsm pass
test-amd64-amd64-xl-qemut-stubdom-debianhvm-amd64-xsm pass
test-amd64-i386-xl-qemut-stubdom-debianhvm-amd64-xsm pass
test-amd64-amd64-libvirt-xsm pass
test-armhf-armhf-libvirt-xsm broken
test-amd64-i386-libvirt-xsm pass
test-amd64-amd64-xl-xsm pass
test-armhf-armhf-xl-xsm pass
test-amd64-i386-xl-xsm pass
test-amd64-amd64-qemuu-nested-amd fail
test-amd64-amd64-xl-pvh-amd fail
test-amd64-i386-qemut-rhel6hvm-amd pass
test-amd64-i386-qemuu-rhel6hvm-amd pass
test-amd64-amd64-xl-qemut-debianhvm-amd64 pass
test-amd64-i386-xl-qemut-debianhvm-amd64 pass
test-amd64-amd64-xl-qemuu-debianhvm-amd64 pass
test-amd64-i386-xl-qemuu-debianhvm-amd64 pass
test-amd64-i386-freebsd10-amd64 pass
test-amd64-amd64-xl-qemuu-ovmf-amd64 pass
test-amd64-i386-xl-qemuu-ovmf-amd64 pass
test-amd64-amd64-rumpuserxen-amd64 blocked
test-amd64-amd64-xl-qemut-win7-amd64 fail
test-amd64-i386-xl-qemut-win7-amd64 fail
test-amd64-amd64-xl-qemuu-win7-amd64 fail
test-amd64-i386-xl-qemuu-win7-amd64 fail
test-armhf-armhf-xl-arndale pass
test-amd64-amd64-xl-credit2 pass
test-armhf-armhf-xl-credit2 fail
test-armhf-armhf-xl-cubietruck pass
test-amd64-i386-freebsd10-i386 pass
test-amd64-i386-rumpuserxen-i386 blocked
test-amd64-amd64-qemuu-nested-intel pass
test-amd64-amd64-xl-pvh-intel fail
test-amd64-i386-qemut-rhel6hvm-intel pass
test-amd64-i386-qemuu-rhel6hvm-intel pass
test-amd64-amd64-libvirt pass
test-armhf-armhf-libvirt fail
test-amd64-i386-libvirt pass
test-amd64-amd64-migrupgrade pass
test-amd64-i386-migrupgrade pass
test-amd64-amd64-xl-multivcpu pass
test-armhf-armhf-xl-multivcpu pass
test-amd64-amd64-pair pass
test-amd64-i386-pair pass
test-amd64-amd64-libvirt-pair pass
test-amd64-i386-libvirt-pair pass
test-amd64-amd64-amd64-pvgrub pass
test-amd64-amd64-i386-pvgrub pass
test-amd64-amd64-pygrub fail
test-armhf-armhf-libvirt-qcow2 fail
test-amd64-amd64-xl-qcow2 pass
test-armhf-armhf-libvirt-raw fail
test-amd64-i386-xl-raw pass
test-amd64-amd64-xl-rtds fail
test-armhf-armhf-xl-rtds fail
test-amd64-i386-xl-qemut-winxpsp3-vcpus1 pass
test-amd64-i386-xl-qemuu-winxpsp3-vcpus1 pass
test-amd64-amd64-libvirt-vhd pass
test-armhf-armhf-xl-vhd fail
test-amd64-amd64-xl-qemut-winxpsp3 pass
test-amd64-i386-xl-qemut-winxpsp3 pass
test-amd64-amd64-xl-qemuu-winxpsp3 pass
test-amd64-i386-xl-qemuu-winxpsp3 pass
------------------------------------------------------------
sg-report-flight on osstest.test-lab.xenproject.org
logs: /home/logs/logs
images: /home/logs/images
Logs, config files, etc. are available at
http://logs.test-lab.xenproject.org/osstest/logs
Explanation of these reports, and of osstest in general, is at
http://xenbits.xen.org/gitweb/?p=osstest.git;a=blob;f=README.email;hb=master
http://xenbits.xen.org/gitweb/?p=osstest.git;a=blob;f=README;hb=master
Test harness code can be found at
http://xenbits.xen.org/gitweb?p=osstest.git;a=summary
broken-step test-armhf-armhf-libvirt-xsm host-install(3)
Not pushing.
------------------------------------------------------------
commit 1ca472c7208a7f72ab8a61aa7fe5fe1954fc345b
Author: David Vrabel <david.vrabel@citrix.com>
Date: Tue May 3 17:15:38 2016 +0100
x86: show correct code in CPU state
When showing the CPU state (e.g., after a crash) the dump of code
around RIP is incorrect.
Incorrect:
Xen code around <ffff82d0801113cf> (...):
00 c6 c1 ee 08 48 c1 e0 <04> 03 04 f1 8b ...
^^ Uninitialized ^^ Missing 0x48
Correct:
Xen code around <ffff82d0801113cf> (...):
c6 c1 ee 08 48 c1 e0 04 <48> 03 04 f1 8b ...
When coping the bytes before RIP, the destination was off-by-one.
Signed-off-by: David Vrabel <david.vrabel@citrix.com>
Reviewed-by: Andrew Cooper <andrew.cooper3@citrix.com>
Release-acked-by: Wei Liu <wei.liu2@citrix.com>
commit b90ecd5f2ba3a1d28e69b724cc4e90afcb6ce483
Author: Ian Jackson <ian.jackson@eu.citrix.com>
Date: Tue May 3 12:43:35 2016 +0100
Final touches for Xen 4.7.0-rc1
* Update README and xen/Makefile to "Xen 4.7-rc"
* Fix QEMU_UPSTREAM_REVISION to a tag, so we get a specific commit
Signed-off-by: Ian Jackson <Ian.Jackson@eu.citrix.com>
(qemu changes not included)
_______________________________________________
Xen-devel mailing list
Xen-devel@lists.xen.org
http://lists.xen.org/xen-devel
^ permalink raw reply [flat|nested] only message in thread
only message in thread, other threads:[~2016-05-04 11:27 UTC | newest]
Thread overview: (only message) (download: mbox.gz follow: Atom feed
-- links below jump to the message on this page --
2016-05-04 11:27 [xen-unstable test] 93430: regressions - trouble: blocked/broken/fail/pass osstest service owner
This is a public inbox, see mirroring instructions
for how to clone and mirror all data and code used for this inbox;
as well as URLs for NNTP newsgroup(s).