* [xen-unstable test] 93458: regressions - trouble: blocked/broken/fail/pass
@ 2016-05-04 20:10 osstest service owner
0 siblings, 0 replies; only message in thread
From: osstest service owner @ 2016-05-04 20:10 UTC (permalink / raw)
To: xen-devel, osstest-admin
[-- Attachment #1: Type: text/plain, Size: 16367 bytes --]
flight 93458 xen-unstable real [real]
http://logs.test-lab.xenproject.org/osstest/logs/93458/
Regressions :-(
Tests which did not succeed and are blocking,
including tests which could not be run:
test-armhf-armhf-xl-vhd 3 host-install(3) broken REGR. vs. 93408
test-armhf-armhf-xl-cubietruck 15 guest-start/debian.repeat fail REGR. vs. 93408
Regressions which are regarded as allowable (not blocking):
build-i386-rumpuserxen 6 xen-build fail like 93408
build-amd64-rumpuserxen 6 xen-build fail like 93408
test-amd64-i386-xl-qemut-win7-amd64 16 guest-stop fail like 93408
test-amd64-i386-xl-qemuu-win7-amd64 16 guest-stop fail like 93408
test-amd64-amd64-xl-qemut-win7-amd64 16 guest-stop fail like 93408
test-amd64-amd64-xl-rtds 9 debian-install fail like 93408
Tests which did not succeed, but are not blocking:
test-amd64-i386-rumpuserxen-i386 1 build-check(1) blocked n/a
test-amd64-amd64-rumpuserxen-amd64 1 build-check(1) blocked n/a
test-amd64-amd64-xl-pvh-amd 11 guest-start fail never pass
test-amd64-amd64-xl-pvh-intel 11 guest-start fail never pass
test-amd64-i386-libvirt 12 migrate-support-check fail never pass
test-amd64-amd64-qemuu-nested-amd 16 debian-hvm-install/l1/l2 fail never pass
test-amd64-amd64-libvirt-xsm 12 migrate-support-check fail never pass
test-amd64-amd64-libvirt 12 migrate-support-check fail never pass
test-amd64-i386-libvirt-xsm 12 migrate-support-check fail never pass
test-amd64-amd64-libvirt-qemuu-debianhvm-amd64-xsm 10 migrate-support-check fail never pass
test-armhf-armhf-xl-xsm 13 saverestore-support-check fail never pass
test-armhf-armhf-xl-xsm 12 migrate-support-check fail never pass
test-amd64-amd64-libvirt-vhd 11 migrate-support-check fail never pass
test-amd64-i386-libvirt-qemuu-debianhvm-amd64-xsm 10 migrate-support-check fail never pass
test-armhf-armhf-libvirt-xsm 12 migrate-support-check fail never pass
test-armhf-armhf-libvirt-xsm 14 guest-saverestore fail never pass
test-armhf-armhf-xl-cubietruck 12 migrate-support-check fail never pass
test-armhf-armhf-xl-cubietruck 13 saverestore-support-check fail never pass
test-armhf-armhf-libvirt 14 guest-saverestore fail never pass
test-armhf-armhf-libvirt 12 migrate-support-check fail never pass
test-armhf-armhf-libvirt-qcow2 11 migrate-support-check fail never pass
test-armhf-armhf-libvirt-qcow2 13 guest-saverestore fail never pass
test-armhf-armhf-libvirt-raw 13 guest-saverestore fail never pass
test-armhf-armhf-libvirt-raw 11 migrate-support-check fail never pass
test-armhf-armhf-xl-credit2 13 saverestore-support-check fail never pass
test-armhf-armhf-xl-credit2 12 migrate-support-check fail never pass
test-armhf-armhf-xl-rtds 13 saverestore-support-check fail never pass
test-armhf-armhf-xl-rtds 12 migrate-support-check fail never pass
test-armhf-armhf-xl-arndale 12 migrate-support-check fail never pass
test-armhf-armhf-xl-arndale 13 saverestore-support-check fail never pass
test-armhf-armhf-xl-multivcpu 13 saverestore-support-check fail never pass
test-armhf-armhf-xl-multivcpu 12 migrate-support-check fail never pass
test-armhf-armhf-xl 12 migrate-support-check fail never pass
test-armhf-armhf-xl 13 saverestore-support-check fail never pass
version targeted for testing:
xen b7e5aee0a36487d6205c1633add25fd430d3b6d7
baseline version:
xen 356b5512b0dc9ce81a8007983a110de9798206dc
Last test of basis 93408 2016-05-03 15:19:14 Z 1 days
Failing since 93430 2016-05-04 02:02:31 Z 0 days 2 attempts
Testing same since 93458 2016-05-04 11:45:43 Z 0 days 1 attempts
------------------------------------------------------------
People who touched revisions under test:
David Vrabel <david.vrabel@citrix.com>
George Dunlap <george.dunlap@citrix.com>
Ian Jackson <Ian.Jackson@eu.citrix.com>
Jan Beulich <jbeulich@suse.com>
Julien Grall <julien.grall@arm.com>
Kyle J. Temkin <temkink@ainfosec.com>
Kyle Temkin <temkink@ainfosec.com>
Razvan Cojocaru <rcojocaru@bitdefender.com>
Roger Pau Monné <roger.pau@citrix.com>
Stefano Stabellini <sstabellini@kernel.org>
Tamas K Lengyel <tamas@tklengyel.com>
jobs:
build-amd64-xsm pass
build-armhf-xsm pass
build-i386-xsm pass
build-amd64 pass
build-armhf pass
build-i386 pass
build-amd64-libvirt pass
build-armhf-libvirt pass
build-i386-libvirt pass
build-amd64-oldkern pass
build-i386-oldkern pass
build-amd64-prev pass
build-i386-prev pass
build-amd64-pvops pass
build-armhf-pvops pass
build-i386-pvops pass
build-amd64-rumpuserxen fail
build-i386-rumpuserxen fail
test-amd64-amd64-xl pass
test-armhf-armhf-xl pass
test-amd64-i386-xl pass
test-amd64-amd64-xl-qemut-debianhvm-amd64-xsm pass
test-amd64-i386-xl-qemut-debianhvm-amd64-xsm pass
test-amd64-amd64-libvirt-qemuu-debianhvm-amd64-xsm pass
test-amd64-i386-libvirt-qemuu-debianhvm-amd64-xsm pass
test-amd64-amd64-xl-qemuu-debianhvm-amd64-xsm pass
test-amd64-i386-xl-qemuu-debianhvm-amd64-xsm pass
test-amd64-amd64-xl-qemut-stubdom-debianhvm-amd64-xsm pass
test-amd64-i386-xl-qemut-stubdom-debianhvm-amd64-xsm pass
test-amd64-amd64-libvirt-xsm pass
test-armhf-armhf-libvirt-xsm fail
test-amd64-i386-libvirt-xsm pass
test-amd64-amd64-xl-xsm pass
test-armhf-armhf-xl-xsm pass
test-amd64-i386-xl-xsm pass
test-amd64-amd64-qemuu-nested-amd fail
test-amd64-amd64-xl-pvh-amd fail
test-amd64-i386-qemut-rhel6hvm-amd pass
test-amd64-i386-qemuu-rhel6hvm-amd pass
test-amd64-amd64-xl-qemut-debianhvm-amd64 pass
test-amd64-i386-xl-qemut-debianhvm-amd64 pass
test-amd64-amd64-xl-qemuu-debianhvm-amd64 pass
test-amd64-i386-xl-qemuu-debianhvm-amd64 pass
test-amd64-i386-freebsd10-amd64 pass
test-amd64-amd64-xl-qemuu-ovmf-amd64 pass
test-amd64-i386-xl-qemuu-ovmf-amd64 pass
test-amd64-amd64-rumpuserxen-amd64 blocked
test-amd64-amd64-xl-qemut-win7-amd64 fail
test-amd64-i386-xl-qemut-win7-amd64 fail
test-amd64-amd64-xl-qemuu-win7-amd64 pass
test-amd64-i386-xl-qemuu-win7-amd64 fail
test-armhf-armhf-xl-arndale pass
test-amd64-amd64-xl-credit2 pass
test-armhf-armhf-xl-credit2 pass
test-armhf-armhf-xl-cubietruck fail
test-amd64-i386-freebsd10-i386 pass
test-amd64-i386-rumpuserxen-i386 blocked
test-amd64-amd64-qemuu-nested-intel pass
test-amd64-amd64-xl-pvh-intel fail
test-amd64-i386-qemut-rhel6hvm-intel pass
test-amd64-i386-qemuu-rhel6hvm-intel pass
test-amd64-amd64-libvirt pass
test-armhf-armhf-libvirt fail
test-amd64-i386-libvirt pass
test-amd64-amd64-migrupgrade pass
test-amd64-i386-migrupgrade pass
test-amd64-amd64-xl-multivcpu pass
test-armhf-armhf-xl-multivcpu pass
test-amd64-amd64-pair pass
test-amd64-i386-pair pass
test-amd64-amd64-libvirt-pair pass
test-amd64-i386-libvirt-pair pass
test-amd64-amd64-amd64-pvgrub pass
test-amd64-amd64-i386-pvgrub pass
test-amd64-amd64-pygrub pass
test-armhf-armhf-libvirt-qcow2 fail
test-amd64-amd64-xl-qcow2 pass
test-armhf-armhf-libvirt-raw fail
test-amd64-i386-xl-raw pass
test-amd64-amd64-xl-rtds fail
test-armhf-armhf-xl-rtds pass
test-amd64-i386-xl-qemut-winxpsp3-vcpus1 pass
test-amd64-i386-xl-qemuu-winxpsp3-vcpus1 pass
test-amd64-amd64-libvirt-vhd pass
test-armhf-armhf-xl-vhd broken
test-amd64-amd64-xl-qemut-winxpsp3 pass
test-amd64-i386-xl-qemut-winxpsp3 pass
test-amd64-amd64-xl-qemuu-winxpsp3 pass
test-amd64-i386-xl-qemuu-winxpsp3 pass
------------------------------------------------------------
sg-report-flight on osstest.test-lab.xenproject.org
logs: /home/logs/logs
images: /home/logs/images
Logs, config files, etc. are available at
http://logs.test-lab.xenproject.org/osstest/logs
Explanation of these reports, and of osstest in general, is at
http://xenbits.xen.org/gitweb/?p=osstest.git;a=blob;f=README.email;hb=master
http://xenbits.xen.org/gitweb/?p=osstest.git;a=blob;f=README;hb=master
Test harness code can be found at
http://xenbits.xen.org/gitweb?p=osstest.git;a=summary
broken-step test-armhf-armhf-xl-vhd host-install(3)
Not pushing.
------------------------------------------------------------
commit b7e5aee0a36487d6205c1633add25fd430d3b6d7
Author: Kyle J. Temkin <temkink@ainfosec.com>
Date: Thu Apr 28 13:14:07 2016 -0400
xen/arm64: ensure that the correct SP is used for exceptions
The ARMv8 architecture has a SPSel ("stack pointer selection") machine
register that allows us to determine which exception level's stack
pointer is loaded when an exception occurs. As we don't want to
use the non-privileged SP_EL0 stack pointer -- or even assume that SP_EL0
points to a valid address in the hypervisor context-- we'll need to ensure
that our EL2 code sets the SPSel to SP_ELn mode, so exceptions that trap
to EL2 use the EL2 stack pointer.
This corrects an issue that can manifest as a hang-on-IRQ on some
arm64 cores if the firmware/bootloader has previously initialized SPSel
to 0; in which case Xen's exceptions will incorrectly use an invalid SP_EL0,
and will endlessly spin on the synchronous abort handler.
Signed-off-by: Kyle Temkin <temkink@ainfosec.com>
Signed-off-by: Stefano Stabellini <sstabellini@kernel.org>
Reviewed-by: Julien Grall <julien.grall@arm.com>
commit 359cf73565bddafc8cba81fe91231be27d16b106
Author: Roger Pau Monné <roger.pau@citrix.com>
Date: Wed May 4 09:46:57 2016 +0200
xsplice: check against ELFOSABI_NONE instead of ELFOSABI_SYSV
They are equivalent, but using ELFOSABI_NONE is more correct in this
context.
Suggested-by: Jan Beulich <jbeulich@suse.com>
Signed-off-by: Roger Pau Monné <roger.pau@citrix.com>
Reviewed-by: Andrew Cooper <andrew.cooper3@citrix.com>
commit af07377007d595b5d6422291bb1c932c16d1036f
Author: Jan Beulich <jbeulich@suse.com>
Date: Wed May 4 09:44:32 2016 +0200
IOMMU/x86: per-domain control structure is not HVM-specific
... and hence should not live in the HVM part of the PV/HVM union. In
fact it's not even architecture specific (there already is a per-arch
extension type to it), so it gets moved out right to common struct
domain.
Signed-off-by: Jan Beulich <jbeulich@suse.com>
Reviewed-by: Andrew Cooper <andrew.cooper3@citrix.com>
Acked-by: Julien Grall <julien.grall@arm.com>
Reviewed-by: Wei Liu <wei.liu2@citrix.com>
Release-acked-by: Wei Liu <wei.liu2@citrix.com>
commit f85ea36ed1bc9d9d6d47801d0d323e00945b0aca
Author: Jan Beulich <jbeulich@suse.com>
Date: Wed May 4 09:43:37 2016 +0200
x86/p2m: also tear down altp2m
Signed-off-by: Jan Beulich <jbeulich@suse.com>
Reviewed-by: Andrew Cooper <andrew.cooper3@citrix.com>
Release-acked-by: Wei Liu <wei.liu2@citrix.com>
Acked-by: George Dunlap <george.dunlap@citrix.com>
commit fdfd56453db7c303c8c82531b33401f40700a85e
Author: Razvan Cojocaru <rcojocaru@bitdefender.com>
Date: Wed May 4 09:42:06 2016 +0200
x86/monitor: disallow setting mem_access_emulate_each_rep when vm_event is NULL
It is meaningless (and potentially dangerous - see hvmemul_virtual_to_linear())
to set mem_access_emulate_each_rep before xc_monitor_enable() (which allocates
vcpu->arch.vm_event) has been called, so return an error from the
XEN_DOMCTL_MONITOR_OP_EMULATE_EACH_REP hypercall when that is the case.
Signed-off-by: Razvan Cojocaru <rcojocaru@bitdefender.com>
Reviewed-by: Andrew Cooper <andrew.cooper3@citirx.com>
Release-acked-by: Wei Liu <wei.liu2@citrix.com>
Acked-by: Tamas K Lengyel <tamas@tklengyel.com>
commit 1ca472c7208a7f72ab8a61aa7fe5fe1954fc345b
Author: David Vrabel <david.vrabel@citrix.com>
Date: Tue May 3 17:15:38 2016 +0100
x86: show correct code in CPU state
When showing the CPU state (e.g., after a crash) the dump of code
around RIP is incorrect.
Incorrect:
Xen code around <ffff82d0801113cf> (...):
00 c6 c1 ee 08 48 c1 e0 <04> 03 04 f1 8b ...
^^ Uninitialized ^^ Missing 0x48
Correct:
Xen code around <ffff82d0801113cf> (...):
c6 c1 ee 08 48 c1 e0 04 <48> 03 04 f1 8b ...
When coping the bytes before RIP, the destination was off-by-one.
Signed-off-by: David Vrabel <david.vrabel@citrix.com>
Reviewed-by: Andrew Cooper <andrew.cooper3@citrix.com>
Release-acked-by: Wei Liu <wei.liu2@citrix.com>
commit b90ecd5f2ba3a1d28e69b724cc4e90afcb6ce483
Author: Ian Jackson <ian.jackson@eu.citrix.com>
Date: Tue May 3 12:43:35 2016 +0100
Final touches for Xen 4.7.0-rc1
* Update README and xen/Makefile to "Xen 4.7-rc"
* Fix QEMU_UPSTREAM_REVISION to a tag, so we get a specific commit
Signed-off-by: Ian Jackson <Ian.Jackson@eu.citrix.com>
(qemu changes not included)
[-- Attachment #2: Type: text/plain, Size: 126 bytes --]
_______________________________________________
Xen-devel mailing list
Xen-devel@lists.xen.org
http://lists.xen.org/xen-devel
^ permalink raw reply [flat|nested] only message in thread
only message in thread, other threads:[~2016-05-04 20:10 UTC | newest]
Thread overview: (only message) (download: mbox.gz follow: Atom feed
-- links below jump to the message on this page --
2016-05-04 20:10 [xen-unstable test] 93458: regressions - trouble: blocked/broken/fail/pass osstest service owner
This is a public inbox, see mirroring instructions
for how to clone and mirror all data and code used for this inbox;
as well as URLs for NNTP newsgroup(s).