From mboxrd@z Thu Jan 1 00:00:00 1970 From: osstest service owner Subject: [linux-3.14 test] 94027: tolerable FAIL - PUSHED Date: Thu, 12 May 2016 04:00:19 +0000 Message-ID: Mime-Version: 1.0 Content-Type: multipart/mixed; boundary="===============6489503746097034985==" Return-path: List-Unsubscribe: , List-Post: List-Help: List-Subscribe: , Errors-To: xen-devel-bounces@lists.xen.org Sender: "Xen-devel" To: xen-devel@lists.xensource.com, osstest-admin@xenproject.org List-Id: xen-devel@lists.xenproject.org --===============6489503746097034985== Content-Type: text/plain flight 94027 linux-3.14 real [real] http://logs.test-lab.xenproject.org/osstest/logs/94027/ Failures :-/ but no regressions. Regressions which are regarded as allowable (not blocking): build-i386-rumpuserxen 6 xen-build fail like 93503 build-amd64-rumpuserxen 6 xen-build fail like 93503 test-amd64-amd64-xl-qemuu-win7-amd64 16 guest-stop fail like 93503 test-amd64-i386-xl-qemut-win7-amd64 16 guest-stop fail like 93503 test-amd64-i386-xl-qemuu-win7-amd64 16 guest-stop fail like 93503 Tests which did not succeed, but are not blocking: test-amd64-i386-rumpuserxen-i386 1 build-check(1) blocked n/a test-amd64-amd64-rumpuserxen-amd64 1 build-check(1) blocked n/a test-amd64-amd64-xl-pvh-intel 11 guest-start fail never pass test-amd64-amd64-xl-pvh-amd 11 guest-start fail never pass test-amd64-amd64-libvirt-xsm 12 migrate-support-check fail never pass test-amd64-i386-libvirt 12 migrate-support-check fail never pass test-amd64-amd64-libvirt 12 migrate-support-check fail never pass test-amd64-i386-libvirt-xsm 12 migrate-support-check fail never pass test-amd64-amd64-qemuu-nested-amd 16 debian-hvm-install/l1/l2 fail never pass test-amd64-amd64-libvirt-vhd 11 migrate-support-check fail never pass test-amd64-amd64-libvirt-qemuu-debianhvm-amd64-xsm 10 migrate-support-check fail never pass test-amd64-i386-libvirt-qemuu-debianhvm-amd64-xsm 10 migrate-support-check fail never pass version targeted for testing: linux 1c767107ef341cdc080d44d3ee1c9ca1b6957ce0 baseline version: linux 48763742b1bceb119b04656b8dd06e0617dfa89a Last test of basis 93503 2016-05-04 22:24:20 Z 7 days Testing same since 94027 2016-05-11 09:44:33 Z 0 days 1 attempts ------------------------------------------------------------ People who touched revisions under test: Andrew Morton Andrey Gelman Andy Lutomirski # On a Dell XPS 13 9350 Anton Blanchard Antonio Quartulli Arnd Bergmann Behan Webster Bob Moore Chen Yu Chunyu Hu Dan Streetman Dinh Nguyen Dirk Behme Dmitry Torokhov Greg Kroah-Hartman Gregor Boirie Haibo Chen Igor Grinberg Ingo Molnar Jan-Simon Möller Jasem Mutlaq Joe Perches Johan Hovold Jonathan Cameron Julian Anastasov Kevin Hilman Knut Wohlrab Krzysztof Kozlowski Linus Lüssing Linus Torvalds Linus Walleij Lv Zheng Marco Angaroni Marek Lindner Markus Pargmann Martin K. Petersen Mathias Krause Matt Fleming Michael Ellerman Mike Manning Oleksij Rempel Paolo Bonzini Prarit Bhargava Rafael J. Wysocki Sascha Hauer Sasha Levin Simon Horman Stephen Boyd Steven Rostedt Sven Eckelmann Thomas Gleixner Wang YanQing jobs: build-amd64-xsm pass build-i386-xsm pass build-amd64 pass build-i386 pass build-amd64-libvirt pass build-i386-libvirt pass build-amd64-pvops pass build-i386-pvops pass build-amd64-rumpuserxen fail build-i386-rumpuserxen fail test-amd64-amd64-xl pass test-amd64-i386-xl pass test-amd64-amd64-xl-qemut-debianhvm-amd64-xsm pass test-amd64-i386-xl-qemut-debianhvm-amd64-xsm pass test-amd64-amd64-libvirt-qemuu-debianhvm-amd64-xsm pass test-amd64-i386-libvirt-qemuu-debianhvm-amd64-xsm pass test-amd64-amd64-xl-qemuu-debianhvm-amd64-xsm pass test-amd64-i386-xl-qemuu-debianhvm-amd64-xsm pass test-amd64-amd64-xl-qemut-stubdom-debianhvm-amd64-xsm pass test-amd64-i386-xl-qemut-stubdom-debianhvm-amd64-xsm pass test-amd64-amd64-libvirt-xsm pass test-amd64-i386-libvirt-xsm pass test-amd64-amd64-xl-xsm pass test-amd64-i386-xl-xsm pass test-amd64-amd64-qemuu-nested-amd fail test-amd64-amd64-xl-pvh-amd fail test-amd64-i386-qemut-rhel6hvm-amd pass test-amd64-i386-qemuu-rhel6hvm-amd pass test-amd64-amd64-xl-qemut-debianhvm-amd64 pass test-amd64-i386-xl-qemut-debianhvm-amd64 pass test-amd64-amd64-xl-qemuu-debianhvm-amd64 pass test-amd64-i386-xl-qemuu-debianhvm-amd64 pass test-amd64-i386-freebsd10-amd64 pass test-amd64-amd64-xl-qemuu-ovmf-amd64 pass test-amd64-i386-xl-qemuu-ovmf-amd64 pass test-amd64-amd64-rumpuserxen-amd64 blocked test-amd64-amd64-xl-qemut-win7-amd64 pass test-amd64-i386-xl-qemut-win7-amd64 fail test-amd64-amd64-xl-qemuu-win7-amd64 fail test-amd64-i386-xl-qemuu-win7-amd64 fail test-amd64-amd64-xl-credit2 pass test-amd64-i386-freebsd10-i386 pass test-amd64-i386-rumpuserxen-i386 blocked test-amd64-amd64-qemuu-nested-intel pass test-amd64-amd64-xl-pvh-intel fail test-amd64-i386-qemut-rhel6hvm-intel pass test-amd64-i386-qemuu-rhel6hvm-intel pass test-amd64-amd64-libvirt pass test-amd64-i386-libvirt pass test-amd64-amd64-xl-multivcpu pass test-amd64-amd64-pair pass test-amd64-i386-pair pass test-amd64-amd64-libvirt-pair pass test-amd64-i386-libvirt-pair pass test-amd64-amd64-amd64-pvgrub pass test-amd64-amd64-i386-pvgrub pass test-amd64-amd64-pygrub pass test-amd64-amd64-xl-qcow2 pass test-amd64-i386-xl-raw pass test-amd64-amd64-xl-rtds pass test-amd64-i386-xl-qemut-winxpsp3-vcpus1 pass test-amd64-i386-xl-qemuu-winxpsp3-vcpus1 pass test-amd64-amd64-libvirt-vhd pass test-amd64-amd64-xl-qemut-winxpsp3 pass test-amd64-i386-xl-qemut-winxpsp3 pass test-amd64-amd64-xl-qemuu-winxpsp3 pass test-amd64-i386-xl-qemuu-winxpsp3 pass ------------------------------------------------------------ sg-report-flight on osstest.test-lab.xenproject.org logs: /home/logs/logs images: /home/logs/images Logs, config files, etc. are available at http://logs.test-lab.xenproject.org/osstest/logs Explanation of these reports, and of osstest in general, is at http://xenbits.xen.org/gitweb/?p=osstest.git;a=blob;f=README.email;hb=master http://xenbits.xen.org/gitweb/?p=osstest.git;a=blob;f=README;hb=master Test harness code can be found at http://xenbits.xen.org/gitweb?p=osstest.git;a=summary Pushing revision : + branch=linux-3.14 + revision=1c767107ef341cdc080d44d3ee1c9ca1b6957ce0 + . ./cri-lock-repos ++ . ./cri-common +++ . ./cri-getconfig +++ umask 002 +++ getrepos ++++ getconfig Repos ++++ perl -e ' use Osstest; readglobalconfig(); print $c{"Repos"} or die $!; ' +++ local repos=/home/osstest/repos +++ '[' -z /home/osstest/repos ']' +++ '[' '!' -d /home/osstest/repos ']' +++ echo /home/osstest/repos ++ repos=/home/osstest/repos ++ repos_lock=/home/osstest/repos/lock ++ '[' x '!=' x/home/osstest/repos/lock ']' ++ OSSTEST_REPOS_LOCK_LOCKED=/home/osstest/repos/lock ++ exec with-lock-ex -w /home/osstest/repos/lock ./ap-push linux-3.14 1c767107ef341cdc080d44d3ee1c9ca1b6957ce0 + branch=linux-3.14 + revision=1c767107ef341cdc080d44d3ee1c9ca1b6957ce0 + . ./cri-lock-repos ++ . ./cri-common +++ . ./cri-getconfig +++ umask 002 +++ getrepos ++++ getconfig Repos ++++ perl -e ' use Osstest; readglobalconfig(); print $c{"Repos"} or die $!; ' +++ local repos=/home/osstest/repos +++ '[' -z /home/osstest/repos ']' +++ '[' '!' -d /home/osstest/repos ']' +++ echo /home/osstest/repos ++ repos=/home/osstest/repos ++ repos_lock=/home/osstest/repos/lock ++ '[' x/home/osstest/repos/lock '!=' x/home/osstest/repos/lock ']' + . ./cri-common ++ . ./cri-getconfig ++ umask 002 + select_xenbranch + case "$branch" in + tree=linux + xenbranch=xen-unstable + '[' xlinux = xlinux ']' + linuxbranch=linux-3.14 + '[' x = x ']' + qemuubranch=qemu-upstream-unstable + select_prevxenbranch ++ ./cri-getprevxenbranch xen-unstable + prevxenbranch=xen-4.6-testing + '[' x1c767107ef341cdc080d44d3ee1c9ca1b6957ce0 = x ']' + : tested/2.6.39.x + . ./ap-common ++ : osstest@xenbits.xen.org +++ getconfig OsstestUpstream +++ perl -e ' use Osstest; readglobalconfig(); print $c{"OsstestUpstream"} or die $!; ' ++ : ++ : git://xenbits.xen.org/xen.git ++ : osstest@xenbits.xen.org:/home/xen/git/xen.git ++ : git://xenbits.xen.org/qemu-xen-traditional.git ++ : git://git.kernel.org ++ : git://git.kernel.org/pub/scm/linux/kernel/git ++ : git ++ : git://xenbits.xen.org/libvirt.git ++ : osstest@xenbits.xen.org:/home/xen/git/libvirt.git ++ : git://xenbits.xen.org/libvirt.git ++ : git://xenbits.xen.org/rumpuser-xen.git ++ : git ++ : git://xenbits.xen.org/rumpuser-xen.git ++ : osstest@xenbits.xen.org:/home/xen/git/rumpuser-xen.git +++ besteffort_repo https://github.com/rumpkernel/rumpkernel-netbsd-src +++ local repo=https://github.com/rumpkernel/rumpkernel-netbsd-src +++ cached_repo https://github.com/rumpkernel/rumpkernel-netbsd-src '[fetch=try]' +++ local repo=https://github.com/rumpkernel/rumpkernel-netbsd-src +++ local 'options=[fetch=try]' ++++ getconfig GitCacheProxy ++++ perl -e ' use Osstest; readglobalconfig(); print $c{"GitCacheProxy"} or die $!; ' +++ local cache=git://cache:9419/ +++ '[' xgit://cache:9419/ '!=' x ']' +++ echo 'git://cache:9419/https://github.com/rumpkernel/rumpkernel-netbsd-src%20[fetch=try]' ++ : 'git://cache:9419/https://github.com/rumpkernel/rumpkernel-netbsd-src%20[fetch=try]' ++ : git ++ : git://git.seabios.org/seabios.git ++ : osstest@xenbits.xen.org:/home/xen/git/osstest/seabios.git ++ : git://xenbits.xen.org/osstest/seabios.git ++ : https://github.com/tianocore/edk2.git ++ : osstest@xenbits.xen.org:/home/xen/git/osstest/ovmf.git ++ : git://xenbits.xen.org/osstest/ovmf.git ++ : git://xenbits.xen.org/osstest/linux-firmware.git ++ : osstest@xenbits.xen.org:/home/osstest/ext/linux-firmware.git ++ : git://git.kernel.org/pub/scm/linux/kernel/git/firmware/linux-firmware.git ++ : osstest@xenbits.xen.org:/home/xen/git/linux-pvops.git ++ : git://xenbits.xen.org/linux-pvops.git ++ : tested/linux-3.14 ++ : tested/linux-arm-xen ++ '[' xgit://git.kernel.org/pub/scm/linux/kernel/git/stable/linux-stable.git = x ']' ++ '[' xgit://git.kernel.org/pub/scm/linux/kernel/git/stable/linux-stable.git = x ']' ++ : git://git.kernel.org/pub/scm/linux/kernel/git/konrad/xen.git ++ : tested/2.6.39.x ++ : daily-cron.linux-3.14 ++ : daily-cron.linux-3.14 ++ : daily-cron.linux-3.14 ++ : daily-cron.linux-3.14 ++ : daily-cron.linux-3.14 ++ : daily-cron.linux-3.14 ++ : http://hg.uk.xensource.com/carbon/trunk/linux-2.6.27 ++ : git://xenbits.xen.org/qemu-xen.git ++ : osstest@xenbits.xen.org:/home/xen/git/qemu-xen.git ++ : daily-cron.linux-3.14 ++ : git://xenbits.xen.org/qemu-xen.git ++ : git://git.qemu.org/qemu.git + TREE_LINUX=osstest@xenbits.xen.org:/home/xen/git/linux-pvops.git + TREE_QEMU_UPSTREAM=osstest@xenbits.xen.org:/home/xen/git/qemu-xen.git + TREE_XEN=osstest@xenbits.xen.org:/home/xen/git/xen.git + TREE_LIBVIRT=osstest@xenbits.xen.org:/home/xen/git/libvirt.git + TREE_RUMPUSERXEN=osstest@xenbits.xen.org:/home/xen/git/rumpuser-xen.git + TREE_SEABIOS=osstest@xenbits.xen.org:/home/xen/git/osstest/seabios.git + TREE_OVMF=osstest@xenbits.xen.org:/home/xen/git/osstest/ovmf.git + info_linux_tree linux-3.14 + case $1 in + : git://git.kernel.org/pub/scm/linux/kernel/git/stable/linux-stable.git + : linux-3.14.y + : linux-3.14.y + : git + : git + : git://xenbits.xen.org/linux-pvops.git + : osstest@xenbits.xen.org:/home/xen/git/linux-pvops.git + : tested/linux-3.14 + : refs/heads/tested/linux-3.14 + return 0 + cd /home/osstest/repos/linux + git push osstest@xenbits.xen.org:/home/xen/git/linux-pvops.git 1c767107ef341cdc080d44d3ee1c9ca1b6957ce0:refs/heads/tested/linux-3.14 To osstest@xenbits.xen.org:/home/xen/git/linux-pvops.git 4876374..1c76710 1c767107ef341cdc080d44d3ee1c9ca1b6957ce0 -> tested/linux-3.14 + exit 0 --===============6489503746097034985== Content-Type: text/plain; charset="utf-8" MIME-Version: 1.0 Content-Transfer-Encoding: base64 Content-Disposition: inline X19fX19fX19fX19fX19fX19fX19fX19fX19fX19fX19fX19fX19fX19fX19fX18KWGVuLWRldmVs IG1haWxpbmcgbGlzdApYZW4tZGV2ZWxAbGlzdHMueGVuLm9yZwpodHRwOi8vbGlzdHMueGVuLm9y Zy94ZW4tZGV2ZWwK --===============6489503746097034985==--