* [qemu-mainline test] 94577: trouble: broken/fail/pass
@ 2016-05-19 20:49 osstest service owner
0 siblings, 0 replies; only message in thread
From: osstest service owner @ 2016-05-19 20:49 UTC (permalink / raw)
To: xen-devel, osstest-admin
flight 94577 qemu-mainline real [real]
http://logs.test-lab.xenproject.org/osstest/logs/94577/
Failures and problems with tests :-(
Tests which did not succeed and are blocking,
including tests which could not be run:
test-armhf-armhf-libvirt 3 host-install(3) broken REGR. vs. 94554
Regressions which are regarded as allowable (not blocking):
test-amd64-amd64-xl-qemuu-win7-amd64 16 guest-stop fail like 94554
test-armhf-armhf-xl-rtds 15 guest-start/debian.repeat fail like 94554
test-amd64-i386-xl-qemuu-win7-amd64 16 guest-stop fail like 94554
Tests which did not succeed, but are not blocking:
test-amd64-amd64-xl-pvh-intel 11 guest-start fail never pass
test-amd64-amd64-xl-pvh-amd 11 guest-start fail never pass
test-amd64-i386-libvirt 12 migrate-support-check fail never pass
test-amd64-i386-libvirt-xsm 12 migrate-support-check fail never pass
test-amd64-amd64-libvirt 12 migrate-support-check fail never pass
test-amd64-amd64-libvirt-xsm 12 migrate-support-check fail never pass
test-armhf-armhf-libvirt-raw 13 guest-saverestore fail never pass
test-armhf-armhf-libvirt-raw 11 migrate-support-check fail never pass
test-amd64-amd64-qemuu-nested-amd 16 debian-hvm-install/l1/l2 fail never pass
test-amd64-amd64-libvirt-vhd 11 migrate-support-check fail never pass
test-amd64-amd64-libvirt-qemuu-debianhvm-amd64-xsm 10 migrate-support-check fail never pass
test-armhf-armhf-xl 12 migrate-support-check fail never pass
test-armhf-armhf-xl 13 saverestore-support-check fail never pass
test-armhf-armhf-xl-cubietruck 12 migrate-support-check fail never pass
test-armhf-armhf-xl-cubietruck 13 saverestore-support-check fail never pass
test-armhf-armhf-xl-multivcpu 13 saverestore-support-check fail never pass
test-armhf-armhf-xl-multivcpu 12 migrate-support-check fail never pass
test-amd64-i386-libvirt-qemuu-debianhvm-amd64-xsm 10 migrate-support-check fail never pass
test-armhf-armhf-xl-xsm 13 saverestore-support-check fail never pass
test-armhf-armhf-xl-xsm 12 migrate-support-check fail never pass
test-armhf-armhf-libvirt-xsm 12 migrate-support-check fail never pass
test-armhf-armhf-libvirt-xsm 14 guest-saverestore fail never pass
test-armhf-armhf-xl-arndale 12 migrate-support-check fail never pass
test-armhf-armhf-xl-arndale 13 saverestore-support-check fail never pass
test-armhf-armhf-libvirt-qcow2 11 migrate-support-check fail never pass
test-armhf-armhf-libvirt-qcow2 13 guest-saverestore fail never pass
test-armhf-armhf-xl-rtds 13 saverestore-support-check fail never pass
test-armhf-armhf-xl-rtds 12 migrate-support-check fail never pass
test-armhf-armhf-xl-credit2 13 saverestore-support-check fail never pass
test-armhf-armhf-xl-credit2 12 migrate-support-check fail never pass
test-armhf-armhf-xl-vhd 11 migrate-support-check fail never pass
test-armhf-armhf-xl-vhd 12 saverestore-support-check fail never pass
version targeted for testing:
qemuu 8ec4fe0a4bed4fa27e6f28a746bcf77b27cd05a3
baseline version:
qemuu a257c741491ff1c3c192d13a89c136dd6401c54d
Last test of basis 94554 2016-05-18 14:32:38 Z 1 days
Testing same since 94577 2016-05-19 09:49:45 Z 0 days 1 attempts
------------------------------------------------------------
People who touched revisions under test:
Alberto Garcia <berto@igalia.com>
Cao jin <caoj.fnst@cn.fujitsu.com>
Greg Kurz <gkurz@linux.vnet.ibm.com>
Michael Tokarev <mjt@tls.msk.ru>
Peter Maydell <peter.maydell@linaro.org>
Peter Xu <peterx@redhat.com>
Stefan Weil <sw@weilnetz.de>
Wei Jiangang <weijg.fnst@cn.fujitsu.com>
jobs:
build-amd64-xsm pass
build-armhf-xsm pass
build-i386-xsm pass
build-amd64 pass
build-armhf pass
build-i386 pass
build-amd64-libvirt pass
build-armhf-libvirt pass
build-i386-libvirt pass
build-amd64-pvops pass
build-armhf-pvops pass
build-i386-pvops pass
test-amd64-amd64-xl pass
test-armhf-armhf-xl pass
test-amd64-i386-xl pass
test-amd64-amd64-libvirt-qemuu-debianhvm-amd64-xsm pass
test-amd64-i386-libvirt-qemuu-debianhvm-amd64-xsm pass
test-amd64-amd64-xl-qemuu-debianhvm-amd64-xsm pass
test-amd64-i386-xl-qemuu-debianhvm-amd64-xsm pass
test-amd64-amd64-libvirt-xsm pass
test-armhf-armhf-libvirt-xsm fail
test-amd64-i386-libvirt-xsm pass
test-amd64-amd64-xl-xsm pass
test-armhf-armhf-xl-xsm pass
test-amd64-i386-xl-xsm pass
test-amd64-amd64-qemuu-nested-amd fail
test-amd64-amd64-xl-pvh-amd fail
test-amd64-i386-qemuu-rhel6hvm-amd pass
test-amd64-amd64-xl-qemuu-debianhvm-amd64 pass
test-amd64-i386-xl-qemuu-debianhvm-amd64 pass
test-amd64-i386-freebsd10-amd64 pass
test-amd64-amd64-xl-qemuu-ovmf-amd64 pass
test-amd64-i386-xl-qemuu-ovmf-amd64 pass
test-amd64-amd64-xl-qemuu-win7-amd64 fail
test-amd64-i386-xl-qemuu-win7-amd64 fail
test-armhf-armhf-xl-arndale pass
test-amd64-amd64-xl-credit2 pass
test-armhf-armhf-xl-credit2 pass
test-armhf-armhf-xl-cubietruck pass
test-amd64-i386-freebsd10-i386 pass
test-amd64-amd64-qemuu-nested-intel pass
test-amd64-amd64-xl-pvh-intel fail
test-amd64-i386-qemuu-rhel6hvm-intel pass
test-amd64-amd64-libvirt pass
test-armhf-armhf-libvirt broken
test-amd64-i386-libvirt pass
test-amd64-amd64-xl-multivcpu pass
test-armhf-armhf-xl-multivcpu pass
test-amd64-amd64-pair pass
test-amd64-i386-pair pass
test-amd64-amd64-libvirt-pair pass
test-amd64-i386-libvirt-pair pass
test-amd64-amd64-amd64-pvgrub pass
test-amd64-amd64-i386-pvgrub pass
test-amd64-amd64-pygrub pass
test-armhf-armhf-libvirt-qcow2 fail
test-amd64-amd64-xl-qcow2 pass
test-armhf-armhf-libvirt-raw fail
test-amd64-i386-xl-raw pass
test-amd64-amd64-xl-rtds pass
test-armhf-armhf-xl-rtds fail
test-amd64-i386-xl-qemuu-winxpsp3-vcpus1 pass
test-amd64-amd64-libvirt-vhd pass
test-armhf-armhf-xl-vhd pass
test-amd64-amd64-xl-qemuu-winxpsp3 pass
test-amd64-i386-xl-qemuu-winxpsp3 pass
------------------------------------------------------------
sg-report-flight on osstest.test-lab.xenproject.org
logs: /home/logs/logs
images: /home/logs/images
Logs, config files, etc. are available at
http://logs.test-lab.xenproject.org/osstest/logs
Explanation of these reports, and of osstest in general, is at
http://xenbits.xen.org/gitweb/?p=osstest.git;a=blob;f=README.email;hb=master
http://xenbits.xen.org/gitweb/?p=osstest.git;a=blob;f=README;hb=master
Test harness code can be found at
http://xenbits.xen.org/gitweb?p=osstest.git;a=summary
broken-step test-armhf-armhf-libvirt host-install(3)
Not pushing.
------------------------------------------------------------
commit 8ec4fe0a4bed4fa27e6f28a746bcf77b27cd05a3
Merge: a257c74 cb8d4c8
Author: Peter Maydell <peter.maydell@linaro.org>
Date: Thu May 19 09:27:28 2016 +0100
Merge remote-tracking branch 'remotes/mjt/tags/pull-trivial-patches-2016-05-18' into staging
trivial patches for 2016-05-18
# gpg: Signature made Wed 18 May 2016 13:04:43 BST using RSA key ID A4C3D7DB
# gpg: Good signature from "Michael Tokarev <mjt@tls.msk.ru>"
# gpg: aka "Michael Tokarev <mjt@corpit.ru>"
# gpg: aka "Michael Tokarev <mjt@debian.org>"
* remotes/mjt/tags/pull-trivial-patches-2016-05-18:
Fix some typos found by codespell
9p: drop unused declaration from coth.h
smbios: fix typo
accel: make configure_accelerator return void
configure: Use uniform description for devel packages
ipack: Update e-mail address
util: fix comment typos
qdict: fix unbounded stack warning for qdict_array_entries
Fix typo in variable name (found and fixed by codespell)
vl: fix comment about when parsing cpu definitions
loader: fix potential memory leak
remove comment for nonexistent structure member
s390: remove misleading comment
Signed-off-by: Peter Maydell <peter.maydell@linaro.org>
commit cb8d4c8f54b8271f642f02382eec29d468bb1c77
Author: Stefan Weil <sw@weilnetz.de>
Date: Wed Mar 23 15:59:57 2016 +0100
Fix some typos found by codespell
Signed-off-by: Stefan Weil <sw@weilnetz.de>
Reviewed-by: Peter Maydell <peter.maydell@linaro.org>
Signed-off-by: Michael Tokarev <mjt@tls.msk.ru>
commit d506dc87b97659f08c65d3bb470b1b7bfd789759
Author: Greg Kurz <gkurz@linux.vnet.ibm.com>
Date: Tue May 3 10:22:00 2016 +0200
9p: drop unused declaration from coth.h
Commit "ebac1202c95a virtio-9p: use QEMU thread pool" dropped function
v9fs_init_worker_threads.
Signed-off-by: Greg Kurz <gkurz@linux.vnet.ibm.com>
Signed-off-by: Michael Tokarev <mjt@tls.msk.ru>
commit cc2324d03dbd098b80cfc482d9d29114db57d975
Author: Cao jin <caoj.fnst@cn.fujitsu.com>
Date: Tue Mar 29 17:48:44 2016 +0800
smbios: fix typo
The spec says: "on paragraph (16-byte) boundaries"
Signed-off-by: Cao jin <caoj.fnst@cn.fujitsu.com>
Signed-off-by: Michael Tokarev <mjt@tls.msk.ru>
commit bdc3f61dec2f9c227235bb5f677a0272e1184c82
Author: Wei Jiangang <weijg.fnst@cn.fujitsu.com>
Date: Thu Apr 14 11:58:02 2016 +0800
accel: make configure_accelerator return void
Return the negated value of accel_initialised is meaningless,
and the caller vl doesn't check it.
Signed-off-by: Wei Jiangang <weijg.fnst@cn.fujitsu.com>
Signed-off-by: Michael Tokarev <mjt@tls.msk.ru>
commit 3f3b5388d400a4e26718328809e6546b21fb4588
Author: Stefan Weil <sw@weilnetz.de>
Date: Fri Apr 8 18:11:13 2016 +0200
configure: Use uniform description for devel packages
As all other devel packages are written in the form "name devel",
use this form for libcap devel and libattr devel, too.
Signed-off-by: Stefan Weil <sw@weilnetz.de>
Signed-off-by: Michael Tokarev <mjt@tls.msk.ru>
commit b996aed510219f4178a9169e41da3253b1789a45
Author: Alberto Garcia <berto@igalia.com>
Date: Tue Feb 23 10:44:25 2016 +0200
ipack: Update e-mail address
I'm not really using the old one anymore.
Signed-off-by: Alberto Garcia <berto@igalia.com>
Signed-off-by: Michael Tokarev <mjt@tls.msk.ru>
commit d43eda3d19152372d265a93ca2cf69aa86a9d4ae
Author: Wei Jiangang <weijg.fnst@cn.fujitsu.com>
Date: Mon Mar 14 17:58:29 2016 +0800
util: fix comment typos
Signed-off-by: Wei Jiangang <weijg.fnst@cn.fujitsu.com>
Reviewed-by: Eric Blake <eblake@redhat.com>
Signed-off-by: Michael Tokarev <mjt@tls.msk.ru>
commit de4905f4bc645ad2991b9b535e8902f81abaf8c7
Author: Peter Xu <peterx@redhat.com>
Date: Tue Mar 22 10:37:26 2016 +0800
qdict: fix unbounded stack warning for qdict_array_entries
Here we use one g_strdup_printf() to replace the two stack allocated
array, considering it's more convenient, safe, and as long as it's
called rarely only when quorum device opens. This will remove the
unbound stack warning when compiling with "-Wstack-usage=1000000".
Reviewed-by: Eric Blake <eblake@redhat.com>
Signed-off-by: Peter Xu <peterx@redhat.com>
Reviewed-by: Markus Armbruster <armbru@redhat.com>
Signed-off-by: Michael Tokarev <mjt@tls.msk.ru>
commit 1d817db3a07774999606f62aa2d8772a82363551
Author: Stefan Weil <sw@weilnetz.de>
Date: Mon Mar 21 19:21:26 2016 +0100
Fix typo in variable name (found and fixed by codespell)
Signed-off-by: Stefan Weil <sw@weilnetz.de>
Reviewed-by: Fam Zheng <famz@redhat.com>
Signed-off-by: Michael Tokarev <mjt@tls.msk.ru>
commit 37a3e630d90c50226c167d7a0540d2b4a1f91c07
Author: Wei Jiangang <weijg.fnst@cn.fujitsu.com>
Date: Wed Mar 16 17:40:40 2016 +0800
vl: fix comment about when parsing cpu definitions
machine->init() was replaced with machine_class->init()
in 958db90cd54823c33345000c995453a8c9b7a005.
Signed-off-by: Wei Jiangang <weijg.fnst@cn.fujitsu.com>
Signed-off-by: Michael Tokarev <mjt@tls.msk.ru>
commit ed2f3bc1fad37297468234add82f464b59b16830
Author: Cao jin <caoj.fnst@cn.fujitsu.com>
Date: Wed Feb 24 17:12:47 2016 +0800
loader: fix potential memory leak
Signed-off-by: Cao jin <caoj.fnst@cn.fujitsu.com>
Signed-off-by: Michael Tokarev <mjt@tls.msk.ru>
commit ec609656fc12573c35e2bca58d9b1451fb7e4cf2
Author: Cao jin <caoj.fnst@cn.fujitsu.com>
Date: Thu Feb 18 16:18:56 2016 +0800
remove comment for nonexistent structure member
Signed-off-by: Cao jin <caoj.fnst@cn.fujitsu.com>
Signed-off-by: Michael Tokarev <mjt@tls.msk.ru>
commit f35c1f66adb4c472830329a2fb23e0a8fd8ca5f4
Author: Michael Tokarev <mjt@tls.msk.ru>
Date: Tue Feb 16 09:29:07 2016 +0300
s390: remove misleading comment
The comment talks about a non-ELF object while the
example gives ELF object.
Signed-off-by: Michael Tokarev <mjt@tls.msk.ru>
_______________________________________________
Xen-devel mailing list
Xen-devel@lists.xen.org
http://lists.xen.org/xen-devel
^ permalink raw reply [flat|nested] only message in thread
only message in thread, other threads:[~2016-05-19 20:49 UTC | newest]
Thread overview: (only message) (download: mbox.gz follow: Atom feed
-- links below jump to the message on this page --
2016-05-19 20:49 [qemu-mainline test] 94577: trouble: broken/fail/pass osstest service owner
This is a public inbox, see mirroring instructions
for how to clone and mirror all data and code used for this inbox;
as well as URLs for NNTP newsgroup(s).