xen-devel.lists.xenproject.org archive mirror
 help / color / mirror / Atom feed
* [libvirt test] 94692: regressions - FAIL
@ 2016-05-22  8:12 osstest service owner
  2016-05-23 23:18 ` Jim Fehlig
  0 siblings, 1 reply; 2+ messages in thread
From: osstest service owner @ 2016-05-22  8:12 UTC (permalink / raw)
  To: xen-devel, osstest-admin

[-- Attachment #1: Type: text/plain, Size: 4640 bytes --]

flight 94692 libvirt real [real]
http://logs.test-lab.xenproject.org/osstest/logs/94692/

Regressions :-(

Tests which did not succeed and are blocking,
including tests which could not be run:
 build-i386-libvirt            5 libvirt-build             fail REGR. vs. 94591
 build-amd64-libvirt           5 libvirt-build             fail REGR. vs. 94591
 build-armhf-libvirt           5 libvirt-build             fail REGR. vs. 94591

Tests which did not succeed, but are not blocking:
 test-armhf-armhf-libvirt      1 build-check(1)               blocked  n/a
 test-amd64-i386-libvirt-xsm   1 build-check(1)               blocked  n/a
 test-amd64-i386-libvirt       1 build-check(1)               blocked  n/a
 test-amd64-amd64-libvirt-qemuu-debianhvm-amd64-xsm 1 build-check(1) blocked n/a
 test-amd64-amd64-libvirt-xsm  1 build-check(1)               blocked  n/a
 test-amd64-amd64-libvirt-pair  1 build-check(1)               blocked  n/a
 test-amd64-amd64-libvirt-vhd  1 build-check(1)               blocked  n/a
 test-amd64-i386-libvirt-pair  1 build-check(1)               blocked  n/a
 test-amd64-i386-libvirt-qemuu-debianhvm-amd64-xsm 1 build-check(1) blocked n/a
 test-amd64-amd64-libvirt      1 build-check(1)               blocked  n/a
 test-armhf-armhf-libvirt-xsm  1 build-check(1)               blocked  n/a
 test-armhf-armhf-libvirt-qcow2  1 build-check(1)               blocked  n/a
 test-armhf-armhf-libvirt-raw  1 build-check(1)               blocked  n/a

version targeted for testing:
 libvirt              f3d5e255cbe9ec880a66c9872a5ef26591e29052
baseline version:
 libvirt              4a718d6a0ef5db034b8b779cdf57347074f07994

Last test of basis    94591  2016-05-20 04:21:50 Z    2 days
Testing same since    94623  2016-05-21 04:19:38 Z    1 days    2 attempts

------------------------------------------------------------
People who touched revisions under test:
  Cole Robinson <crobinso@redhat.com>
  Jiri Denemark <jdenemar@redhat.com>
  John Ferlan <jferlan@redhat.com>
  Ján Tomko <jtomko@redhat.com>
  Laine Stump <laine@laine.org>
  Michal Privoznik <mprivozn@redhat.com>
  Nishith Shah <nishithshah.2211@gmail.com>
  Pavel Hrdina <phrdina@redhat.com>
  Peter Krempa <pkrempa@redhat.com>

jobs:
 build-amd64-xsm                                              pass    
 build-armhf-xsm                                              pass    
 build-i386-xsm                                               pass    
 build-amd64                                                  pass    
 build-armhf                                                  pass    
 build-i386                                                   pass    
 build-amd64-libvirt                                          fail    
 build-armhf-libvirt                                          fail    
 build-i386-libvirt                                           fail    
 build-amd64-pvops                                            pass    
 build-armhf-pvops                                            pass    
 build-i386-pvops                                             pass    
 test-amd64-amd64-libvirt-qemuu-debianhvm-amd64-xsm           blocked 
 test-amd64-i386-libvirt-qemuu-debianhvm-amd64-xsm            blocked 
 test-amd64-amd64-libvirt-xsm                                 blocked 
 test-armhf-armhf-libvirt-xsm                                 blocked 
 test-amd64-i386-libvirt-xsm                                  blocked 
 test-amd64-amd64-libvirt                                     blocked 
 test-armhf-armhf-libvirt                                     blocked 
 test-amd64-i386-libvirt                                      blocked 
 test-amd64-amd64-libvirt-pair                                blocked 
 test-amd64-i386-libvirt-pair                                 blocked 
 test-armhf-armhf-libvirt-qcow2                               blocked 
 test-armhf-armhf-libvirt-raw                                 blocked 
 test-amd64-amd64-libvirt-vhd                                 blocked 


------------------------------------------------------------
sg-report-flight on osstest.test-lab.xenproject.org
logs: /home/logs/logs
images: /home/logs/images

Logs, config files, etc. are available at
    http://logs.test-lab.xenproject.org/osstest/logs

Explanation of these reports, and of osstest in general, is at
    http://xenbits.xen.org/gitweb/?p=osstest.git;a=blob;f=README.email;hb=master
    http://xenbits.xen.org/gitweb/?p=osstest.git;a=blob;f=README;hb=master

Test harness code can be found at
    http://xenbits.xen.org/gitweb?p=osstest.git;a=summary


Not pushing.

(No revision log; it would be 607 lines long.)


[-- Attachment #2: Type: text/plain, Size: 126 bytes --]

_______________________________________________
Xen-devel mailing list
Xen-devel@lists.xen.org
http://lists.xen.org/xen-devel

^ permalink raw reply	[flat|nested] 2+ messages in thread

* Re: [libvirt test] 94692: regressions - FAIL
  2016-05-22  8:12 [libvirt test] 94692: regressions - FAIL osstest service owner
@ 2016-05-23 23:18 ` Jim Fehlig
  0 siblings, 0 replies; 2+ messages in thread
From: Jim Fehlig @ 2016-05-23 23:18 UTC (permalink / raw)
  To: osstest service owner, xen-devel

On 05/22/2016 02:12 AM, osstest service owner wrote:
> flight 94692 libvirt real [real]
> http://logs.test-lab.xenproject.org/osstest/logs/94692/
>
> Regressions :-(
>
> Tests which did not succeed and are blocking,
> including tests which could not be run:
>  build-i386-libvirt            5 libvirt-build             fail REGR. vs. 94591
>  build-amd64-libvirt           5 libvirt-build             fail REGR. vs. 94591
>  build-armhf-libvirt           5 libvirt-build             fail REGR. vs. 94591

These failures should already be fixed by

http://libvirt.org/git/?p=libvirt.git;a=commit;h=33705aeec0f8b87ccb4c06798679583ec9c3327e

Regards,
Jim


_______________________________________________
Xen-devel mailing list
Xen-devel@lists.xen.org
http://lists.xen.org/xen-devel

^ permalink raw reply	[flat|nested] 2+ messages in thread

end of thread, other threads:[~2016-05-23 23:18 UTC | newest]

Thread overview: 2+ messages (download: mbox.gz follow: Atom feed
-- links below jump to the message on this page --
2016-05-22  8:12 [libvirt test] 94692: regressions - FAIL osstest service owner
2016-05-23 23:18 ` Jim Fehlig

This is a public inbox, see mirroring instructions
for how to clone and mirror all data and code used for this inbox;
as well as URLs for NNTP newsgroup(s).