* [xen-unstable test] 94746: regressions - FAIL
@ 2016-05-25 6:28 osstest service owner
2016-05-25 10:17 ` Wei Liu
0 siblings, 1 reply; 2+ messages in thread
From: osstest service owner @ 2016-05-25 6:28 UTC (permalink / raw)
To: xen-devel, osstest-admin
flight 94746 xen-unstable real [real]
http://logs.test-lab.xenproject.org/osstest/logs/94746/
Regressions :-(
Tests which did not succeed and are blocking,
including tests which could not be run:
test-armhf-armhf-libvirt-qcow2 5 xen-install fail REGR. vs. 94740
test-armhf-armhf-xl-vhd 5 xen-install fail REGR. vs. 94740
Regressions which are regarded as allowable (not blocking):
test-armhf-armhf-xl-rtds 15 guest-start/debian.repeat fail REGR. vs. 94740
build-amd64-rumpuserxen 6 xen-build fail like 94740
build-i386-rumpuserxen 6 xen-build fail like 94740
test-amd64-amd64-xl-qemuu-win7-amd64 16 guest-stop fail like 94740
test-amd64-amd64-xl-rtds 9 debian-install fail like 94740
test-amd64-i386-xl-qemut-win7-amd64 16 guest-stop fail like 94740
test-amd64-i386-xl-qemuu-win7-amd64 16 guest-stop fail like 94740
test-amd64-amd64-xl-qemut-win7-amd64 16 guest-stop fail like 94740
Tests which did not succeed, but are not blocking:
test-amd64-i386-rumpuserxen-i386 1 build-check(1) blocked n/a
test-amd64-amd64-rumpuserxen-amd64 1 build-check(1) blocked n/a
test-amd64-amd64-xl-pvh-amd 11 guest-start fail never pass
test-amd64-amd64-xl-pvh-intel 11 guest-start fail never pass
test-amd64-amd64-qemuu-nested-amd 16 debian-hvm-install/l1/l2 fail never pass
test-amd64-i386-libvirt-xsm 12 migrate-support-check fail never pass
test-amd64-amd64-libvirt 12 migrate-support-check fail never pass
test-amd64-i386-libvirt 12 migrate-support-check fail never pass
test-amd64-amd64-libvirt-xsm 12 migrate-support-check fail never pass
test-amd64-i386-libvirt-qemuu-debianhvm-amd64-xsm 10 migrate-support-check fail never pass
test-armhf-armhf-xl 12 migrate-support-check fail never pass
test-armhf-armhf-xl 13 saverestore-support-check fail never pass
test-armhf-armhf-xl-cubietruck 12 migrate-support-check fail never pass
test-armhf-armhf-xl-cubietruck 13 saverestore-support-check fail never pass
test-amd64-amd64-libvirt-vhd 11 migrate-support-check fail never pass
test-amd64-amd64-libvirt-qemuu-debianhvm-amd64-xsm 10 migrate-support-check fail never pass
test-armhf-armhf-xl-credit2 13 saverestore-support-check fail never pass
test-armhf-armhf-xl-credit2 12 migrate-support-check fail never pass
test-armhf-armhf-libvirt-xsm 12 migrate-support-check fail never pass
test-armhf-armhf-libvirt-xsm 14 guest-saverestore fail never pass
test-armhf-armhf-libvirt 14 guest-saverestore fail never pass
test-armhf-armhf-libvirt 12 migrate-support-check fail never pass
test-armhf-armhf-xl-rtds 13 saverestore-support-check fail never pass
test-armhf-armhf-xl-rtds 12 migrate-support-check fail never pass
test-armhf-armhf-libvirt-raw 13 guest-saverestore fail never pass
test-armhf-armhf-libvirt-raw 11 migrate-support-check fail never pass
test-armhf-armhf-xl-arndale 12 migrate-support-check fail never pass
test-armhf-armhf-xl-arndale 13 saverestore-support-check fail never pass
test-armhf-armhf-xl-multivcpu 13 saverestore-support-check fail never pass
test-armhf-armhf-xl-multivcpu 12 migrate-support-check fail never pass
test-armhf-armhf-xl-xsm 13 saverestore-support-check fail never pass
test-armhf-armhf-xl-xsm 12 migrate-support-check fail never pass
version targeted for testing:
xen 4504b7d1a6594c8ad4b1ecdab15d30feca7eaa51
baseline version:
xen 983aae0b591458c6cf2e3166c4e1170fd0404e7d
Last test of basis 94740 2016-05-24 12:47:10 Z 0 days
Testing same since 94746 2016-05-24 21:42:24 Z 0 days 1 attempts
------------------------------------------------------------
People who touched revisions under test:
Anthony PERARD <anthony.perard@citrix.com>
Ian Jackson <ian.jackson@eu.citrix.com>
Jan Beulich <jbeulich@suse.com>
Wei Liu <wei.liu2@citrix.com>
jobs:
build-amd64-xsm pass
build-armhf-xsm pass
build-i386-xsm pass
build-amd64 pass
build-armhf pass
build-i386 pass
build-amd64-libvirt pass
build-armhf-libvirt pass
build-i386-libvirt pass
build-amd64-oldkern pass
build-i386-oldkern pass
build-amd64-prev pass
build-i386-prev pass
build-amd64-pvops pass
build-armhf-pvops pass
build-i386-pvops pass
build-amd64-rumpuserxen fail
build-i386-rumpuserxen fail
test-amd64-amd64-xl pass
test-armhf-armhf-xl pass
test-amd64-i386-xl pass
test-amd64-amd64-xl-qemut-debianhvm-amd64-xsm pass
test-amd64-i386-xl-qemut-debianhvm-amd64-xsm pass
test-amd64-amd64-libvirt-qemuu-debianhvm-amd64-xsm pass
test-amd64-i386-libvirt-qemuu-debianhvm-amd64-xsm pass
test-amd64-amd64-xl-qemuu-debianhvm-amd64-xsm pass
test-amd64-i386-xl-qemuu-debianhvm-amd64-xsm pass
test-amd64-amd64-xl-qemut-stubdom-debianhvm-amd64-xsm pass
test-amd64-i386-xl-qemut-stubdom-debianhvm-amd64-xsm pass
test-amd64-amd64-libvirt-xsm pass
test-armhf-armhf-libvirt-xsm fail
test-amd64-i386-libvirt-xsm pass
test-amd64-amd64-xl-xsm pass
test-armhf-armhf-xl-xsm pass
test-amd64-i386-xl-xsm pass
test-amd64-amd64-qemuu-nested-amd fail
test-amd64-amd64-xl-pvh-amd fail
test-amd64-i386-qemut-rhel6hvm-amd pass
test-amd64-i386-qemuu-rhel6hvm-amd pass
test-amd64-amd64-xl-qemut-debianhvm-amd64 pass
test-amd64-i386-xl-qemut-debianhvm-amd64 pass
test-amd64-amd64-xl-qemuu-debianhvm-amd64 pass
test-amd64-i386-xl-qemuu-debianhvm-amd64 pass
test-amd64-i386-freebsd10-amd64 pass
test-amd64-amd64-xl-qemuu-ovmf-amd64 pass
test-amd64-i386-xl-qemuu-ovmf-amd64 pass
test-amd64-amd64-rumpuserxen-amd64 blocked
test-amd64-amd64-xl-qemut-win7-amd64 fail
test-amd64-i386-xl-qemut-win7-amd64 fail
test-amd64-amd64-xl-qemuu-win7-amd64 fail
test-amd64-i386-xl-qemuu-win7-amd64 fail
test-armhf-armhf-xl-arndale pass
test-amd64-amd64-xl-credit2 pass
test-armhf-armhf-xl-credit2 pass
test-armhf-armhf-xl-cubietruck pass
test-amd64-i386-freebsd10-i386 pass
test-amd64-i386-rumpuserxen-i386 blocked
test-amd64-amd64-qemuu-nested-intel pass
test-amd64-amd64-xl-pvh-intel fail
test-amd64-i386-qemut-rhel6hvm-intel pass
test-amd64-i386-qemuu-rhel6hvm-intel pass
test-amd64-amd64-libvirt pass
test-armhf-armhf-libvirt fail
test-amd64-i386-libvirt pass
test-amd64-amd64-migrupgrade pass
test-amd64-i386-migrupgrade pass
test-amd64-amd64-xl-multivcpu pass
test-armhf-armhf-xl-multivcpu pass
test-amd64-amd64-pair pass
test-amd64-i386-pair pass
test-amd64-amd64-libvirt-pair pass
test-amd64-i386-libvirt-pair pass
test-amd64-amd64-amd64-pvgrub pass
test-amd64-amd64-i386-pvgrub pass
test-amd64-amd64-pygrub pass
test-armhf-armhf-libvirt-qcow2 fail
test-amd64-amd64-xl-qcow2 pass
test-armhf-armhf-libvirt-raw fail
test-amd64-i386-xl-raw pass
test-amd64-amd64-xl-rtds fail
test-armhf-armhf-xl-rtds fail
test-amd64-i386-xl-qemut-winxpsp3-vcpus1 pass
test-amd64-i386-xl-qemuu-winxpsp3-vcpus1 pass
test-amd64-amd64-libvirt-vhd pass
test-armhf-armhf-xl-vhd fail
test-amd64-amd64-xl-qemut-winxpsp3 pass
test-amd64-i386-xl-qemut-winxpsp3 pass
test-amd64-amd64-xl-qemuu-winxpsp3 pass
test-amd64-i386-xl-qemuu-winxpsp3 pass
------------------------------------------------------------
sg-report-flight on osstest.test-lab.xenproject.org
logs: /home/logs/logs
images: /home/logs/images
Logs, config files, etc. are available at
http://logs.test-lab.xenproject.org/osstest/logs
Explanation of these reports, and of osstest in general, is at
http://xenbits.xen.org/gitweb/?p=osstest.git;a=blob;f=README.email;hb=master
http://xenbits.xen.org/gitweb/?p=osstest.git;a=blob;f=README;hb=master
Test harness code can be found at
http://xenbits.xen.org/gitweb?p=osstest.git;a=summary
Not pushing.
------------------------------------------------------------
commit 4504b7d1a6594c8ad4b1ecdab15d30feca7eaa51
Author: Jan Beulich <JBeulich@suse.com>
Date: Tue May 24 09:28:19 2016 -0600
libxl: drop stray const from function return type
Some compiler versions warn about this, causing the build to fail due
to -Werror.
Signed-off-by: Jan Beulich <jbeulich@suse.com>
Acked-by: Ian Jackson <ian.jackson@eu.citrix.com>
Release-acked-by: Wei Liu <wei.liu2@citrix.com>
commit 116d8bab9b889cc2d910a20f2d356d0f888d0ce5
Author: Wei Liu <wei.liu2@citrix.com>
Date: Wed May 18 14:35:40 2016 +0100
tools: bump library version numbers
The following libraries are checked:
1. libxc, version number bumped
2. libxl, version number bumped
3. libxlu, no development in 4.7 cycle, but depends on libxl, version
number bumped
4. libs/*, new in 4.7 cycle, version numbers not bumped
5. libxenstore, no development in 4.7 cycle, version number not bumped
6. libxenstat, no development in 4.7 cycle, version number not bumped
7. libvchan, depends on xengnttab library, API changed, version number
bumped
Signed-off-by: Wei Liu <wei.liu2@citrix.com>
Acked-by: Ian Jackson <ian.jackson@eu.citrix.com>
Release-acked-by: Wei Liu <wei.liu2@citrix.com>
commit a11c52af1c40d4a44aba2c2809337e282bee07be
Author: Anthony PERARD <anthony.perard@citrix.com>
Date: Tue May 24 15:45:36 2016 +0100
libxl: Avoid advertising about device_model_user config option
Running QEMU as non-root user is not ready yet, so replace the warning
with a debug message and remove the option from the man page.
Also improve the doc to include more potential issue with running QEMU
as non-root.
Signed-off-by: Anthony PERARD <anthony.perard@citrix.com>
Acked-by: Wei Liu <wei.liu2@citrix.com>
Acked-by: Ian Jackson <ian.jackson@eu.citrix.com>
Release-acked-by: Wei Liu <wei.liu2@citrix.com>
(qemu changes not included)
_______________________________________________
Xen-devel mailing list
Xen-devel@lists.xen.org
http://lists.xen.org/xen-devel
^ permalink raw reply [flat|nested] 2+ messages in thread
* Re: [xen-unstable test] 94746: regressions - FAIL
2016-05-25 6:28 [xen-unstable test] 94746: regressions - FAIL osstest service owner
@ 2016-05-25 10:17 ` Wei Liu
0 siblings, 0 replies; 2+ messages in thread
From: Wei Liu @ 2016-05-25 10:17 UTC (permalink / raw)
To: osstest service owner; +Cc: xen-devel, Wei Liu
On Wed, May 25, 2016 at 06:28:43AM +0000, osstest service owner wrote:
> flight 94746 xen-unstable real [real]
> http://logs.test-lab.xenproject.org/osstest/logs/94746/
>
> Regressions :-(
>
> Tests which did not succeed and are blocking,
> including tests which could not be run:
> test-armhf-armhf-libvirt-qcow2 5 xen-install fail REGR. vs. 94740
> test-armhf-armhf-xl-vhd 5 xen-install fail REGR. vs. 94740
>
This is likely to be intermittent.
2016-05-24 23:46:27 Z executing scp ... /home/logs/logs/94746/build-armhf/build/dist.tar.gz root@172.16.144.44:/root/extract_dist.tar.gz
Write failed: Broken pipe
lost connection
E: Failed to fetch http://ftp.debian.org/debian/pool/main/l/llvm-toolchain-3.5/libllvm3.5_3.5-10_armhf.deb
Could not connect to cache:3143 (172.16.148.6). - connect (113: No route to host)
Wei.
_______________________________________________
Xen-devel mailing list
Xen-devel@lists.xen.org
http://lists.xen.org/xen-devel
^ permalink raw reply [flat|nested] 2+ messages in thread
end of thread, other threads:[~2016-05-25 10:17 UTC | newest]
Thread overview: 2+ messages (download: mbox.gz follow: Atom feed
-- links below jump to the message on this page --
2016-05-25 6:28 [xen-unstable test] 94746: regressions - FAIL osstest service owner
2016-05-25 10:17 ` Wei Liu
This is a public inbox, see mirroring instructions
for how to clone and mirror all data and code used for this inbox;
as well as URLs for NNTP newsgroup(s).