* [ovmf test] 94750: regressions - FAIL
@ 2016-05-25 5:30 osstest service owner
0 siblings, 0 replies; only message in thread
From: osstest service owner @ 2016-05-25 5:30 UTC (permalink / raw)
To: xen-devel, osstest-admin
flight 94750 ovmf real [real]
http://logs.test-lab.xenproject.org/osstest/logs/94750/
Regressions :-(
Tests which did not succeed and are blocking,
including tests which could not be run:
test-amd64-i386-xl-qemuu-ovmf-amd64 17 guest-start/debianhvm.repeat fail REGR. vs. 94748
version targeted for testing:
ovmf bd3fc8133b2b17ad2e0427d1bf6b44b08cf2f3b2
baseline version:
ovmf dc99315b8732b6e3032d01319d3f534d440b43d0
Last test of basis 94748 2016-05-24 22:43:25 Z 0 days
Testing same since 94750 2016-05-25 03:43:08 Z 0 days 1 attempts
------------------------------------------------------------
People who touched revisions under test:
Marvin H?user <Marvin.Haeuser@outlook.com>
Marvin Haeuser <Marvin.Haeuser@outlook.com>
jobs:
build-amd64-xsm pass
build-i386-xsm pass
build-amd64 pass
build-i386 pass
build-amd64-libvirt pass
build-i386-libvirt pass
build-amd64-pvops pass
build-i386-pvops pass
test-amd64-amd64-xl-qemuu-ovmf-amd64 pass
test-amd64-i386-xl-qemuu-ovmf-amd64 fail
------------------------------------------------------------
sg-report-flight on osstest.test-lab.xenproject.org
logs: /home/logs/logs
images: /home/logs/images
Logs, config files, etc. are available at
http://logs.test-lab.xenproject.org/osstest/logs
Explanation of these reports, and of osstest in general, is at
http://xenbits.xen.org/gitweb/?p=osstest.git;a=blob;f=README.email;hb=master
http://xenbits.xen.org/gitweb/?p=osstest.git;a=blob;f=README;hb=master
Test harness code can be found at
http://xenbits.xen.org/gitweb?p=osstest.git;a=summary
Not pushing.
------------------------------------------------------------
commit bd3fc8133b2b17ad2e0427d1bf6b44b08cf2f3b2
Author: Marvin H?user <Marvin.Haeuser@outlook.com>
Date: Fri May 20 03:04:02 2016 +0800
ShellPkg/App: Fix memory leak and save resources.
1) RunSplitCommand() allocates the initial SplitStdOut via
CreateFileInterfaceMem(). Free SplitStdIn after the swap to fix
the memory leak.
2) In RunSplitCommand(), SplitStdOut is checked for equality with
StdIn. This cannot happen due to the if-check within the swap.
Hence remove it.
3) UefiMain() doesn't free SplitList. Delete all list entries and
reinitialize the list when in DEBUG. This does not include the
CreateFileInterfaceMem()-allocated SplitStd mentioned in 1), so
keep the ASSERT() until resolved.
Contributed-under: TianoCore Contribution Agreement 1.0
Signed-off-by: Marvin Haeuser <Marvin.Haeuser@outlook.com>
Reviewed-by: Qiu Shumin <shumin.qiu@intel.com>
_______________________________________________
Xen-devel mailing list
Xen-devel@lists.xen.org
http://lists.xen.org/xen-devel
^ permalink raw reply [flat|nested] only message in thread
only message in thread, other threads:[~2016-05-25 5:30 UTC | newest]
Thread overview: (only message) (download: mbox.gz follow: Atom feed
-- links below jump to the message on this page --
2016-05-25 5:30 [ovmf test] 94750: regressions - FAIL osstest service owner
This is a public inbox, see mirroring instructions
for how to clone and mirror all data and code used for this inbox;
as well as URLs for NNTP newsgroup(s).