* [qemu-mainline test] 94795: regressions - FAIL
@ 2016-05-26 21:56 osstest service owner
0 siblings, 0 replies; only message in thread
From: osstest service owner @ 2016-05-26 21:56 UTC (permalink / raw)
To: xen-devel, osstest-admin
[-- Attachment #1: Type: text/plain, Size: 11234 bytes --]
flight 94795 qemu-mainline real [real]
http://logs.test-lab.xenproject.org/osstest/logs/94795/
Regressions :-(
Tests which did not succeed and are blocking,
including tests which could not be run:
test-armhf-armhf-xl-vhd 15 guest-start.2 fail REGR. vs. 94743
Regressions which are regarded as allowable (not blocking):
test-amd64-amd64-xl-qemuu-win7-amd64 16 guest-stop fail like 94743
test-amd64-amd64-xl-rtds 9 debian-install fail like 94743
test-amd64-i386-xl-qemuu-win7-amd64 16 guest-stop fail like 94743
Tests which did not succeed, but are not blocking:
test-amd64-amd64-xl-pvh-amd 11 guest-start fail never pass
test-amd64-amd64-xl-pvh-intel 11 guest-start fail never pass
test-amd64-amd64-libvirt-xsm 12 migrate-support-check fail never pass
test-amd64-i386-libvirt-xsm 12 migrate-support-check fail never pass
test-amd64-i386-libvirt 12 migrate-support-check fail never pass
test-armhf-armhf-libvirt-qcow2 11 migrate-support-check fail never pass
test-armhf-armhf-libvirt-qcow2 13 guest-saverestore fail never pass
test-amd64-amd64-qemuu-nested-amd 16 debian-hvm-install/l1/l2 fail never pass
test-amd64-amd64-libvirt 12 migrate-support-check fail never pass
test-amd64-i386-libvirt-qemuu-debianhvm-amd64-xsm 10 migrate-support-check fail never pass
test-amd64-amd64-libvirt-qemuu-debianhvm-amd64-xsm 10 migrate-support-check fail never pass
test-armhf-armhf-xl 12 migrate-support-check fail never pass
test-armhf-armhf-xl 13 saverestore-support-check fail never pass
test-armhf-armhf-xl-xsm 13 saverestore-support-check fail never pass
test-armhf-armhf-xl-xsm 12 migrate-support-check fail never pass
test-armhf-armhf-xl-credit2 13 saverestore-support-check fail never pass
test-armhf-armhf-xl-credit2 12 migrate-support-check fail never pass
test-armhf-armhf-xl-cubietruck 12 migrate-support-check fail never pass
test-armhf-armhf-xl-cubietruck 13 saverestore-support-check fail never pass
test-amd64-amd64-libvirt-vhd 11 migrate-support-check fail never pass
test-armhf-armhf-xl-multivcpu 13 saverestore-support-check fail never pass
test-armhf-armhf-xl-multivcpu 12 migrate-support-check fail never pass
test-armhf-armhf-libvirt-xsm 12 migrate-support-check fail never pass
test-armhf-armhf-libvirt-xsm 14 guest-saverestore fail never pass
test-armhf-armhf-libvirt 14 guest-saverestore fail never pass
test-armhf-armhf-libvirt 12 migrate-support-check fail never pass
test-armhf-armhf-xl-rtds 13 saverestore-support-check fail never pass
test-armhf-armhf-xl-rtds 12 migrate-support-check fail never pass
test-armhf-armhf-libvirt-raw 13 guest-saverestore fail never pass
test-armhf-armhf-libvirt-raw 11 migrate-support-check fail never pass
test-armhf-armhf-xl-arndale 12 migrate-support-check fail never pass
test-armhf-armhf-xl-arndale 13 saverestore-support-check fail never pass
test-armhf-armhf-xl-vhd 11 migrate-support-check fail never pass
test-armhf-armhf-xl-vhd 12 saverestore-support-check fail never pass
version targeted for testing:
qemuu 0533d3de606a74f1b3030e9ecc8f9f2d9b7cb463
baseline version:
qemuu 287db79df8af8e31f18e262feb5e05103a09e4d4
Last test of basis 94743 2016-05-24 16:40:55 Z 2 days
Testing same since 94795 2016-05-26 12:49:04 Z 0 days 1 attempts
------------------------------------------------------------
People who touched revisions under test:
Andreas Färber <afaerber@suse.de>
Andreas Färber <andreas.faerber@web.de>
Peter Maydell <peter.maydell@linaro.org>
jobs:
build-amd64-xsm pass
build-armhf-xsm pass
build-i386-xsm pass
build-amd64 pass
build-armhf pass
build-i386 pass
build-amd64-libvirt pass
build-armhf-libvirt pass
build-i386-libvirt pass
build-amd64-pvops pass
build-armhf-pvops pass
build-i386-pvops pass
test-amd64-amd64-xl pass
test-armhf-armhf-xl pass
test-amd64-i386-xl pass
test-amd64-amd64-libvirt-qemuu-debianhvm-amd64-xsm pass
test-amd64-i386-libvirt-qemuu-debianhvm-amd64-xsm pass
test-amd64-amd64-xl-qemuu-debianhvm-amd64-xsm pass
test-amd64-i386-xl-qemuu-debianhvm-amd64-xsm pass
test-amd64-amd64-libvirt-xsm pass
test-armhf-armhf-libvirt-xsm fail
test-amd64-i386-libvirt-xsm pass
test-amd64-amd64-xl-xsm pass
test-armhf-armhf-xl-xsm pass
test-amd64-i386-xl-xsm pass
test-amd64-amd64-qemuu-nested-amd fail
test-amd64-amd64-xl-pvh-amd fail
test-amd64-i386-qemuu-rhel6hvm-amd pass
test-amd64-amd64-xl-qemuu-debianhvm-amd64 pass
test-amd64-i386-xl-qemuu-debianhvm-amd64 pass
test-amd64-i386-freebsd10-amd64 pass
test-amd64-amd64-xl-qemuu-ovmf-amd64 pass
test-amd64-i386-xl-qemuu-ovmf-amd64 pass
test-amd64-amd64-xl-qemuu-win7-amd64 fail
test-amd64-i386-xl-qemuu-win7-amd64 fail
test-armhf-armhf-xl-arndale pass
test-amd64-amd64-xl-credit2 pass
test-armhf-armhf-xl-credit2 pass
test-armhf-armhf-xl-cubietruck pass
test-amd64-i386-freebsd10-i386 pass
test-amd64-amd64-qemuu-nested-intel pass
test-amd64-amd64-xl-pvh-intel fail
test-amd64-i386-qemuu-rhel6hvm-intel pass
test-amd64-amd64-libvirt pass
test-armhf-armhf-libvirt fail
test-amd64-i386-libvirt pass
test-amd64-amd64-xl-multivcpu pass
test-armhf-armhf-xl-multivcpu pass
test-amd64-amd64-pair pass
test-amd64-i386-pair pass
test-amd64-amd64-libvirt-pair pass
test-amd64-i386-libvirt-pair pass
test-amd64-amd64-amd64-pvgrub pass
test-amd64-amd64-i386-pvgrub pass
test-amd64-amd64-pygrub pass
test-armhf-armhf-libvirt-qcow2 fail
test-amd64-amd64-xl-qcow2 pass
test-armhf-armhf-libvirt-raw fail
test-amd64-i386-xl-raw pass
test-amd64-amd64-xl-rtds fail
test-armhf-armhf-xl-rtds pass
test-amd64-i386-xl-qemuu-winxpsp3-vcpus1 pass
test-amd64-amd64-libvirt-vhd pass
test-armhf-armhf-xl-vhd fail
test-amd64-amd64-xl-qemuu-winxpsp3 pass
test-amd64-i386-xl-qemuu-winxpsp3 pass
------------------------------------------------------------
sg-report-flight on osstest.test-lab.xenproject.org
logs: /home/logs/logs
images: /home/logs/images
Logs, config files, etc. are available at
http://logs.test-lab.xenproject.org/osstest/logs
Explanation of these reports, and of osstest in general, is at
http://xenbits.xen.org/gitweb/?p=osstest.git;a=blob;f=README.email;hb=master
http://xenbits.xen.org/gitweb/?p=osstest.git;a=blob;f=README;hb=master
Test harness code can be found at
http://xenbits.xen.org/gitweb?p=osstest.git;a=summary
Not pushing.
------------------------------------------------------------
commit 0533d3de606a74f1b3030e9ecc8f9f2d9b7cb463
Merge: 287db79 12b0e69
Author: Peter Maydell <peter.maydell@linaro.org>
Date: Thu May 26 12:41:12 2016 +0100
Merge remote-tracking branch 'remotes/afaerber/tags/maintainers-for-peter' into staging
Andreas stepping down from most maintainer positions
# gpg: Signature made Wed 25 May 2016 16:53:45 BST using RSA key ID 3E7E013F
# gpg: Good signature from "Andreas Färber <afaerber@suse.de>"
# gpg: aka "Andreas Färber <afaerber@suse.com>"
* remotes/afaerber/tags/maintainers-for-peter:
MAINTAINERS: Drop Andreas as CPU maintainer
MAINTAINERS: Drop Andreas as 0.15 maintainer
MAINTAINERS: Drop Andreas as PReP maintainer
MAINTAINERS: Drop Andreas as Cocoa maintainer
Signed-off-by: Peter Maydell <peter.maydell@linaro.org>
commit 12b0e69cd71f3f71bacb51ed7dc71393ec384da6
Author: Andreas Färber <afaerber@suse.de>
Date: Wed May 25 17:21:59 2016 +0200
MAINTAINERS: Drop Andreas as CPU maintainer
Signed-off-by: Andreas Färber <afaerber@suse.de>
commit 211b76d1dbfb3f2229d8c4683b818b65a65d60f7
Author: Andreas Färber <afaerber@suse.de>
Date: Wed May 25 17:16:39 2016 +0200
MAINTAINERS: Drop Andreas as 0.15 maintainer
Downgrade to orphan status, like all other remaining stable entries.
Signed-off-by: Andreas Färber <afaerber@suse.de>
commit 9f38774da2f4bc43628a7649f657f7607d03cba4
Author: Andreas Färber <andreas.faerber@web.de>
Date: Wed May 25 17:18:14 2016 +0200
MAINTAINERS: Drop Andreas as PReP maintainer
Signed-off-by: Andreas Färber <andreas.faerber@web.de>
commit aa373a1ec82076af0002bdde883850a0b0d865fd
Author: Andreas Färber <andreas.faerber@web.de>
Date: Wed May 25 17:14:56 2016 +0200
MAINTAINERS: Drop Andreas as Cocoa maintainer
Peter has taken over Cocoa maintainership.
Signed-off-by: Andreas Färber <andreas.faerber@web.de>
[-- Attachment #2: Type: text/plain, Size: 126 bytes --]
_______________________________________________
Xen-devel mailing list
Xen-devel@lists.xen.org
http://lists.xen.org/xen-devel
^ permalink raw reply [flat|nested] only message in thread
only message in thread, other threads:[~2016-05-26 21:56 UTC | newest]
Thread overview: (only message) (download: mbox.gz follow: Atom feed
-- links below jump to the message on this page --
2016-05-26 21:56 [qemu-mainline test] 94795: regressions - FAIL osstest service owner
This is a public inbox, see mirroring instructions
for how to clone and mirror all data and code used for this inbox;
as well as URLs for NNTP newsgroup(s).