From mboxrd@z Thu Jan 1 00:00:00 1970 From: osstest service owner Subject: [xen-4.7-testing test] 95653: regressions - trouble: blocked/broken/fail/pass Date: Tue, 14 Jun 2016 15:42:51 +0000 Message-ID: Mime-Version: 1.0 Content-Type: multipart/mixed; boundary="===============2171791872124727867==" Return-path: List-Unsubscribe: , List-Post: List-Help: List-Subscribe: , Errors-To: xen-devel-bounces@lists.xen.org Sender: "Xen-devel" To: xen-devel@lists.xensource.com, osstest-admin@xenproject.org List-Id: xen-devel@lists.xenproject.org --===============2171791872124727867== Content-Type: text/plain flight 95653 xen-4.7-testing real [real] http://logs.test-lab.xenproject.org/osstest/logs/95653/ Regressions :-( Tests which did not succeed and are blocking, including tests which could not be run: test-amd64-amd64-xl-xsm 3 host-install(3) broken REGR. vs. 95446 test-amd64-i386-xl-xsm 3 host-install(3) broken REGR. vs. 95446 test-amd64-i386-xl-qemut-winxpsp3 3 host-install(3) broken REGR. vs. 95446 test-amd64-amd64-xl-qemuu-debianhvm-amd64 15 guest-localmigrate/x10 fail REGR. vs. 95446 Regressions which are regarded as allowable (not blocking): test-amd64-amd64-xl-qemuu-win7-amd64 16 guest-stop fail REGR. vs. 95446 test-armhf-armhf-xl-rtds 15 guest-start/debian.repeat fail REGR. vs. 95446 test-amd64-i386-xl-qemut-win7-amd64 16 guest-stop fail like 95446 Tests which did not succeed, but are not blocking: test-amd64-i386-rumpuserxen-i386 1 build-check(1) blocked n/a test-amd64-amd64-rumpuserxen-amd64 1 build-check(1) blocked n/a build-i386-rumpuserxen 6 xen-build fail never pass test-amd64-amd64-xl-pvh-intel 11 guest-start fail never pass build-amd64-rumpuserxen 6 xen-build fail never pass test-amd64-amd64-xl-pvh-amd 11 guest-start fail never pass test-armhf-armhf-libvirt 14 guest-saverestore fail never pass test-armhf-armhf-libvirt 12 migrate-support-check fail never pass test-armhf-armhf-libvirt-xsm 12 migrate-support-check fail never pass test-armhf-armhf-libvirt-xsm 14 guest-saverestore fail never pass test-amd64-i386-libvirt 12 migrate-support-check fail never pass test-amd64-i386-libvirt-xsm 12 migrate-support-check fail never pass test-amd64-amd64-libvirt-xsm 12 migrate-support-check fail never pass test-amd64-amd64-libvirt 12 migrate-support-check fail never pass test-amd64-amd64-qemuu-nested-amd 16 debian-hvm-install/l1/l2 fail never pass test-armhf-armhf-xl-arndale 12 migrate-support-check fail never pass test-armhf-armhf-xl-arndale 13 saverestore-support-check fail never pass test-armhf-armhf-xl-credit2 13 saverestore-support-check fail never pass test-armhf-armhf-xl-credit2 12 migrate-support-check fail never pass test-armhf-armhf-xl-xsm 13 saverestore-support-check fail never pass test-armhf-armhf-xl-xsm 12 migrate-support-check fail never pass test-amd64-i386-libvirt-qemuu-debianhvm-amd64-xsm 10 migrate-support-check fail never pass test-armhf-armhf-xl-cubietruck 12 migrate-support-check fail never pass test-armhf-armhf-xl-cubietruck 13 saverestore-support-check fail never pass test-amd64-amd64-xl-qemut-win7-amd64 16 guest-stop fail never pass test-amd64-amd64-libvirt-vhd 11 migrate-support-check fail never pass test-armhf-armhf-libvirt-qcow2 11 migrate-support-check fail never pass test-armhf-armhf-libvirt-qcow2 13 guest-saverestore fail never pass test-armhf-armhf-libvirt-raw 13 guest-saverestore fail never pass test-armhf-armhf-libvirt-raw 11 migrate-support-check fail never pass test-armhf-armhf-xl 12 migrate-support-check fail never pass test-armhf-armhf-xl 13 saverestore-support-check fail never pass test-armhf-armhf-xl-multivcpu 13 saverestore-support-check fail never pass test-armhf-armhf-xl-multivcpu 12 migrate-support-check fail never pass test-amd64-amd64-libvirt-qemuu-debianhvm-amd64-xsm 10 migrate-support-check fail never pass test-armhf-armhf-xl-rtds 13 saverestore-support-check fail never pass test-armhf-armhf-xl-rtds 12 migrate-support-check fail never pass test-armhf-armhf-xl-vhd 11 migrate-support-check fail never pass test-armhf-armhf-xl-vhd 12 saverestore-support-check fail never pass version targeted for testing: xen 81722e7d443d33f48416c31f03ab4c2a9ba54b23 baseline version: xen c2a17869d5dcd845d646bf4db122cad73596a2be Last test of basis 95446 2016-06-08 16:21:53 Z 5 days Failing since 95489 2016-06-10 02:58:16 Z 4 days 3 attempts Testing same since 95653 2016-06-13 11:31:56 Z 1 days 1 attempts ------------------------------------------------------------ People who touched revisions under test: Andrew Cooper Anil Madhavapeddy Christoph Egger Daniel De Graaf Doug Goldstein Euan Harris George Dunlap Haozhong Zhang Ian Jackson Jan Beulich Jason Andryuk Jiandi An Kevin Tian Konrad Rzeszutek Wilk Konrad Rzeszutek Wilk Marek Marczykowski-Górecki Matthew Daley Olaf Hering Roger Pau Monne Stefano Stabellini Wei Chen Wei Liu jobs: build-amd64-xsm pass build-armhf-xsm pass build-i386-xsm pass build-amd64 pass build-armhf pass build-i386 pass build-amd64-libvirt pass build-armhf-libvirt pass build-i386-libvirt pass build-amd64-prev pass build-i386-prev pass build-amd64-pvops pass build-armhf-pvops pass build-i386-pvops pass build-amd64-rumpuserxen fail build-i386-rumpuserxen fail test-amd64-amd64-xl pass test-armhf-armhf-xl pass test-amd64-i386-xl pass test-amd64-amd64-xl-qemut-debianhvm-amd64-xsm pass test-amd64-i386-xl-qemut-debianhvm-amd64-xsm pass test-amd64-amd64-libvirt-qemuu-debianhvm-amd64-xsm pass test-amd64-i386-libvirt-qemuu-debianhvm-amd64-xsm pass test-amd64-amd64-xl-qemuu-debianhvm-amd64-xsm pass test-amd64-i386-xl-qemuu-debianhvm-amd64-xsm pass test-amd64-amd64-xl-qemut-stubdom-debianhvm-amd64-xsm pass test-amd64-i386-xl-qemut-stubdom-debianhvm-amd64-xsm pass test-amd64-amd64-libvirt-xsm pass test-armhf-armhf-libvirt-xsm fail test-amd64-i386-libvirt-xsm pass test-amd64-amd64-xl-xsm broken test-armhf-armhf-xl-xsm pass test-amd64-i386-xl-xsm broken test-amd64-amd64-qemuu-nested-amd fail test-amd64-amd64-xl-pvh-amd fail test-amd64-i386-qemut-rhel6hvm-amd pass test-amd64-i386-qemuu-rhel6hvm-amd pass test-amd64-amd64-xl-qemut-debianhvm-amd64 pass test-amd64-i386-xl-qemut-debianhvm-amd64 pass test-amd64-amd64-xl-qemuu-debianhvm-amd64 fail test-amd64-i386-xl-qemuu-debianhvm-amd64 pass test-amd64-i386-freebsd10-amd64 pass test-amd64-amd64-xl-qemuu-ovmf-amd64 pass test-amd64-i386-xl-qemuu-ovmf-amd64 pass test-amd64-amd64-rumpuserxen-amd64 blocked test-amd64-amd64-xl-qemut-win7-amd64 fail test-amd64-i386-xl-qemut-win7-amd64 fail test-amd64-amd64-xl-qemuu-win7-amd64 fail test-amd64-i386-xl-qemuu-win7-amd64 pass test-armhf-armhf-xl-arndale pass test-amd64-amd64-xl-credit2 pass test-armhf-armhf-xl-credit2 pass test-armhf-armhf-xl-cubietruck pass test-amd64-i386-freebsd10-i386 pass test-amd64-i386-rumpuserxen-i386 blocked test-amd64-amd64-qemuu-nested-intel pass test-amd64-amd64-xl-pvh-intel fail test-amd64-i386-qemut-rhel6hvm-intel pass test-amd64-i386-qemuu-rhel6hvm-intel pass test-amd64-amd64-libvirt pass test-armhf-armhf-libvirt fail test-amd64-i386-libvirt pass test-amd64-amd64-migrupgrade pass test-amd64-i386-migrupgrade pass test-amd64-amd64-xl-multivcpu pass test-armhf-armhf-xl-multivcpu pass test-amd64-amd64-pair pass test-amd64-i386-pair pass test-amd64-amd64-libvirt-pair pass test-amd64-i386-libvirt-pair pass test-amd64-amd64-amd64-pvgrub pass test-amd64-amd64-i386-pvgrub pass test-amd64-amd64-pygrub pass test-armhf-armhf-libvirt-qcow2 fail test-amd64-amd64-xl-qcow2 pass test-armhf-armhf-libvirt-raw fail test-amd64-i386-xl-raw pass test-amd64-amd64-xl-rtds pass test-armhf-armhf-xl-rtds fail test-amd64-i386-xl-qemut-winxpsp3-vcpus1 pass test-amd64-i386-xl-qemuu-winxpsp3-vcpus1 pass test-amd64-amd64-libvirt-vhd pass test-armhf-armhf-xl-vhd pass test-amd64-amd64-xl-qemut-winxpsp3 pass test-amd64-i386-xl-qemut-winxpsp3 broken test-amd64-amd64-xl-qemuu-winxpsp3 pass test-amd64-i386-xl-qemuu-winxpsp3 pass ------------------------------------------------------------ sg-report-flight on osstest.test-lab.xenproject.org logs: /home/logs/logs images: /home/logs/images Logs, config files, etc. are available at http://logs.test-lab.xenproject.org/osstest/logs Explanation of these reports, and of osstest in general, is at http://xenbits.xen.org/gitweb/?p=osstest.git;a=blob;f=README.email;hb=master http://xenbits.xen.org/gitweb/?p=osstest.git;a=blob;f=README;hb=master Test harness code can be found at http://xenbits.xen.org/gitweb?p=osstest.git;a=summary broken-step test-amd64-amd64-xl-xsm host-install(3) broken-step test-amd64-i386-xl-xsm host-install(3) broken-step test-amd64-i386-xl-qemut-winxpsp3 host-install(3) Not pushing. (No revision log; it would be 320 lines long.) --===============2171791872124727867== Content-Type: text/plain; charset="utf-8" MIME-Version: 1.0 Content-Transfer-Encoding: base64 Content-Disposition: inline X19fX19fX19fX19fX19fX19fX19fX19fX19fX19fX19fX19fX19fX19fX19fX18KWGVuLWRldmVs IG1haWxpbmcgbGlzdApYZW4tZGV2ZWxAbGlzdHMueGVuLm9yZwpodHRwOi8vbGlzdHMueGVuLm9y Zy94ZW4tZGV2ZWwK --===============2171791872124727867==--