From: osstest service owner <osstest-admin@xenproject.org>
To: xen-devel@lists.xensource.com, osstest-admin@xenproject.org
Subject: [xen-unstable test] 96315: regressions - trouble: blocked/broken/fail/pass
Date: Tue, 28 Jun 2016 02:32:49 +0000 [thread overview]
Message-ID: <osstest-96315-mainreport@xen.org> (raw)
flight 96315 xen-unstable real [real]
http://logs.test-lab.xenproject.org/osstest/logs/96315/
Regressions :-(
Tests which did not succeed and are blocking,
including tests which could not be run:
build-armhf 3 host-install(3) broken REGR. vs. 96296
build-armhf-xsm 5 xen-build fail REGR. vs. 96296
Regressions which are regarded as allowable (not blocking):
build-amd64-rumpuserxen 6 xen-build fail like 96296
build-i386-rumpuserxen 6 xen-build fail like 96296
test-amd64-amd64-xl-rtds 9 debian-install fail like 96296
test-amd64-i386-xl-qemut-win7-amd64 16 guest-stop fail like 96296
test-amd64-amd64-xl-qemut-win7-amd64 16 guest-stop fail like 96296
test-amd64-amd64-xl-qemuu-win7-amd64 16 guest-stop fail like 96296
test-amd64-i386-xl-qemuu-win7-amd64 16 guest-stop fail like 96296
Tests which did not succeed, but are not blocking:
test-amd64-i386-rumpuserxen-i386 1 build-check(1) blocked n/a
test-amd64-amd64-rumpuserxen-amd64 1 build-check(1) blocked n/a
test-armhf-armhf-libvirt-xsm 1 build-check(1) blocked n/a
test-armhf-armhf-libvirt-qcow2 1 build-check(1) blocked n/a
test-armhf-armhf-xl-cubietruck 1 build-check(1) blocked n/a
test-armhf-armhf-libvirt 1 build-check(1) blocked n/a
test-armhf-armhf-xl-arndale 1 build-check(1) blocked n/a
test-armhf-armhf-xl-credit2 1 build-check(1) blocked n/a
test-armhf-armhf-xl 1 build-check(1) blocked n/a
test-armhf-armhf-xl-multivcpu 1 build-check(1) blocked n/a
test-armhf-armhf-libvirt-raw 1 build-check(1) blocked n/a
build-armhf-libvirt 1 build-check(1) blocked n/a
test-armhf-armhf-xl-xsm 1 build-check(1) blocked n/a
test-armhf-armhf-xl-vhd 1 build-check(1) blocked n/a
test-armhf-armhf-xl-rtds 1 build-check(1) blocked n/a
test-amd64-amd64-xl-pvh-amd 11 guest-start fail never pass
test-amd64-amd64-xl-pvh-intel 11 guest-start fail never pass
test-amd64-amd64-libvirt 12 migrate-support-check fail never pass
test-amd64-amd64-qemuu-nested-amd 16 debian-hvm-install/l1/l2 fail never pass
test-amd64-i386-libvirt-xsm 12 migrate-support-check fail never pass
test-amd64-amd64-libvirt-vhd 11 migrate-support-check fail never pass
test-amd64-amd64-libvirt-xsm 12 migrate-support-check fail never pass
test-amd64-i386-libvirt-qemuu-debianhvm-amd64-xsm 10 migrate-support-check fail never pass
test-amd64-i386-libvirt 12 migrate-support-check fail never pass
test-amd64-amd64-libvirt-qemuu-debianhvm-amd64-xsm 10 migrate-support-check fail never pass
version targeted for testing:
xen 08cffe6696c047123bd552e095163924c8ef4353
baseline version:
xen 8384dc2d95538c5910d98db3df3ff5448bf0af48
Last test of basis 96296 2016-06-27 01:55:48 Z 1 days
Testing same since 96315 2016-06-27 14:13:25 Z 0 days 1 attempts
------------------------------------------------------------
People who touched revisions under test:
Daniel De Graaf <dgdegra@tycho.nsa.gov>
Julien Grall <julien.grall@arm.com>
jobs:
build-amd64-xsm pass
build-armhf-xsm fail
build-i386-xsm pass
build-amd64 pass
build-armhf broken
build-i386 pass
build-amd64-libvirt pass
build-armhf-libvirt blocked
build-i386-libvirt pass
build-amd64-oldkern pass
build-i386-oldkern pass
build-amd64-prev pass
build-i386-prev pass
build-amd64-pvops pass
build-armhf-pvops pass
build-i386-pvops pass
build-amd64-rumpuserxen fail
build-i386-rumpuserxen fail
test-amd64-amd64-xl pass
test-armhf-armhf-xl blocked
test-amd64-i386-xl pass
test-amd64-amd64-xl-qemut-debianhvm-amd64-xsm pass
test-amd64-i386-xl-qemut-debianhvm-amd64-xsm pass
test-amd64-amd64-libvirt-qemuu-debianhvm-amd64-xsm pass
test-amd64-i386-libvirt-qemuu-debianhvm-amd64-xsm pass
test-amd64-amd64-xl-qemuu-debianhvm-amd64-xsm pass
test-amd64-i386-xl-qemuu-debianhvm-amd64-xsm pass
test-amd64-amd64-xl-qemut-stubdom-debianhvm-amd64-xsm pass
test-amd64-i386-xl-qemut-stubdom-debianhvm-amd64-xsm pass
test-amd64-amd64-libvirt-xsm pass
test-armhf-armhf-libvirt-xsm blocked
test-amd64-i386-libvirt-xsm pass
test-amd64-amd64-xl-xsm pass
test-armhf-armhf-xl-xsm blocked
test-amd64-i386-xl-xsm pass
test-amd64-amd64-qemuu-nested-amd fail
test-amd64-amd64-xl-pvh-amd fail
test-amd64-i386-qemut-rhel6hvm-amd pass
test-amd64-i386-qemuu-rhel6hvm-amd pass
test-amd64-amd64-xl-qemut-debianhvm-amd64 pass
test-amd64-i386-xl-qemut-debianhvm-amd64 pass
test-amd64-amd64-xl-qemuu-debianhvm-amd64 pass
test-amd64-i386-xl-qemuu-debianhvm-amd64 pass
test-amd64-i386-freebsd10-amd64 pass
test-amd64-amd64-xl-qemuu-ovmf-amd64 pass
test-amd64-i386-xl-qemuu-ovmf-amd64 pass
test-amd64-amd64-rumpuserxen-amd64 blocked
test-amd64-amd64-xl-qemut-win7-amd64 fail
test-amd64-i386-xl-qemut-win7-amd64 fail
test-amd64-amd64-xl-qemuu-win7-amd64 fail
test-amd64-i386-xl-qemuu-win7-amd64 fail
test-armhf-armhf-xl-arndale blocked
test-amd64-amd64-xl-credit2 pass
test-armhf-armhf-xl-credit2 blocked
test-armhf-armhf-xl-cubietruck blocked
test-amd64-i386-freebsd10-i386 pass
test-amd64-i386-rumpuserxen-i386 blocked
test-amd64-amd64-qemuu-nested-intel pass
test-amd64-amd64-xl-pvh-intel fail
test-amd64-i386-qemut-rhel6hvm-intel pass
test-amd64-i386-qemuu-rhel6hvm-intel pass
test-amd64-amd64-libvirt pass
test-armhf-armhf-libvirt blocked
test-amd64-i386-libvirt pass
test-amd64-amd64-migrupgrade pass
test-amd64-i386-migrupgrade pass
test-amd64-amd64-xl-multivcpu pass
test-armhf-armhf-xl-multivcpu blocked
test-amd64-amd64-pair pass
test-amd64-i386-pair pass
test-amd64-amd64-libvirt-pair pass
test-amd64-i386-libvirt-pair pass
test-amd64-amd64-amd64-pvgrub pass
test-amd64-amd64-i386-pvgrub pass
test-amd64-amd64-pygrub pass
test-armhf-armhf-libvirt-qcow2 blocked
test-amd64-amd64-xl-qcow2 pass
test-armhf-armhf-libvirt-raw blocked
test-amd64-i386-xl-raw pass
test-amd64-amd64-xl-rtds fail
test-armhf-armhf-xl-rtds blocked
test-amd64-i386-xl-qemut-winxpsp3-vcpus1 pass
test-amd64-i386-xl-qemuu-winxpsp3-vcpus1 pass
test-amd64-amd64-libvirt-vhd pass
test-armhf-armhf-xl-vhd blocked
test-amd64-amd64-xl-qemut-winxpsp3 pass
test-amd64-i386-xl-qemut-winxpsp3 pass
test-amd64-amd64-xl-qemuu-winxpsp3 pass
test-amd64-i386-xl-qemuu-winxpsp3 pass
------------------------------------------------------------
sg-report-flight on osstest.test-lab.xenproject.org
logs: /home/logs/logs
images: /home/logs/images
Logs, config files, etc. are available at
http://logs.test-lab.xenproject.org/osstest/logs
Explanation of these reports, and of osstest in general, is at
http://xenbits.xen.org/gitweb/?p=osstest.git;a=blob;f=README.email;hb=master
http://xenbits.xen.org/gitweb/?p=osstest.git;a=blob;f=README;hb=master
Test harness code can be found at
http://xenbits.xen.org/gitweb?p=osstest.git;a=summary
broken-step build-armhf host-install(3)
Not pushing.
------------------------------------------------------------
commit 08cffe6696c047123bd552e095163924c8ef4353
Author: Daniel De Graaf <dgdegra@tycho.nsa.gov>
Date: Mon Jun 20 10:04:26 2016 -0400
xsm: add a default policy to .init.data
This adds a Kconfig option and support for including the XSM policy from
tools/flask/policy in the hypervisor so that the bootloader does not
need to provide a policy to get sane behavior from an XSM-enabled
hypervisor. The policy provided by the bootloader, if present, will
override the built-in policy.
Enabling this option only builds the policy if checkpolicy is available
during compilation of the hypervisor; otherwise, it does nothing. The
XSM policy is not moved out of tools because that remains the primary
location for installing and configuring the policy.
Signed-off-by: Daniel De Graaf <dgdegra@tycho.nsa.gov>
Reviewed-by: Konrad Rzeszutek Wilk <konrad.wilk@oracle.com>
Reviewed-by: Doug Goldstein <cardoe@cardoe.com>
Reviewed-by: Andrew Cooper <andrew.cooper3@citrix.com>
Acked-by: Julien Grall <julien.grall@arm.com>
commit 668ba1f85bf2e4086cf18c35abc880b9eee4e8f2
Author: Daniel De Graaf <dgdegra@tycho.nsa.gov>
Date: Mon Jun 20 10:04:25 2016 -0400
xen: Make FLASK_AVC_STATS kconfig option visible
Signed-off-by: Daniel De Graaf <dgdegra@tycho.nsa.gov>
Reviewed-by: Doug Goldstein <cardoe@cardoe.com>
commit 5efcebc66de0c34b071fea5c84e7d379541929af
Author: Daniel De Graaf <dgdegra@tycho.nsa.gov>
Date: Mon Jun 20 10:04:24 2016 -0400
xsm: clean up unregistration
The only possible value of original_ops was &dummy_xsm_ops, and
unregister_xsm was never used.
Signed-off-by: Daniel De Graaf <dgdegra@tycho.nsa.gov>
Reviewed-by: Andrew Cooper <andrew.cooper3@citrix.com>
Reviewed-by: Konrad Rzeszutek Wilk <konrad.wilk@oracle.com>
Reviewed-by: Doug Goldstein <cardoe@cardoe.com>
commit 70dda5f4e9c92b35c88b8f52f0fddd52f8778e51
Author: Daniel De Graaf <dgdegra@tycho.nsa.gov>
Date: Mon Jun 20 10:04:23 2016 -0400
xsm: annotate setup functions with __init
These functions were only called from __init functions.
Signed-off-by: Daniel De Graaf <dgdegra@tycho.nsa.gov>
Reviewed-by: Andrew Cooper <andrew.cooper3@citrix.com>
Reviewed-by: Doug Goldstein <cardoe@cardoe.com>
commit 6a962ebddce8f287588dfb6599d37ff7b6f583b7
Author: Daniel De Graaf <dgdegra@tycho.nsa.gov>
Date: Tue Jun 21 13:09:23 2016 -0400
xen: move FLASK entry under XSM in Kconfig
Since enabling XSM is required to enable FLASK, place the option for
FLASK below the one for XSM. In addition, since it does not make sense
to enable XSM without any XSM providers, and FLASK is the only XSM
provider, hide the option to disable FLASK under EXPERT.
Signed-off-by: Daniel De Graaf <dgdegra@tycho.nsa.gov>
Reviewed-by: Doug Goldstein <cardoe@cardoe.com>
(qemu changes not included)
_______________________________________________
Xen-devel mailing list
Xen-devel@lists.xen.org
http://lists.xen.org/xen-devel
reply other threads:[~2016-06-28 2:32 UTC|newest]
Thread overview: [no followups] expand[flat|nested] mbox.gz Atom feed
Reply instructions:
You may reply publicly to this message via plain-text email
using any one of the following methods:
* Save the following mbox file, import it into your mail client,
and reply-to-all from there: mbox
Avoid top-posting and favor interleaved quoting:
https://en.wikipedia.org/wiki/Posting_style#Interleaved_style
* Reply using the --to, --cc, and --in-reply-to
switches of git-send-email(1):
git send-email \
--in-reply-to=osstest-96315-mainreport@xen.org \
--to=osstest-admin@xenproject.org \
--cc=xen-devel@lists.xensource.com \
/path/to/YOUR_REPLY
https://kernel.org/pub/software/scm/git/docs/git-send-email.html
* If your mail client supports setting the In-Reply-To header
via mailto: links, try the mailto: link
Be sure your reply has a Subject: header at the top and a blank line
before the message body.
This is a public inbox, see mirroring instructions
for how to clone and mirror all data and code used for this inbox;
as well as URLs for NNTP newsgroup(s).