From mboxrd@z Thu Jan 1 00:00:00 1970 From: osstest service owner Subject: [linux-4.1 test] 97334: regressions - trouble: blocked/broken/fail/pass Date: Fri, 15 Jul 2016 20:42:00 +0000 Message-ID: Mime-Version: 1.0 Content-Type: multipart/mixed; boundary="===============3122150881611530854==" Return-path: List-Unsubscribe: , List-Post: List-Help: List-Subscribe: , Errors-To: xen-devel-bounces@lists.xen.org Sender: "Xen-devel" To: xen-devel@lists.xensource.com, osstest-admin@xenproject.org List-Id: xen-devel@lists.xenproject.org --===============3122150881611530854== Content-Type: text/plain flight 97334 linux-4.1 real [real] http://logs.test-lab.xenproject.org/osstest/logs/97334/ Regressions :-( Tests which did not succeed and are blocking, including tests which could not be run: test-amd64-i386-xl-qemut-debianhvm-amd64-xsm 9 debian-hvm-install fail REGR. vs. 96211 test-amd64-i386-xl-qemuu-ovmf-amd64 9 debian-hvm-install fail REGR. vs. 96211 test-amd64-i386-xl-qemut-winxpsp3 9 windows-install fail REGR. vs. 96211 test-amd64-i386-xl-qemuu-winxpsp3 9 windows-install fail REGR. vs. 96211 test-amd64-i386-freebsd10-amd64 9 freebsd-install fail REGR. vs. 96211 test-amd64-i386-xl-qemut-stubdom-debianhvm-amd64-xsm 9 debian-hvm-install fail REGR. vs. 96211 test-amd64-amd64-xl 6 xen-boot fail REGR. vs. 96211 test-amd64-amd64-xl-multivcpu 6 xen-boot fail REGR. vs. 96211 test-amd64-amd64-i386-pvgrub 6 xen-boot fail REGR. vs. 96211 test-amd64-i386-qemut-rhel6hvm-amd 9 redhat-install fail REGR. vs. 96211 test-amd64-i386-qemuu-rhel6hvm-intel 9 redhat-install fail REGR. vs. 96211 test-amd64-i386-xl-qemut-winxpsp3-vcpus1 9 windows-install fail REGR. vs. 96211 test-amd64-i386-xl-qemut-debianhvm-amd64 9 debian-hvm-install fail REGR. vs. 96211 test-amd64-amd64-xl-qemut-debianhvm-amd64 6 xen-boot fail REGR. vs. 96211 test-amd64-i386-xl-qemuu-winxpsp3-vcpus1 9 windows-install fail REGR. vs. 96211 test-amd64-i386-xl-xsm 9 debian-install fail REGR. vs. 96211 test-amd64-i386-libvirt 9 debian-install fail REGR. vs. 96211 test-amd64-amd64-xl-credit2 6 xen-boot fail REGR. vs. 96211 test-amd64-i386-xl-qemuu-debianhvm-amd64-xsm 9 debian-hvm-install fail REGR. vs. 96211 test-amd64-i386-xl 9 debian-install fail REGR. vs. 96211 test-amd64-i386-xl-qemuu-debianhvm-amd64 9 debian-hvm-install fail REGR. vs. 96211 test-amd64-i386-libvirt-xsm 9 debian-install fail REGR. vs. 96211 test-amd64-i386-xl-raw 9 debian-di-install fail REGR. vs. 96211 test-amd64-i386-qemuu-rhel6hvm-amd 9 redhat-install fail REGR. vs. 96211 test-armhf-armhf-xl-arndale 9 debian-install fail REGR. vs. 96211 test-amd64-i386-freebsd10-i386 9 freebsd-install fail REGR. vs. 96211 test-armhf-armhf-xl-multivcpu 9 debian-install fail REGR. vs. 96211 test-amd64-i386-qemut-rhel6hvm-intel 9 redhat-install fail REGR. vs. 96211 test-armhf-armhf-xl-credit2 9 debian-install fail REGR. vs. 96211 test-armhf-armhf-xl 9 debian-install fail REGR. vs. 96211 test-armhf-armhf-libvirt-xsm 9 debian-install fail REGR. vs. 96211 test-armhf-armhf-xl-xsm 9 debian-install fail REGR. vs. 96211 test-amd64-i386-pair 15 debian-install/dst_host fail REGR. vs. 96211 test-amd64-amd64-xl-xsm 6 xen-boot fail REGR. vs. 96211 test-armhf-armhf-xl-cubietruck 9 debian-install fail REGR. vs. 96211 test-amd64-amd64-qemuu-nested-amd 6 xen-boot fail REGR. vs. 96211 test-amd64-amd64-xl-qemut-win7-amd64 6 xen-boot fail REGR. vs. 96211 test-armhf-armhf-libvirt 9 debian-install fail REGR. vs. 96211 test-amd64-amd64-xl-qemuu-debianhvm-amd64-xsm 6 xen-boot fail REGR. vs. 96211 test-amd64-amd64-libvirt-qemuu-debianhvm-amd64-xsm 6 xen-boot fail REGR. vs. 96211 test-amd64-amd64-xl-qemut-winxpsp3 6 xen-boot fail REGR. vs. 96211 test-amd64-amd64-qemuu-nested-intel 6 xen-boot fail REGR. vs. 96211 test-amd64-amd64-pygrub 6 xen-boot fail REGR. vs. 96211 test-amd64-amd64-xl-qemuu-debianhvm-amd64 6 xen-boot fail REGR. vs. 96211 test-amd64-amd64-xl-pvh-amd 6 xen-boot fail REGR. vs. 96211 test-amd64-amd64-xl-qcow2 6 xen-boot fail REGR. vs. 96211 test-amd64-amd64-xl-qemut-debianhvm-amd64-xsm 6 xen-boot fail REGR. vs. 96211 test-amd64-amd64-libvirt-vhd 6 xen-boot fail REGR. vs. 96211 test-amd64-amd64-libvirt 6 xen-boot fail REGR. vs. 96211 test-amd64-amd64-xl-qemuu-ovmf-amd64 6 xen-boot fail REGR. vs. 96211 test-amd64-amd64-xl-pvh-intel 6 xen-boot fail REGR. vs. 96211 test-amd64-amd64-xl-qemuu-winxpsp3 6 xen-boot fail REGR. vs. 96211 test-amd64-amd64-libvirt-xsm 6 xen-boot fail REGR. vs. 96211 test-amd64-amd64-xl-qemut-stubdom-debianhvm-amd64-xsm 6 xen-boot fail REGR. vs. 96211 test-amd64-amd64-xl-qemuu-win7-amd64 6 xen-boot fail REGR. vs. 96211 test-amd64-amd64-amd64-pvgrub 6 xen-boot fail REGR. vs. 96211 test-amd64-i386-libvirt-pair 15 debian-install/dst_host fail REGR. vs. 96211 test-armhf-armhf-libvirt-qcow2 9 debian-di-install fail REGR. vs. 96211 test-amd64-i386-xl-qemut-win7-amd64 9 windows-install fail REGR. vs. 96211 test-amd64-amd64-libvirt-pair 10 xen-boot/dst_host fail REGR. vs. 96211 test-amd64-amd64-libvirt-pair 9 xen-boot/src_host fail REGR. vs. 96211 test-amd64-amd64-pair 10 xen-boot/dst_host fail in 97298 REGR. vs. 96211 test-amd64-amd64-pair 9 xen-boot/src_host fail in 97298 REGR. vs. 96211 Tests which are failing intermittently (not blocking): test-armhf-armhf-libvirt-qcow2 3 host-install(3) broken in 97298 pass in 97334 test-amd64-amd64-pair 4 host-install/dst_host(4) broken pass in 97298 Regressions which are regarded as allowable (not blocking): test-amd64-amd64-xl-rtds 6 xen-boot fail REGR. vs. 96211 test-armhf-armhf-xl-rtds 9 debian-install fail REGR. vs. 96211 test-amd64-i386-libvirt-qemuu-debianhvm-amd64-xsm 9 debian-hvm-install fail like 96183 build-amd64-rumpuserxen 6 xen-build fail like 96211 build-i386-rumpuserxen 6 xen-build fail like 96211 test-armhf-armhf-xl-vhd 9 debian-di-install fail like 96211 test-amd64-i386-xl-qemuu-win7-amd64 9 windows-install fail like 96211 Tests which did not succeed, but are not blocking: test-amd64-i386-rumpuserxen-i386 1 build-check(1) blocked n/a test-amd64-amd64-rumpuserxen-amd64 1 build-check(1) blocked n/a test-armhf-armhf-libvirt-raw 9 debian-di-install fail never pass version targeted for testing: linux 5880876e94699ce010554f483ccf0009997955ca baseline version: linux 95123c0b81d9478b8155fe15093b88f57ef7d0bd Last test of basis 96211 2016-06-24 10:02:06 Z 21 days Testing same since 97279 2016-07-13 23:16:44 Z 1 days 3 attempts ------------------------------------------------------------ People who touched revisions under test: Al Viro Alan Stern Alex Deucher Alexander Kochetkov Alexander Shiyan Alexandre Belloni Alexei Starovoitov Alexei Starovoitov Alexey Brodkin Alexey Brodkin Allain Legacy Amr Bekhit Andrew Goodbody Andrew Morton Andrey Grodzovsky Andrey Grodzovsky Andrey Ryabinin Andrey Ulanov Andy Gross Anna Schumaker Anthony Romano Anton Blanchard Antonio Quartulli Ard Biesheuvel Arnaldo Carvalho de Melo Arnd Bergmann Asai Thambi S P Asai Thambi SP Babu Moger Ben Hutchings Ben Skeggs Benjamin Poirier Bernie Harris Bill Sommerfeld Bin Liu Bjorn Andersson Bjorn Helgaas Bjørn Mork Boris Brezillon Borislav Petkov Carol Soto Catalin Marinas Chanwoo Choi Chris Friesen Christoffer Dall Christoph Hellwig Chung-Geol Kim Cong Wang Corey Minyard Cyril Bur Cyrill Gorcunov Dan Carpenter Dan Streetman Daniel Borkmann Daniel Jurgens Daniel Lezcano Daniel Vetter Daniel Vetter Dave Airlie Dave Chinner David Ahern David Howells David Rientjes David S. Miller David Sterba David Vrabel Davidlohr Bueso Davidlohr Bueso Diego Viola Ding Xiang DingXiang Dirk Behme Dmitrii Tcvetkov Dmitry Torokhov Dmitry Vyukov Doug Ledford Edward Cree Emmanuel Grumbach Eric Dumazet Eric Sandeen Eryu Guan Fang, Yang A Felipe Balbi Florian Fainelli Florian Westphal Fugang Duan Geert Uytterhoeven Gerald Schaefer Grazvydas Ignotas Greg Kroah-Hartman Guenter Roeck Guillaume Nault Guo-Fu Tseng Haishuang Yan Hannes Frederic Sowa Hans de Goede Heiko Stuebner Herbert Xu Huacai Chen Hugh Dickins Hui Wang Huibin Hong Ian Campbell Ignat Korchagin Ingo Molnar J. Bruce Fields Jamal Hadi Salim James Hogan James Morse Jann Horn Jarkko Sakkinen Jaroslav Kysela Jason Baron Jason Gunthorpe Jason Wang Javier Martinez Canillas Jeff Mahoney Jens Axboe Jerome Marchand Jerome Stanislaus Jiri Bohac Jiri Kosina Jiri Slaby Joe Lawrence Johannes Berg John Stultz Jon Hunter Jon Maloy Jon Maloy Jonathan Cameron Joonsoo Kim Josef Bacik Joshua Henderson Julian Anastasov Jun'ichi Nomura Junichi Nomura Kangjie Lu Kangjie Lu Karol Herbst Keerthy Kirill A. Shutemov Knut Wohlrab Konstantin Khlebnikov Krzysztof Hałasa Krzysztof Kozlowski Lars Persson Lars Persson Lars-Peter Clausen Laurent Pinchart Linus Lüssing Linus Torvalds Linus Walleij Lorenzo Pieralisi Lucas Stach Ludovic Desroches Lukasz Odzioba Lyude Manish Chopra Marc Kleine-Budde Marc Zyngier Marcin Ślusarz Marco Angaroni Marek Lindner Mark Brown Markus Pargmann Martin Blumenstingl Martin K. Petersen Martin Schwidefsky Masami Hiramatsu Mathias Krause Mathias Nyman Matt Fleming Mauro Carvalho Chehab Maxime Ripard Meelis Roos Michael Ellerman Michael Hennerich Michael Holzheu Michael S. Tsirkin Michal Hocko Michal Kazior Michal Nazarewicz Michal Suchanek Mikael Pettersson Mike Frysinger Mike Snitzer Miklos Szeredi Namhyung Kim Naoya Horiguchi Neal Cardwell Neil Horman NeilBrown Nicolai Stange Nicolas Dichtel Nikolay Aleksandrov Nitin Gupta Ocquidant, Sebastien Oleg Drokin Oleksij Rempel Oliver Hartkopp Oliver Neukum Oscar Pablo Neira Ayuso Pali Rohár Paolo Abeni Paolo Bonzini Patrick Lessard Pavel Emelyanov Pavel Shilovsky Peter Chen Philipp Zabel Pierre Moreau Ping Cheng Ping Cheng Rafael J. Wysocki Rainer Weikusat Rajesh Borundia Ralf Baechle Rhyland Klein Richard Alpe Richard Leitner Richard Weinberger Roger Quadros Russell King Ryusuke Konishi Sara Sharon Sasha Levin Scott Bauer Sebastian Andrzej Siewior Sebastian Frias Sebastian Reichel Sebastian Siewior Selvan Mani Sergei Shtylyov Shaokun Zhang Shawn Lin Simon Horman Simon Horman Sinclair Yeh Sony Chacko Sowmini Varadhan Srinivas Kandagatla Srinivas Pandruvada Stefan Wahren Stefano Stabellini Steinar H. Gunderson Stephen Boyd Steve Capper Steve French Steve French Steven Rostedt (Red Hat) Steven Rostedt Subash Abhinov Kasiviswanathan subashab@codeaurora.org Sumit Saxena Sushaanth Srirangapathi Sven Eckelmann Takashi Iwai Tariq Toukan Tejun Heo Thadeu Lima de Souza Cascardo Theodore Ts'o Thierry Reding Thomas Gleixner Thomas Petazzoni Thor Thayer Todd Previte Tomi Valkeinen Tony Lindgren Torsten Hilbrich Trond Myklebust Trond Myklebust Uwe Kleine-König Ville Syrjälä Vineet Gupta Vinod Koul Vladis Dronov Vlastimil Babka WANG Cong Wei Fang Wei Tang Wenwei Tao Weston Andros Adamson Weston Andros Adamson Wilfried Klaebe Will Deacon Willem de Bruijn Willy Tarreau Wolfgang Grandegger Wolfram Sang Xin Long Xishi Qiu Xiubo Li Ye Feng Yuchung Cheng Zhang Zhuoyu jobs: build-amd64-xsm pass build-armhf-xsm pass build-i386-xsm pass build-amd64 pass build-armhf pass build-i386 pass build-amd64-libvirt pass build-armhf-libvirt pass build-i386-libvirt pass build-amd64-pvops pass build-armhf-pvops pass build-i386-pvops pass build-amd64-rumpuserxen fail build-i386-rumpuserxen fail test-amd64-amd64-xl fail test-armhf-armhf-xl fail test-amd64-i386-xl fail test-amd64-amd64-xl-qemut-debianhvm-amd64-xsm fail test-amd64-i386-xl-qemut-debianhvm-amd64-xsm fail test-amd64-amd64-libvirt-qemuu-debianhvm-amd64-xsm fail test-amd64-i386-libvirt-qemuu-debianhvm-amd64-xsm fail test-amd64-amd64-xl-qemuu-debianhvm-amd64-xsm fail test-amd64-i386-xl-qemuu-debianhvm-amd64-xsm fail test-amd64-amd64-xl-qemut-stubdom-debianhvm-amd64-xsm fail test-amd64-i386-xl-qemut-stubdom-debianhvm-amd64-xsm fail test-amd64-amd64-libvirt-xsm fail test-armhf-armhf-libvirt-xsm fail test-amd64-i386-libvirt-xsm fail test-amd64-amd64-xl-xsm fail test-armhf-armhf-xl-xsm fail test-amd64-i386-xl-xsm fail test-amd64-amd64-qemuu-nested-amd fail test-amd64-amd64-xl-pvh-amd fail test-amd64-i386-qemut-rhel6hvm-amd fail test-amd64-i386-qemuu-rhel6hvm-amd fail test-amd64-amd64-xl-qemut-debianhvm-amd64 fail test-amd64-i386-xl-qemut-debianhvm-amd64 fail test-amd64-amd64-xl-qemuu-debianhvm-amd64 fail test-amd64-i386-xl-qemuu-debianhvm-amd64 fail test-amd64-i386-freebsd10-amd64 fail test-amd64-amd64-xl-qemuu-ovmf-amd64 fail test-amd64-i386-xl-qemuu-ovmf-amd64 fail test-amd64-amd64-rumpuserxen-amd64 blocked test-amd64-amd64-xl-qemut-win7-amd64 fail test-amd64-i386-xl-qemut-win7-amd64 fail test-amd64-amd64-xl-qemuu-win7-amd64 fail test-amd64-i386-xl-qemuu-win7-amd64 fail test-armhf-armhf-xl-arndale fail test-amd64-amd64-xl-credit2 fail test-armhf-armhf-xl-credit2 fail test-armhf-armhf-xl-cubietruck fail test-amd64-i386-freebsd10-i386 fail test-amd64-i386-rumpuserxen-i386 blocked test-amd64-amd64-qemuu-nested-intel fail test-amd64-amd64-xl-pvh-intel fail test-amd64-i386-qemut-rhel6hvm-intel fail test-amd64-i386-qemuu-rhel6hvm-intel fail test-amd64-amd64-libvirt fail test-armhf-armhf-libvirt fail test-amd64-i386-libvirt fail test-amd64-amd64-xl-multivcpu fail test-armhf-armhf-xl-multivcpu fail test-amd64-amd64-pair broken test-amd64-i386-pair fail test-amd64-amd64-libvirt-pair fail test-amd64-i386-libvirt-pair fail test-amd64-amd64-amd64-pvgrub fail test-amd64-amd64-i386-pvgrub fail test-amd64-amd64-pygrub fail test-armhf-armhf-libvirt-qcow2 fail test-amd64-amd64-xl-qcow2 fail test-armhf-armhf-libvirt-raw fail test-amd64-i386-xl-raw fail test-amd64-amd64-xl-rtds fail test-armhf-armhf-xl-rtds fail test-amd64-i386-xl-qemut-winxpsp3-vcpus1 fail test-amd64-i386-xl-qemuu-winxpsp3-vcpus1 fail test-amd64-amd64-libvirt-vhd fail test-armhf-armhf-xl-vhd fail test-amd64-amd64-xl-qemut-winxpsp3 fail test-amd64-i386-xl-qemut-winxpsp3 fail test-amd64-amd64-xl-qemuu-winxpsp3 fail test-amd64-i386-xl-qemuu-winxpsp3 fail ------------------------------------------------------------ sg-report-flight on osstest.test-lab.xenproject.org logs: /home/logs/logs images: /home/logs/images Logs, config files, etc. are available at http://logs.test-lab.xenproject.org/osstest/logs Explanation of these reports, and of osstest in general, is at http://xenbits.xen.org/gitweb/?p=osstest.git;a=blob;f=README.email;hb=master http://xenbits.xen.org/gitweb/?p=osstest.git;a=blob;f=README;hb=master Test harness code can be found at http://xenbits.xen.org/gitweb?p=osstest.git;a=summary broken-step test-amd64-amd64-pair host-install/dst_host(4) Not pushing. (No revision log; it would be 7730 lines long.) --===============3122150881611530854== Content-Type: text/plain; charset="utf-8" MIME-Version: 1.0 Content-Transfer-Encoding: base64 Content-Disposition: inline X19fX19fX19fX19fX19fX19fX19fX19fX19fX19fX19fX19fX19fX19fX19fX18KWGVuLWRldmVs IG1haWxpbmcgbGlzdApYZW4tZGV2ZWxAbGlzdHMueGVuLm9yZwpodHRwczovL2xpc3RzLnhlbi5v cmcveGVuLWRldmVsCg== --===============3122150881611530854==--