From mboxrd@z Thu Jan 1 00:00:00 1970 From: osstest service owner Subject: [qemu-mainline test] 97504: regressions - trouble: blocked/broken/fail/pass Date: Mon, 18 Jul 2016 03:05:42 +0000 Message-ID: Mime-Version: 1.0 Content-Type: multipart/mixed; boundary="===============5878092092141599317==" Return-path: List-Unsubscribe: , List-Post: List-Help: List-Subscribe: , Errors-To: xen-devel-bounces@lists.xen.org Sender: "Xen-devel" To: xen-devel@lists.xensource.com, osstest-admin@xenproject.org List-Id: xen-devel@lists.xenproject.org --===============5878092092141599317== Content-Type: text/plain flight 97504 qemu-mainline real [real] http://logs.test-lab.xenproject.org/osstest/logs/97504/ Regressions :-( Tests which did not succeed and are blocking, including tests which could not be run: build-armhf-pvops 3 host-install(3) broken REGR. vs. 96791 test-amd64-amd64-libvirt-xsm 11 guest-start fail REGR. vs. 96791 test-amd64-amd64-libvirt-pair 20 guest-start/debian fail REGR. vs. 96791 test-amd64-amd64-libvirt-qemuu-debianhvm-amd64-xsm 9 debian-hvm-install fail REGR. vs. 96791 test-amd64-amd64-libvirt 11 guest-start fail REGR. vs. 96791 test-amd64-amd64-xl-qcow2 9 debian-di-install fail REGR. vs. 96791 test-amd64-amd64-xl-qemuu-ovmf-amd64 9 debian-hvm-install fail REGR. vs. 96791 test-amd64-amd64-libvirt-vhd 9 debian-di-install fail REGR. vs. 96791 Tests which are failing intermittently (not blocking): test-armhf-armhf-xl-arndale 15 guest-start/debian.repeat fail in 97470 pass in 97429 test-amd64-amd64-xl-rtds 6 xen-boot fail pass in 97470 Regressions which are regarded as allowable (not blocking): test-amd64-amd64-xl-rtds 9 debian-install fail in 97470 like 96791 test-amd64-i386-xl-qemuu-win7-amd64 16 guest-stop fail like 96791 test-amd64-amd64-xl-qemuu-win7-amd64 16 guest-stop fail like 96791 Tests which did not succeed, but are not blocking: test-armhf-armhf-libvirt 1 build-check(1) blocked n/a test-armhf-armhf-xl-arndale 1 build-check(1) blocked n/a test-armhf-armhf-xl-xsm 1 build-check(1) blocked n/a test-armhf-armhf-xl-multivcpu 1 build-check(1) blocked n/a test-armhf-armhf-xl-credit2 1 build-check(1) blocked n/a test-armhf-armhf-xl-cubietruck 1 build-check(1) blocked n/a test-armhf-armhf-libvirt-xsm 1 build-check(1) blocked n/a test-armhf-armhf-xl 1 build-check(1) blocked n/a test-armhf-armhf-libvirt-raw 1 build-check(1) blocked n/a test-armhf-armhf-libvirt-qcow2 1 build-check(1) blocked n/a test-armhf-armhf-xl-vhd 1 build-check(1) blocked n/a test-armhf-armhf-xl-rtds 1 build-check(1) blocked n/a test-armhf-armhf-libvirt 14 guest-saverestore fail in 97470 never pass test-armhf-armhf-libvirt 12 migrate-support-check fail in 97470 never pass test-armhf-armhf-xl-arndale 12 migrate-support-check fail in 97470 never pass test-armhf-armhf-xl-arndale 13 saverestore-support-check fail in 97470 never pass test-armhf-armhf-xl-xsm 13 saverestore-support-check fail in 97470 never pass test-armhf-armhf-xl-xsm 12 migrate-support-check fail in 97470 never pass test-armhf-armhf-xl-multivcpu 13 saverestore-support-check fail in 97470 never pass test-armhf-armhf-xl-multivcpu 12 migrate-support-check fail in 97470 never pass test-armhf-armhf-xl-credit2 13 saverestore-support-check fail in 97470 never pass test-armhf-armhf-xl-credit2 12 migrate-support-check fail in 97470 never pass test-armhf-armhf-xl-cubietruck 12 migrate-support-check fail in 97470 never pass test-armhf-armhf-xl-cubietruck 13 saverestore-support-check fail in 97470 never pass test-armhf-armhf-libvirt-xsm 12 migrate-support-check fail in 97470 never pass test-armhf-armhf-libvirt-xsm 14 guest-saverestore fail in 97470 never pass test-armhf-armhf-xl 12 migrate-support-check fail in 97470 never pass test-armhf-armhf-xl 13 saverestore-support-check fail in 97470 never pass test-armhf-armhf-libvirt-raw 13 guest-saverestore fail in 97470 never pass test-armhf-armhf-libvirt-raw 11 migrate-support-check fail in 97470 never pass test-armhf-armhf-libvirt-qcow2 11 migrate-support-check fail in 97470 never pass test-armhf-armhf-libvirt-qcow2 13 guest-saverestore fail in 97470 never pass test-armhf-armhf-xl-vhd 11 migrate-support-check fail in 97470 never pass test-armhf-armhf-xl-vhd 12 saverestore-support-check fail in 97470 never pass test-armhf-armhf-xl-rtds 13 saverestore-support-check fail in 97470 never pass test-armhf-armhf-xl-rtds 12 migrate-support-check fail in 97470 never pass test-amd64-amd64-xl-pvh-amd 11 guest-start fail never pass test-amd64-amd64-xl-pvh-intel 11 guest-start fail never pass test-amd64-i386-libvirt 12 migrate-support-check fail never pass test-amd64-amd64-qemuu-nested-amd 16 debian-hvm-install/l1/l2 fail never pass test-amd64-i386-libvirt-xsm 12 migrate-support-check fail never pass test-amd64-i386-libvirt-qemuu-debianhvm-amd64-xsm 10 migrate-support-check fail never pass version targeted for testing: qemuu 6b92bbfe812746fe7841a24c24e6460f5359ce72 baseline version: qemuu 4f4a9ca4a4386c137301b3662faba076455ff15a Last test of basis 96791 2016-07-08 12:20:07 Z 9 days Failing since 97271 2016-07-13 13:44:26 Z 4 days 8 attempts Testing same since 97396 2016-07-15 21:43:55 Z 2 days 4 attempts ------------------------------------------------------------ People who touched revisions under test: Alberto Garcia Alex Bennée Alexander Yarygin Andrew Jones Anthony PERARD Ashok Raj Cao jin Cornelia Huck Cédric Le Goater Daniel P. Berrange David Gibson David Hildenbrand Denis V. Lunev Dmitry Osipenko Eduardo Habkost Eric Blake Eugene (jno) Dvurechenski Evgeny Yakovlev Fam Zheng Gerd Hoffmann Gonglei Haibin Wang Haozhong Zhang Igor Mammedov James Hogan Jarkko Lavinen Jeff Cody Jing Liu Kevin Wolf Laszlo Ersek Leon Alrae Lin Ma Marc Marí Marc-André Lureau Marcin Krzeminski Mark Cave-Ayland Markus Armbruster Max Filippov Max Reitz Paolo Bonzini Paul Burton Peter Lieven Peter Maydell Pierre Morel Reda Sallahi Richard Henderson Richard W.M. Jones Samuel Damashek Sascha Silbe Sean Bruno Sergey Sorokin Stanislav Shmarov Suresh Vijay Vijaya Kumar K Xiao Guangrong Yi Min Zhao Yongbok Kim Zhang Shuaiyi jobs: build-amd64-xsm pass build-armhf-xsm pass build-i386-xsm pass build-amd64 pass build-armhf pass build-i386 pass build-amd64-libvirt pass build-armhf-libvirt pass build-i386-libvirt pass build-amd64-pvops pass build-armhf-pvops broken build-i386-pvops pass test-amd64-amd64-xl pass test-armhf-armhf-xl blocked test-amd64-i386-xl pass test-amd64-amd64-libvirt-qemuu-debianhvm-amd64-xsm fail test-amd64-i386-libvirt-qemuu-debianhvm-amd64-xsm pass test-amd64-amd64-xl-qemuu-debianhvm-amd64-xsm pass test-amd64-i386-xl-qemuu-debianhvm-amd64-xsm pass test-amd64-amd64-libvirt-xsm fail test-armhf-armhf-libvirt-xsm blocked test-amd64-i386-libvirt-xsm pass test-amd64-amd64-xl-xsm pass test-armhf-armhf-xl-xsm blocked test-amd64-i386-xl-xsm pass test-amd64-amd64-qemuu-nested-amd fail test-amd64-amd64-xl-pvh-amd fail test-amd64-i386-qemuu-rhel6hvm-amd pass test-amd64-amd64-xl-qemuu-debianhvm-amd64 pass test-amd64-i386-xl-qemuu-debianhvm-amd64 pass test-amd64-i386-freebsd10-amd64 pass test-amd64-amd64-xl-qemuu-ovmf-amd64 fail test-amd64-i386-xl-qemuu-ovmf-amd64 pass test-amd64-amd64-xl-qemuu-win7-amd64 fail test-amd64-i386-xl-qemuu-win7-amd64 fail test-armhf-armhf-xl-arndale blocked test-amd64-amd64-xl-credit2 pass test-armhf-armhf-xl-credit2 blocked test-armhf-armhf-xl-cubietruck blocked test-amd64-i386-freebsd10-i386 pass test-amd64-amd64-qemuu-nested-intel pass test-amd64-amd64-xl-pvh-intel fail test-amd64-i386-qemuu-rhel6hvm-intel pass test-amd64-amd64-libvirt fail test-armhf-armhf-libvirt blocked test-amd64-i386-libvirt pass test-amd64-amd64-xl-multivcpu pass test-armhf-armhf-xl-multivcpu blocked test-amd64-amd64-pair pass test-amd64-i386-pair pass test-amd64-amd64-libvirt-pair fail test-amd64-i386-libvirt-pair pass test-amd64-amd64-amd64-pvgrub pass test-amd64-amd64-i386-pvgrub pass test-amd64-amd64-pygrub pass test-armhf-armhf-libvirt-qcow2 blocked test-amd64-amd64-xl-qcow2 fail test-armhf-armhf-libvirt-raw blocked test-amd64-i386-xl-raw pass test-amd64-amd64-xl-rtds fail test-armhf-armhf-xl-rtds blocked test-amd64-i386-xl-qemuu-winxpsp3-vcpus1 pass test-amd64-amd64-libvirt-vhd fail test-armhf-armhf-xl-vhd blocked test-amd64-amd64-xl-qemuu-winxpsp3 pass test-amd64-i386-xl-qemuu-winxpsp3 pass ------------------------------------------------------------ sg-report-flight on osstest.test-lab.xenproject.org logs: /home/logs/logs images: /home/logs/images Logs, config files, etc. are available at http://logs.test-lab.xenproject.org/osstest/logs Explanation of these reports, and of osstest in general, is at http://xenbits.xen.org/gitweb/?p=osstest.git;a=blob;f=README.email;hb=master http://xenbits.xen.org/gitweb/?p=osstest.git;a=blob;f=README;hb=master Test harness code can be found at http://xenbits.xen.org/gitweb?p=osstest.git;a=summary broken-step build-armhf-pvops host-install(3) Not pushing. (No revision log; it would be 3805 lines long.) --===============5878092092141599317== Content-Type: text/plain; charset="utf-8" MIME-Version: 1.0 Content-Transfer-Encoding: base64 Content-Disposition: inline X19fX19fX19fX19fX19fX19fX19fX19fX19fX19fX19fX19fX19fX19fX19fX18KWGVuLWRldmVs IG1haWxpbmcgbGlzdApYZW4tZGV2ZWxAbGlzdHMueGVuLm9yZwpodHRwczovL2xpc3RzLnhlbi5v cmcveGVuLWRldmVsCg== --===============5878092092141599317==--