xen-devel.lists.xenproject.org archive mirror
 help / color / mirror / Atom feed
From: xen.org <ian.jackson@eu.citrix.com>
To: xen-devel@lists.xensource.com
Cc: ian.jackson@eu.citrix.com
Subject: [xen-unstable test] 9767: regressions - FAIL
Date: Tue, 15 Nov 2011 04:59:34 +0000	[thread overview]
Message-ID: <osstest-9767-mainreport@xen.org> (raw)

flight 9767 xen-unstable real [real]
http://www.chiark.greenend.org.uk/~xensrcts/logs/9767/

Regressions :-(

Tests which did not succeed and are blocking:
 test-amd64-amd64-xl-sedf      5 xen-boot                   fail REGR. vs. 9766

Tests which did not succeed, but are not blocking,
including regressions (tests previously passed) regarded as allowable:
 test-amd64-amd64-xl-pcipt-intel  9 guest-start                 fail never pass
 test-amd64-i386-rhel6hvm-intel  9 guest-start.2                fail never pass
 test-amd64-i386-rhel6hvm-amd  9 guest-start.2                fail   never pass
 test-amd64-i386-win-vcpus1   16 leak-check/check             fail   never pass
 test-amd64-i386-xl-win-vcpus1 13 guest-stop                   fail  never pass
 test-amd64-i386-win          16 leak-check/check             fail   never pass
 test-amd64-amd64-win         16 leak-check/check             fail   never pass
 test-amd64-amd64-xl-win      13 guest-stop                   fail   never pass
 test-i386-i386-win           16 leak-check/check             fail   never pass
 test-i386-i386-xl-win        13 guest-stop                   fail   never pass

version targeted for testing:
 xen                  848049b14ec7
baseline version:
 xen                  ca618f5deec2

------------------------------------------------------------
People who touched revisions under test:
  Ian Campbell <ian.campbell@citrix.com>
  Ian Jackson <ian.jackson@eu.citrix.com>
  Keir Fraser <keir@xen.org>
  Roger Pau Monne <roger.pau@entel.upc.edu>
------------------------------------------------------------

jobs:
 build-amd64                                                  pass    
 build-i386                                                   pass    
 build-amd64-oldkern                                          pass    
 build-i386-oldkern                                           pass    
 build-amd64-pvops                                            pass    
 build-i386-pvops                                             pass    
 test-amd64-amd64-xl                                          pass    
 test-amd64-i386-xl                                           pass    
 test-i386-i386-xl                                            pass    
 test-amd64-i386-rhel6hvm-amd                                 fail    
 test-amd64-i386-xl-credit2                                   pass    
 test-amd64-amd64-xl-pcipt-intel                              fail    
 test-amd64-i386-rhel6hvm-intel                               fail    
 test-amd64-i386-xl-multivcpu                                 pass    
 test-amd64-amd64-pair                                        pass    
 test-amd64-i386-pair                                         pass    
 test-i386-i386-pair                                          pass    
 test-amd64-amd64-pv                                          pass    
 test-amd64-i386-pv                                           pass    
 test-i386-i386-pv                                            pass    
 test-amd64-amd64-xl-sedf                                     fail    
 test-amd64-i386-win-vcpus1                                   fail    
 test-amd64-i386-xl-win-vcpus1                                fail    
 test-amd64-amd64-win                                         fail    
 test-amd64-i386-win                                          fail    
 test-i386-i386-win                                           fail    
 test-amd64-amd64-xl-win                                      fail    
 test-i386-i386-xl-win                                        fail    


------------------------------------------------------------
sg-report-flight on woking.cam.xci-test.com
logs: /home/xc_osstest/logs
images: /home/xc_osstest/images

Logs, config files, etc. are available at
    http://www.chiark.greenend.org.uk/~xensrcts/logs

Test harness code can be found at
    http://xenbits.xensource.com/gitweb?p=osstest.git;a=summary


Not pushing.

------------------------------------------------------------
changeset:   24143:848049b14ec7
tag:         tip
user:        Keir Fraser <keir@xen.org>
date:        Mon Nov 14 20:15:35 2011 +0000
    
    hvmloader: Move acpi_info structure out from low memory.
    
    This avoids a conflict with SeaBIOS's memory management. Moreover
    there is no reason that acp_info must live below 1MB, and moving it
    out actually simplifies our code.
    
    Signed-off-by: Keir Fraser <keir@xen.org>
    
    
changeset:   24142:ca618f5deec2
user:        Roger Pau Monne <roger.pau@entel.upc.edu>
date:        Mon Nov 14 18:17:44 2011 +0000
    
    tools/check: check for headers and libraries in user defined folders.
    
    Parse EXTRA_INCLUDES, EXTRA_LIB, PREPEND_INCLUDES, PREPEND_LIB,
    APPEND_INCLUDES, APPEND_LIB during checks, to search for required
    files.
    
    Signed-off-by: Roger Pau Monne <roger.pau@entel.upc.edu>
    Committed-by: Ian Jackson <ian.jackson@eu.citrix.com>
    
    
========================================
commit 52834188eedfbbca5636fd869d4c86b3b3044439
Author: Ian Campbell <ian.campbell@citrix.com>
Date:   Tue Nov 1 18:42:55 2011 +0000

    qemu-xen: remove i386-dm/README.hvm-pv-magic-ioport-disable
    
    I have just proposed a patch to add this to xen-unstable.hg as
    docs/misc/hvm-emulated-unplug.markdown. This repo is not a place where people
    look for docs, plus we are transitioning to upstream qemu.
    
    Signed-off-by: Ian Campbell <ian.campbell@citrix.com>

                 reply	other threads:[~2011-11-15  4:59 UTC|newest]

Thread overview: [no followups] expand[flat|nested]  mbox.gz  Atom feed

Reply instructions:

You may reply publicly to this message via plain-text email
using any one of the following methods:

* Save the following mbox file, import it into your mail client,
  and reply-to-all from there: mbox

  Avoid top-posting and favor interleaved quoting:
  https://en.wikipedia.org/wiki/Posting_style#Interleaved_style

* Reply using the --to, --cc, and --in-reply-to
  switches of git-send-email(1):

  git send-email \
    --in-reply-to=osstest-9767-mainreport@xen.org \
    --to=ian.jackson@eu.citrix.com \
    --cc=xen-devel@lists.xensource.com \
    /path/to/YOUR_REPLY

  https://kernel.org/pub/software/scm/git/docs/git-send-email.html

* If your mail client supports setting the In-Reply-To header
  via mailto: links, try the mailto: link
Be sure your reply has a Subject: header at the top and a blank line before the message body.
This is a public inbox, see mirroring instructions
for how to clone and mirror all data and code used for this inbox;
as well as URLs for NNTP newsgroup(s).