xen-devel.lists.xenproject.org archive mirror
 help / color / mirror / Atom feed
* [xen-4.0-testing test] 9804: regressions - FAIL
@ 2011-11-16 22:00 xen.org
  0 siblings, 0 replies; only message in thread
From: xen.org @ 2011-11-16 22:00 UTC (permalink / raw)
  To: xen-devel; +Cc: ian.jackson

flight 9804 xen-4.0-testing real [real]
http://www.chiark.greenend.org.uk/~xensrcts/logs/9804/

Regressions :-(

Tests which did not succeed and are blocking:
 test-amd64-amd64-xl-sedf      5 xen-boot                   fail REGR. vs. 9757

Tests which did not succeed, but are not blocking,
including regressions (tests previously passed) regarded as allowable:
 test-amd64-amd64-xl-pcipt-intel  8 debian-fixup                fail never pass
 test-amd64-i386-xl-multivcpu 15 guest-stop                   fail   never pass
 test-amd64-i386-xl-credit2   15 guest-stop                   fail   never pass
 test-amd64-amd64-xl          15 guest-stop                   fail   never pass
 test-amd64-i386-xl           15 guest-stop                   fail   never pass
 test-i386-i386-xl            15 guest-stop                   fail   never pass
 test-amd64-i386-rhel6hvm-amd  7 redhat-install               fail   never pass
 test-amd64-i386-rhel6hvm-intel  7 redhat-install               fail never pass
 test-amd64-amd64-win         16 leak-check/check             fail   never pass
 test-amd64-i386-win-vcpus1   16 leak-check/check             fail   never pass
 test-amd64-i386-win          16 leak-check/check             fail   never pass
 test-i386-i386-win           16 leak-check/check             fail   never pass
 test-amd64-i386-xl-win-vcpus1  7 windows-install              fail  never pass
 test-i386-i386-xl-win         7 windows-install              fail   never pass
 test-amd64-amd64-xl-win       7 windows-install              fail   never pass

version targeted for testing:
 xen                  c16b0a997a05
baseline version:
 xen                  cdff7052bad8

------------------------------------------------------------
People who touched revisions under test:
  Gianluca Guida <gianluca.guida@citrix.com>
  Jan Beulich <jbeulich@suse.com>
  Keir Fraser <keir@xen.org>
  Mark Langsdorf <mark.langsdorf@amd.com>
------------------------------------------------------------

jobs:
 build-amd64                                                  pass    
 build-i386                                                   pass    
 build-amd64-oldkern                                          pass    
 build-i386-oldkern                                           pass    
 build-amd64-pvops                                            pass    
 build-i386-pvops                                             pass    
 test-amd64-amd64-xl                                          fail    
 test-amd64-i386-xl                                           fail    
 test-i386-i386-xl                                            fail    
 test-amd64-i386-rhel6hvm-amd                                 fail    
 test-amd64-i386-xl-credit2                                   fail    
 test-amd64-amd64-xl-pcipt-intel                              fail    
 test-amd64-i386-rhel6hvm-intel                               fail    
 test-amd64-i386-xl-multivcpu                                 fail    
 test-amd64-amd64-pair                                        pass    
 test-amd64-i386-pair                                         pass    
 test-i386-i386-pair                                          pass    
 test-amd64-amd64-pv                                          pass    
 test-amd64-i386-pv                                           pass    
 test-i386-i386-pv                                            pass    
 test-amd64-amd64-xl-sedf                                     fail    
 test-amd64-i386-win-vcpus1                                   fail    
 test-amd64-i386-xl-win-vcpus1                                fail    
 test-amd64-amd64-win                                         fail    
 test-amd64-i386-win                                          fail    
 test-i386-i386-win                                           fail    
 test-amd64-amd64-xl-win                                      fail    
 test-i386-i386-xl-win                                        fail    


------------------------------------------------------------
sg-report-flight on woking.cam.xci-test.com
logs: /home/xc_osstest/logs
images: /home/xc_osstest/images

Logs, config files, etc. are available at
    http://www.chiark.greenend.org.uk/~xensrcts/logs

Test harness code can be found at
    http://xenbits.xensource.com/gitweb?p=osstest.git;a=summary


Not pushing.

------------------------------------------------------------
changeset:   21553:c16b0a997a05
tag:         tip
user:        Gianluca Guida <gianluca.guida@citrix.com>
date:        Wed Nov 16 16:40:05 2011 +0000
    
    [shadow] Disable higher level pagetables early unshadow only when the "process dying" hypercall is used.
    
    This patch fixes a performance problem in fully virtualized guests.
    
    Signed-off-by: Gianluca Guida <gianluca.guida@citrix.com>
    Tested-by: Jan Beulich <jbeulich@suse.com>
    Committed-by: Keir Fraser <keir@xen.org>
    xen-unstable changeset:   24148:3ecc8fef4281
    xen-unstable date:        Wed Nov 16 15:19:33 2011 +0000
    
    
changeset:   21552:cdff7052bad8
user:        Mark Langsdorf <mark.langsdorf@amd.com>
date:        Sat Nov 12 16:15:19 2011 +0000
    
    x86/amd: Eliminate cache flushing when entering C3 on select AMD processors
    
    AMD Fam15h processors have a shared cache. It does not need=
    to be be flushed when entering C3 and doing so causes reduces
    performance. Modify acpi_processor_power_init_bm_check to
    prevent these processors from flushing when entering C3.
    
    Signed-off-by: Mark Langsdorf <mark.langsdorf@amd.com>
    xen-unstable changeset:   23511:450f1d198e1e
    xen-unstable date:        Tue Jun 14 12:46:29 2011 +0100
    Committed-by: Keir Fraser <keir@xen.org>
    
    
(qemu changes not included)

^ permalink raw reply	[flat|nested] only message in thread

only message in thread, other threads:[~2011-11-16 22:00 UTC | newest]

Thread overview: (only message) (download: mbox.gz follow: Atom feed
-- links below jump to the message on this page --
2011-11-16 22:00 [xen-4.0-testing test] 9804: regressions - FAIL xen.org

This is a public inbox, see mirroring instructions
for how to clone and mirror all data and code used for this inbox;
as well as URLs for NNTP newsgroup(s).