From mboxrd@z Thu Jan 1 00:00:00 1970 From: osstest service owner Subject: [linux-3.18 test] 99603: regressions - FAIL Date: Mon, 25 Jul 2016 18:20:11 +0000 Message-ID: Mime-Version: 1.0 Content-Type: multipart/mixed; boundary="===============2552032696051795364==" Return-path: List-Unsubscribe: , List-Post: List-Help: List-Subscribe: , Errors-To: xen-devel-bounces@lists.xen.org Sender: "Xen-devel" To: xen-devel@lists.xensource.com, osstest-admin@xenproject.org List-Id: xen-devel@lists.xenproject.org --===============2552032696051795364== Content-Type: text/plain flight 99603 linux-3.18 real [real] http://logs.test-lab.xenproject.org/osstest/logs/99603/ Regressions :-( Tests which did not succeed and are blocking, including tests which could not be run: build-i386-xsm 5 xen-build fail REGR. vs. 96188 build-amd64 5 xen-build fail REGR. vs. 96188 build-i386 5 xen-build fail REGR. vs. 96188 build-amd64-xsm 5 xen-build fail REGR. vs. 96188 test-armhf-armhf-xl-xsm 9 debian-install fail REGR. vs. 96188 test-armhf-armhf-libvirt-qcow2 9 debian-di-install fail REGR. vs. 96188 test-armhf-armhf-xl-multivcpu 9 debian-install fail REGR. vs. 96188 test-armhf-armhf-libvirt 9 debian-install fail REGR. vs. 96188 test-armhf-armhf-xl-cubietruck 9 debian-install fail REGR. vs. 96188 test-armhf-armhf-libvirt-xsm 9 debian-install fail REGR. vs. 96188 test-armhf-armhf-xl-vhd 9 debian-di-install fail REGR. vs. 96188 test-armhf-armhf-xl-credit2 9 debian-install fail REGR. vs. 96188 test-armhf-armhf-xl 9 debian-install fail REGR. vs. 96188 test-armhf-armhf-xl-arndale 9 debian-install fail REGR. vs. 96188 Regressions which are regarded as allowable (not blocking): test-armhf-armhf-xl-rtds 9 debian-install fail REGR. vs. 96188 test-armhf-armhf-libvirt-raw 9 debian-di-install fail like 96161 Tests which did not succeed, but are not blocking: test-amd64-amd64-rumpuserxen-amd64 1 build-check(1) blocked n/a test-amd64-i386-rumpuserxen-i386 1 build-check(1) blocked n/a build-i386-libvirt 1 build-check(1) blocked n/a build-amd64-libvirt 1 build-check(1) blocked n/a build-i386-rumpuserxen 1 build-check(1) blocked n/a build-amd64-rumpuserxen 1 build-check(1) blocked n/a test-amd64-i386-xl-qemut-debianhvm-amd64 1 build-check(1) blocked n/a test-amd64-i386-xl-qemuu-debianhvm-amd64-xsm 1 build-check(1) blocked n/a test-amd64-i386-xl-qemut-winxpsp3 1 build-check(1) blocked n/a test-amd64-amd64-amd64-pvgrub 1 build-check(1) blocked n/a test-amd64-i386-freebsd10-amd64 1 build-check(1) blocked n/a test-amd64-i386-libvirt-qemuu-debianhvm-amd64-xsm 1 build-check(1) blocked n/a test-amd64-i386-qemut-rhel6hvm-amd 1 build-check(1) blocked n/a test-amd64-i386-xl-qemut-winxpsp3-vcpus1 1 build-check(1) blocked n/a test-amd64-i386-qemuu-rhel6hvm-amd 1 build-check(1) blocked n/a test-amd64-i386-xl-qemut-win7-amd64 1 build-check(1) blocked n/a test-amd64-i386-qemut-rhel6hvm-intel 1 build-check(1) blocked n/a test-amd64-i386-xl-qemut-stubdom-debianhvm-amd64-xsm 1 build-check(1) blocked n/a test-amd64-amd64-xl-qemut-winxpsp3 1 build-check(1) blocked n/a test-amd64-amd64-i386-pvgrub 1 build-check(1) blocked n/a test-amd64-amd64-xl-multivcpu 1 build-check(1) blocked n/a test-amd64-amd64-xl 1 build-check(1) blocked n/a test-amd64-i386-xl-xsm 1 build-check(1) blocked n/a test-amd64-i386-xl-qemuu-winxpsp3-vcpus1 1 build-check(1) blocked n/a test-amd64-amd64-libvirt-xsm 1 build-check(1) blocked n/a test-amd64-amd64-libvirt 1 build-check(1) blocked n/a test-amd64-i386-libvirt 1 build-check(1) blocked n/a test-amd64-amd64-xl-qemut-debianhvm-amd64-xsm 1 build-check(1) blocked n/a test-amd64-amd64-xl-rtds 1 build-check(1) blocked n/a test-amd64-amd64-libvirt-vhd 1 build-check(1) blocked n/a test-amd64-i386-xl-raw 1 build-check(1) blocked n/a test-amd64-i386-qemuu-rhel6hvm-intel 1 build-check(1) blocked n/a test-amd64-i386-libvirt-xsm 1 build-check(1) blocked n/a test-amd64-amd64-xl-qemut-stubdom-debianhvm-amd64-xsm 1 build-check(1) blocked n/a test-amd64-i386-xl-qemuu-win7-amd64 1 build-check(1) blocked n/a test-amd64-amd64-xl-qemuu-debianhvm-amd64 1 build-check(1) blocked n/a test-amd64-amd64-xl-pvh-amd 1 build-check(1) blocked n/a test-amd64-amd64-xl-qemuu-ovmf-amd64 1 build-check(1) blocked n/a test-amd64-amd64-xl-qemuu-debianhvm-amd64-xsm 1 build-check(1) blocked n/a test-amd64-amd64-xl-qemut-win7-amd64 1 build-check(1) blocked n/a test-amd64-amd64-qemuu-nested-intel 1 build-check(1) blocked n/a test-amd64-amd64-xl-xsm 1 build-check(1) blocked n/a test-amd64-amd64-libvirt-qemuu-debianhvm-amd64-xsm 1 build-check(1) blocked n/a test-amd64-amd64-xl-pvh-intel 1 build-check(1) blocked n/a test-amd64-amd64-xl-credit2 1 build-check(1) blocked n/a test-amd64-amd64-xl-qemuu-win7-amd64 1 build-check(1) blocked n/a test-amd64-i386-freebsd10-i386 1 build-check(1) blocked n/a test-amd64-i386-xl 1 build-check(1) blocked n/a test-amd64-amd64-xl-qemut-debianhvm-amd64 1 build-check(1) blocked n/a test-amd64-amd64-xl-qemuu-winxpsp3 1 build-check(1) blocked n/a test-amd64-amd64-xl-qcow2 1 build-check(1) blocked n/a test-amd64-amd64-pygrub 1 build-check(1) blocked n/a test-amd64-i386-xl-qemuu-ovmf-amd64 1 build-check(1) blocked n/a test-amd64-amd64-qemuu-nested-amd 1 build-check(1) blocked n/a test-amd64-i386-xl-qemuu-debianhvm-amd64 1 build-check(1) blocked n/a test-amd64-i386-xl-qemut-debianhvm-amd64-xsm 1 build-check(1) blocked n/a test-amd64-i386-xl-qemuu-winxpsp3 1 build-check(1) blocked n/a test-amd64-i386-libvirt-pair 1 build-check(1) blocked n/a test-amd64-amd64-pair 1 build-check(1) blocked n/a test-amd64-amd64-libvirt-pair 1 build-check(1) blocked n/a test-amd64-i386-pair 1 build-check(1) blocked n/a version targeted for testing: linux 0ac0a856d986c1ab240753479f5e50fdfab82b14 baseline version: linux d420f00c7bfb405884dd71fb7f87974f0d1be455 Last test of basis 96188 2016-06-23 18:03:43 Z 32 days Testing same since 97278 2016-07-13 23:15:41 Z 11 days 12 attempts ------------------------------------------------------------ People who touched revisions under test: Al Viro Alan Stern Alex Deucher Alexander Kochetkov Alexander Shiyan Alexandre Belloni Alexei Starovoitov Alexey Brodkin Alexey Brodkin Allain Legacy Amr Bekhit Andrew Goodbody Andrew Morton Andrey Grodzovsky Andrey Ryabinin Andrey Ulanov Anna Schumaker Anthony Romano Anton Blanchard Antonio Quartulli Ard Biesheuvel Arnaldo Carvalho de Melo Arnd Bergmann Asai Thambi S P Asai Thambi SP Babu Moger Ben Hutchings Ben Hutchings Ben Skeggs Bill Sommerfeld Bin Liu Bjorn Andersson Bjorn Helgaas Bjørn Mork Borislav Petkov Catalin Marinas Chanwoo Choi Chris Friesen Chris Mason Christoffer Dall Christoph Hellwig Chung-Geol Kim Cong Wang Cyril Bur Cyrill Gorcunov Dan Carpenter Dan Streetman Daniel Borkmann Daniel Lezcano Daniel Vetter Daniel Vetter Dave Airlie Dave Chinner David Howells David Rientjes David S. Miller David Sterba David Vrabel Davidlohr Bueso Davidlohr Bueso Diego Viola Dirk Behme Dmitrii Tcvetkov Dmitry Torokhov Dmitry Vyukov Doug Ledford Edward Cree Eric Dumazet Eric Sandeen Eryu Guan Fang, Yang A Felipe Balbi Felipe Balbi Filipe Manana Florian Fainelli Florian Westphal Fugang Duan Geert Uytterhoeven Grazvydas Ignotas Greg Kroah-Hartman Guenter Roeck Guillaume Nault Guo-Fu Tseng Haishuang Yan Hannes Frederic Sowa Hans de Goede Heiko Stuebner Herbert Xu Huacai Chen Hugh Dickins Hui Wang Huibin Hong Ian Campbell Ignat Korchagin Ingo Molnar J. Bruce Fields Jamal Hadi Salim James Hogan James Morse Jann Horn Jason Gunthorpe Jason Wang Javier Martinez Canillas Jeff Mahoney Jens Axboe Jerome Marchand Jerome Stanislaus Jim McDonough Jiri Kosina Jiri Slaby Joe Lawrence Johannes Berg John Stultz Jon Hunter Joonsoo Kim Josef Bacik Joshua Henderson Julian Anastasov Kangjie Lu Kangjie Lu Karol Herbst Keerthy Kirill A. Shutemov Knut Wohlrab Konstantin Khlebnikov Krzysztof Hałasa Krzysztof Kozlowski Lars Persson Lars Persson Lars-Peter Clausen Laurent Pinchart Linus Lüssing Linus Torvalds Linus Walleij Liviu Dudau Lorenzo Pieralisi Lucas Stach Lukasz Odzioba Lyude Manish Chopra Marc Kleine-Budde Marc Zyngier Marcin Ślusarz Marco Angaroni Marcus Weseloh Marek Lindner Mark Brown Markus Pargmann Martin K. Petersen Martin Schwidefsky Masami Hiramatsu Mathias Krause Mathias Nyman Matt Fleming Mauro Carvalho Chehab Maxime Ripard Meelis Roos Michael Ellerman Michael Hennerich Michael Holzheu Michael S. Tsirkin Michal Hocko Michal Kazior Michal Nazarewicz Michal Suchanek Mikael Pettersson Mike Frysinger Miklos Szeredi Minchan Kim Mitsuhiro Kimura Namhyung Kim Naoya Horiguchi Neal Cardwell Neil Horman NeilBrown Nicolai Stange Nicolas Dichtel Nikolay Aleksandrov Nitin Gupta Noel Power Oleg Drokin Oleksij Rempel Oliver Hartkopp Oliver Neukum Oscar Pablo Neira Ayuso Pali Rohár Paolo Abeni Paolo Bonzini Patrick Lessard Pavel Emelyanov Pavel Shilovsky Peter Chen Pierre Moreau Ping Cheng Ping Cheng Rainer Weikusat Rajesh Borundia Ralf Baechle Richard Weinberger Russell King Ryusuke Konishi Sam Hung Sasha Levin Scott Bauer Sebastian Frias Selvan Mani Sergei Shtylyov Shaokun Zhang Shawn Lin Simon Horman Sony Chacko Sowmini Varadhan Srinivas Kandagatla Stefan Wahren Stefano Stabellini Steinar H. Gunderson Stephen Boyd Steve Capper Steve French Steve French Steven Rostedt (Red Hat) Steven Rostedt Subash Abhinov Kasiviswanathan subashab@codeaurora.org Sumit Saxena Sushaanth Srirangapathi Sven Eckelmann Takashi Iwai Tejun Heo Thadeu Lima de Souza Cascardo Theodore Ts'o Thierry Reding Thomas Gleixner Thomas Petazzoni Thor Thayer Tomi Valkeinen Tony Lindgren Torsten Hilbrich Trond Myklebust Trond Myklebust Uwe Kleine-König Vineet Gupta Vivek Gautam Vladis Dronov Vlastimil Babka WANG Cong Wei Fang Wei Tang Wenwei Tao Wilfried Klaebe Will Deacon Willy Tarreau Wolfgang Grandegger Wolfram Sang Xin Long Xishi Qiu Xiubo Li Yoshihiro Kaneko Yuchung Cheng Zhang Zhuoyu 洪一竹 jobs: build-amd64-xsm fail build-armhf-xsm pass build-i386-xsm fail build-amd64 fail build-armhf pass build-i386 fail build-amd64-libvirt blocked build-armhf-libvirt pass build-i386-libvirt blocked build-amd64-pvops pass build-armhf-pvops pass build-i386-pvops pass build-amd64-rumpuserxen blocked build-i386-rumpuserxen blocked test-amd64-amd64-xl blocked test-armhf-armhf-xl fail test-amd64-i386-xl blocked test-amd64-amd64-xl-qemut-debianhvm-amd64-xsm blocked test-amd64-i386-xl-qemut-debianhvm-amd64-xsm blocked test-amd64-amd64-libvirt-qemuu-debianhvm-amd64-xsm blocked test-amd64-i386-libvirt-qemuu-debianhvm-amd64-xsm blocked test-amd64-amd64-xl-qemuu-debianhvm-amd64-xsm blocked test-amd64-i386-xl-qemuu-debianhvm-amd64-xsm blocked test-amd64-amd64-xl-qemut-stubdom-debianhvm-amd64-xsm blocked test-amd64-i386-xl-qemut-stubdom-debianhvm-amd64-xsm blocked test-amd64-amd64-libvirt-xsm blocked test-armhf-armhf-libvirt-xsm fail test-amd64-i386-libvirt-xsm blocked test-amd64-amd64-xl-xsm blocked test-armhf-armhf-xl-xsm fail test-amd64-i386-xl-xsm blocked test-amd64-amd64-qemuu-nested-amd blocked test-amd64-amd64-xl-pvh-amd blocked test-amd64-i386-qemut-rhel6hvm-amd blocked test-amd64-i386-qemuu-rhel6hvm-amd blocked test-amd64-amd64-xl-qemut-debianhvm-amd64 blocked test-amd64-i386-xl-qemut-debianhvm-amd64 blocked test-amd64-amd64-xl-qemuu-debianhvm-amd64 blocked test-amd64-i386-xl-qemuu-debianhvm-amd64 blocked test-amd64-i386-freebsd10-amd64 blocked test-amd64-amd64-xl-qemuu-ovmf-amd64 blocked test-amd64-i386-xl-qemuu-ovmf-amd64 blocked test-amd64-amd64-rumpuserxen-amd64 blocked test-amd64-amd64-xl-qemut-win7-amd64 blocked test-amd64-i386-xl-qemut-win7-amd64 blocked test-amd64-amd64-xl-qemuu-win7-amd64 blocked test-amd64-i386-xl-qemuu-win7-amd64 blocked test-armhf-armhf-xl-arndale fail test-amd64-amd64-xl-credit2 blocked test-armhf-armhf-xl-credit2 fail test-armhf-armhf-xl-cubietruck fail test-amd64-i386-freebsd10-i386 blocked test-amd64-i386-rumpuserxen-i386 blocked test-amd64-amd64-qemuu-nested-intel blocked test-amd64-amd64-xl-pvh-intel blocked test-amd64-i386-qemut-rhel6hvm-intel blocked test-amd64-i386-qemuu-rhel6hvm-intel blocked test-amd64-amd64-libvirt blocked test-armhf-armhf-libvirt fail test-amd64-i386-libvirt blocked test-amd64-amd64-xl-multivcpu blocked test-armhf-armhf-xl-multivcpu fail test-amd64-amd64-pair blocked test-amd64-i386-pair blocked test-amd64-amd64-libvirt-pair blocked test-amd64-i386-libvirt-pair blocked test-amd64-amd64-amd64-pvgrub blocked test-amd64-amd64-i386-pvgrub blocked test-amd64-amd64-pygrub blocked test-armhf-armhf-libvirt-qcow2 fail test-amd64-amd64-xl-qcow2 blocked test-armhf-armhf-libvirt-raw fail test-amd64-i386-xl-raw blocked test-amd64-amd64-xl-rtds blocked test-armhf-armhf-xl-rtds fail test-amd64-i386-xl-qemut-winxpsp3-vcpus1 blocked test-amd64-i386-xl-qemuu-winxpsp3-vcpus1 blocked test-amd64-amd64-libvirt-vhd blocked test-armhf-armhf-xl-vhd fail test-amd64-amd64-xl-qemut-winxpsp3 blocked test-amd64-i386-xl-qemut-winxpsp3 blocked test-amd64-amd64-xl-qemuu-winxpsp3 blocked test-amd64-i386-xl-qemuu-winxpsp3 blocked ------------------------------------------------------------ sg-report-flight on osstest.test-lab.xenproject.org logs: /home/logs/logs images: /home/logs/images Logs, config files, etc. are available at http://logs.test-lab.xenproject.org/osstest/logs Explanation of these reports, and of osstest in general, is at http://xenbits.xen.org/gitweb/?p=osstest.git;a=blob;f=README.email;hb=master http://xenbits.xen.org/gitweb/?p=osstest.git;a=blob;f=README;hb=master Test harness code can be found at http://xenbits.xen.org/gitweb?p=osstest.git;a=summary Not pushing. (No revision log; it would be 6440 lines long.) --===============2552032696051795364== Content-Type: text/plain; charset="utf-8" MIME-Version: 1.0 Content-Transfer-Encoding: base64 Content-Disposition: inline X19fX19fX19fX19fX19fX19fX19fX19fX19fX19fX19fX19fX19fX19fX19fX18KWGVuLWRldmVs IG1haWxpbmcgbGlzdApYZW4tZGV2ZWxAbGlzdHMueGVuLm9yZwpodHRwczovL2xpc3RzLnhlbi5v cmcveGVuLWRldmVsCg== --===============2552032696051795364==--