From mboxrd@z Thu Jan 1 00:00:00 1970 From: osstest service owner Subject: [ovmf test] 99630: regressions - FAIL Date: Mon, 25 Jul 2016 14:54:19 +0000 Message-ID: Mime-Version: 1.0 Content-Type: multipart/mixed; boundary="===============7467777539443850493==" Return-path: List-Unsubscribe: , List-Post: List-Help: List-Subscribe: , Errors-To: xen-devel-bounces@lists.xen.org Sender: "Xen-devel" To: xen-devel@lists.xensource.com, osstest-admin@xenproject.org List-Id: xen-devel@lists.xenproject.org --===============7467777539443850493== Content-Type: text/plain flight 99630 ovmf real [real] http://logs.test-lab.xenproject.org/osstest/logs/99630/ Regressions :-( Tests which did not succeed and are blocking, including tests which could not be run: build-amd64 5 xen-build fail REGR. vs. 94748 build-i386 5 xen-build fail REGR. vs. 94748 build-amd64-xsm 5 xen-build fail REGR. vs. 94748 build-i386-xsm 5 xen-build fail REGR. vs. 94748 Tests which did not succeed, but are not blocking: build-amd64-libvirt 1 build-check(1) blocked n/a build-i386-libvirt 1 build-check(1) blocked n/a test-amd64-i386-xl-qemuu-ovmf-amd64 1 build-check(1) blocked n/a test-amd64-amd64-xl-qemuu-ovmf-amd64 1 build-check(1) blocked n/a version targeted for testing: ovmf 227a1ac2d04504eee4c624f534ea3fcbb8140029 baseline version: ovmf dc99315b8732b6e3032d01319d3f534d440b43d0 Last test of basis 94748 2016-05-24 22:43:25 Z 61 days Failing since 94750 2016-05-25 03:43:08 Z 61 days 123 attempts Testing same since 99608 2016-07-25 10:57:02 Z 0 days 2 attempts ------------------------------------------------------------ People who touched revisions under test: Anandakrishnan Loganathan Ard Biesheuvel Bi, Dandan Bret Barkelew Bruce Cran Bruce Cran Chao Zhang Cinnamon Shia Cohen, Eugene Dandan Bi Darbin Reyes david wei Eric Dong Eugene Cohen Evan Lloyd Evgeny Yakovlev Feng Tian Fu Siyuan Fu, Siyuan Gary Li Gary Lin Giri P Mudusuru Graeme Gregory Hao Wu Hegde Nagaraj P Hegde, Nagaraj P hegdenag Heyi Guo Jan D?bro? Jan Dabros Jeff Fan Jeremy Linton Jiaxin Wu Jiewen Yao Joe Zhou Jordan Justen Katie Dellaquila Laszlo Ersek Liming Gao Lu, ShifeiX A lushifex Marcin Wojtas Mark Rutland Marvin H?user Marvin Haeuser Maurice Ma Michael Chang Michael Zimmermann Mudusuru, Giri P Ni, Ruiyu Qin Long Qiu Shumin Ruiyu Ni Ruiyu Ni  Ryan Harkin Sami Mujawar Satya Yarlagadda Shannon Zhao Shi, Steven Sriram Subramanian Star Zeng Steven Shi Subramanian, Sriram (EG Servers Platform SW) Sunny Wang Tapan Shah Thomas Palmer Yarlagadda, Satya P Yonghong Zhu Zhang Lubo Zhang, Chao B Zhang, Lubo jobs: build-amd64-xsm fail build-i386-xsm fail build-amd64 fail build-i386 fail build-amd64-libvirt blocked build-i386-libvirt blocked build-amd64-pvops pass build-i386-pvops pass test-amd64-amd64-xl-qemuu-ovmf-amd64 blocked test-amd64-i386-xl-qemuu-ovmf-amd64 blocked ------------------------------------------------------------ sg-report-flight on osstest.test-lab.xenproject.org logs: /home/logs/logs images: /home/logs/images Logs, config files, etc. are available at http://logs.test-lab.xenproject.org/osstest/logs Explanation of these reports, and of osstest in general, is at http://xenbits.xen.org/gitweb/?p=osstest.git;a=blob;f=README.email;hb=master http://xenbits.xen.org/gitweb/?p=osstest.git;a=blob;f=README;hb=master Test harness code can be found at http://xenbits.xen.org/gitweb?p=osstest.git;a=summary Not pushing. (No revision log; it would be 11446 lines long.) --===============7467777539443850493== Content-Type: text/plain; charset="utf-8" MIME-Version: 1.0 Content-Transfer-Encoding: base64 Content-Disposition: inline X19fX19fX19fX19fX19fX19fX19fX19fX19fX19fX19fX19fX19fX19fX19fX18KWGVuLWRldmVs IG1haWxpbmcgbGlzdApYZW4tZGV2ZWxAbGlzdHMueGVuLm9yZwpodHRwczovL2xpc3RzLnhlbi5v cmcveGVuLWRldmVsCg== --===============7467777539443850493==--