xen-devel.lists.xenproject.org archive mirror
 help / color / mirror / Atom feed
* [linux-3.14 test] 99716: regressions - FAIL
@ 2016-07-28  8:34 osstest service owner
  0 siblings, 0 replies; only message in thread
From: osstest service owner @ 2016-07-28  8:34 UTC (permalink / raw)
  To: xen-devel, osstest-admin

[-- Attachment #1: Type: text/plain, Size: 11106 bytes --]

flight 99716 linux-3.14 real [real]
http://logs.test-lab.xenproject.org/osstest/logs/99716/

Regressions :-(

Tests which did not succeed and are blocking,
including tests which could not be run:
 test-amd64-i386-xl-qemut-stubdom-debianhvm-amd64-xsm 9 debian-hvm-install fail REGR. vs. 96226
 test-amd64-i386-libvirt-qemuu-debianhvm-amd64-xsm 9 debian-hvm-install fail REGR. vs. 96226

Regressions which are regarded as allowable (not blocking):
 build-amd64-rumpuserxen       6 xen-build                    fail   like 96226
 build-i386-rumpuserxen        6 xen-build                    fail   like 96226
 test-amd64-i386-xl-qemuu-win7-amd64 16 guest-stop              fail like 96226
 test-amd64-amd64-xl-qemut-win7-amd64 16 guest-stop             fail like 96226
 test-amd64-amd64-xl-qemuu-win7-amd64 16 guest-stop             fail like 96226
 test-amd64-i386-xl-qemut-win7-amd64 16 guest-stop              fail like 96226

Tests which did not succeed, but are not blocking:
 test-amd64-amd64-rumpuserxen-amd64  1 build-check(1)               blocked n/a
 test-amd64-i386-rumpuserxen-i386  1 build-check(1)               blocked  n/a
 test-amd64-amd64-xl-pvh-intel 11 guest-start                  fail  never pass
 test-amd64-amd64-xl-pvh-amd  11 guest-start                  fail   never pass
 test-amd64-amd64-libvirt     12 migrate-support-check        fail   never pass
 test-amd64-i386-libvirt-xsm  12 migrate-support-check        fail   never pass
 test-amd64-amd64-qemuu-nested-amd 16 debian-hvm-install/l1/l2  fail never pass
 test-amd64-i386-libvirt      12 migrate-support-check        fail   never pass
 test-amd64-amd64-libvirt-qemuu-debianhvm-amd64-xsm 10 migrate-support-check fail never pass
 test-amd64-amd64-libvirt-vhd 11 migrate-support-check        fail   never pass
 test-amd64-amd64-libvirt-xsm 12 migrate-support-check        fail   never pass

version targeted for testing:
 linux                da99423b3cd3e48c42c0d64b79aba58d828f9648
baseline version:
 linux                44dd5e6b1cf505485d839bd62d47e29a36232d67

Last test of basis    96226  2016-06-24 17:53:30 Z   33 days
Testing same since    99716  2016-07-27 17:57:45 Z    0 days    1 attempts

------------------------------------------------------------
People who touched revisions under test:
  Al Viro <viro@zeniv.linux.org.uk>
  Alan Stern <stern@rowland.harvard.edu>
  Alex Deucher <alexander.deucher@amd.com>
  Andreas Gruenbacher <agruenba@redhat.com>
  Andrew Goodbody <andrew.goodbody@cambrionix.com>
  Andrew Morton <akpm@linux-foundation.org>
  Andrey Ryabinin <aryabinin@virtuozzo.com>
  Anna Schumaker <Anna.Schumaker@Netapp.com>
  Anthony Romano <anthony.romano@coreos.com>
  Ben Hutchings <ben@decadent.org.uk>
  Bin Liu <b-liu@ti.com>
  Bjørn Mork <bjorn@mork.no>
  Bob Copeland <me@bobcopeland.com>
  Borislav Petkov <bp@suse.de>
  Catalin Marinas <catalin.marinas@arm.com>
  Christoph Hellwig <hch@lst.de>
  Crestez Dan Leonard <leonard.crestez@intel.com>
  Cyril Bur <cyrilbur@gmail.com>
  Dan Carpenter <dan.carpenter@oracle.com>
  Daniel Vetter <daniel.vetter@ffwll.ch>
  David Howells <dhowells@redhat.com>
  David S. Miller <davem@davemloft.net>
  David Vrabel <david.vrabel@citrix.com>
  Dmitry Torokhov <dmitry.torokhov@gmail.com>
  Dmitry Vyukov <dvyukov@google.com>
  Doug Ledford <dledford@redhat.com>
  Feng Tang <feng.tang@intel.com>
  Fred Veldini <fred.veldini@gmail.com>
  Gavin Shan <gwshan@linux.vnet.ibm.com>
  Greg Kroah-Hartman <gregkh@linuxfoundation.org>
  Guilherme G. Piccoli <gpiccoli@linux.vnet.ibm.com>
  H. Peter Anvin <hpa@zytor.com>
  Hans de Goede <hdegoede@redhat.com>
  Herbert Xu <herbert@gondor.apana.org.au>
  Hugh Dickins <hughd@google.com>
  Imre Palik <imrep@amazon.de>
  Ingo Molnar <mingo@kernel.org>
  J. Bruce Fields <bfields@redhat.com>
  James Hogan <james.hogan@imgtec.com>
  Jan Beulich <jbeulich@suse.com>
  Jan Willeke <willeke@de.ibm.com>
  Jason Gunthorpe <jgunthorpe@obsidianresearch.com>
  Jiri Kosina <jkosina@suse.cz>
  Jiri Slaby <jslaby@suse.cz>
  Johannes Berg <johannes.berg@intel.com>
  Jonathan Cameron <jic23@kernel.org>
  Kirill A. Shutemov <kirill.shutemov@linux.intel.com>
  Linus Torvalds <torvalds@linux-foundation.org>
  Linus Walleij <linus.walleij@linaro.org>
  Luis de Bethencourt <luisbg@osg.samsung.com>
  Lyude <cpaul@redhat.com>
  Mark Brown <broonie@kernel.org>
  Martin K. Petersen <martin.petersen@oracle.com>
  Martin Schwidefsky <schwidefsky@de.ibm.com>
  Martin Willi <martin@strongswan.org>
  Masami Hiramatsu <mhiramat@kernel.org>
  Michael Ellerman <mpe@ellerman.id.au>
  Namhyung Kim <namhyung@kernel.org>
  Ole Lukoie <olelukoie@mail.ru>
  Oleg Drokin <green@linuxhacker.ru>
  Oleg Nesterov <oleg@redhat.com>
  Oliver Neukum <ONeukum@suse.com>
  Palik, Imre <imrep@amazon.de>
  Paolo Bonzini <pbonzini@redhat.com>
  Pavel Shilovsky <pshilovsky@samba.org>
  Peter Zijlstra (Intel) <peterz@infradead.org>
  Richard Weinberger <richard@nod.at>
  Russell King <rmk+kernel@arm.linux.org.uk>
  Scott Bauer <sbauer@plzdonthack.me>
  Simon Horman <simon.horman@netronome.com>
  Steve French <smfrench@gmail.com>
  Steve French <steve.french@primarydata.com>
  Steven Rostedt (Red Hat) <rostedt@goodmis.org>
  Steven Rostedt <rostedt@goodmis.org>
  Takashi Iwai <tiwai@suse.de>
  Tom Goff <thomas.goff@ll.mit.edu>
  Trond Myklebust <trond.myklebust@primarydata.com>
  Vladimir Davydov <vdavydov@parallels.com>
  Wei Fang <fangwei1@huawei.com>
  Wei Tang <tangwei@cmss.chinamobile.com>
  Wilfried Klaebe <linux-kernel@lebenslange-mailadresse.de>
  Will Deacon <will.deacon@arm.com>
  Xiubo Li <lixiubo@cmss.chinamobile.com>
  YOSHIFUJI Hideaki <yoshfuji@linux-ipv6.org>
  Zhang Zhuoyu <zhangzhuoyu@cmss.chinamobile.com>

jobs:
 build-amd64-xsm                                              pass    
 build-i386-xsm                                               pass    
 build-amd64                                                  pass    
 build-i386                                                   pass    
 build-amd64-libvirt                                          pass    
 build-i386-libvirt                                           pass    
 build-amd64-pvops                                            pass    
 build-i386-pvops                                             pass    
 build-amd64-rumpuserxen                                      fail    
 build-i386-rumpuserxen                                       fail    
 test-amd64-amd64-xl                                          pass    
 test-amd64-i386-xl                                           pass    
 test-amd64-amd64-xl-qemut-debianhvm-amd64-xsm                pass    
 test-amd64-i386-xl-qemut-debianhvm-amd64-xsm                 pass    
 test-amd64-amd64-libvirt-qemuu-debianhvm-amd64-xsm           pass    
 test-amd64-i386-libvirt-qemuu-debianhvm-amd64-xsm            fail    
 test-amd64-amd64-xl-qemuu-debianhvm-amd64-xsm                pass    
 test-amd64-i386-xl-qemuu-debianhvm-amd64-xsm                 pass    
 test-amd64-amd64-xl-qemut-stubdom-debianhvm-amd64-xsm        pass    
 test-amd64-i386-xl-qemut-stubdom-debianhvm-amd64-xsm         fail    
 test-amd64-amd64-libvirt-xsm                                 pass    
 test-amd64-i386-libvirt-xsm                                  pass    
 test-amd64-amd64-xl-xsm                                      pass    
 test-amd64-i386-xl-xsm                                       pass    
 test-amd64-amd64-qemuu-nested-amd                            fail    
 test-amd64-amd64-xl-pvh-amd                                  fail    
 test-amd64-i386-qemut-rhel6hvm-amd                           pass    
 test-amd64-i386-qemuu-rhel6hvm-amd                           pass    
 test-amd64-amd64-xl-qemut-debianhvm-amd64                    pass    
 test-amd64-i386-xl-qemut-debianhvm-amd64                     pass    
 test-amd64-amd64-xl-qemuu-debianhvm-amd64                    pass    
 test-amd64-i386-xl-qemuu-debianhvm-amd64                     pass    
 test-amd64-i386-freebsd10-amd64                              pass    
 test-amd64-amd64-xl-qemuu-ovmf-amd64                         pass    
 test-amd64-i386-xl-qemuu-ovmf-amd64                          pass    
 test-amd64-amd64-rumpuserxen-amd64                           blocked 
 test-amd64-amd64-xl-qemut-win7-amd64                         fail    
 test-amd64-i386-xl-qemut-win7-amd64                          fail    
 test-amd64-amd64-xl-qemuu-win7-amd64                         fail    
 test-amd64-i386-xl-qemuu-win7-amd64                          fail    
 test-amd64-amd64-xl-credit2                                  pass    
 test-amd64-i386-freebsd10-i386                               pass    
 test-amd64-i386-rumpuserxen-i386                             blocked 
 test-amd64-amd64-qemuu-nested-intel                          pass    
 test-amd64-amd64-xl-pvh-intel                                fail    
 test-amd64-i386-qemut-rhel6hvm-intel                         pass    
 test-amd64-i386-qemuu-rhel6hvm-intel                         pass    
 test-amd64-amd64-libvirt                                     pass    
 test-amd64-i386-libvirt                                      pass    
 test-amd64-amd64-xl-multivcpu                                pass    
 test-amd64-amd64-pair                                        pass    
 test-amd64-i386-pair                                         pass    
 test-amd64-amd64-libvirt-pair                                pass    
 test-amd64-i386-libvirt-pair                                 pass    
 test-amd64-amd64-amd64-pvgrub                                pass    
 test-amd64-amd64-i386-pvgrub                                 pass    
 test-amd64-amd64-pygrub                                      pass    
 test-amd64-amd64-xl-qcow2                                    pass    
 test-amd64-i386-xl-raw                                       pass    
 test-amd64-amd64-xl-rtds                                     pass    
 test-amd64-i386-xl-qemut-winxpsp3-vcpus1                     pass    
 test-amd64-i386-xl-qemuu-winxpsp3-vcpus1                     pass    
 test-amd64-amd64-libvirt-vhd                                 pass    
 test-amd64-amd64-xl-qemut-winxpsp3                           pass    
 test-amd64-i386-xl-qemut-winxpsp3                            pass    
 test-amd64-amd64-xl-qemuu-winxpsp3                           pass    
 test-amd64-i386-xl-qemuu-winxpsp3                            pass    


------------------------------------------------------------
sg-report-flight on osstest.test-lab.xenproject.org
logs: /home/logs/logs
images: /home/logs/images

Logs, config files, etc. are available at
    http://logs.test-lab.xenproject.org/osstest/logs

Explanation of these reports, and of osstest in general, is at
    http://xenbits.xen.org/gitweb/?p=osstest.git;a=blob;f=README.email;hb=master
    http://xenbits.xen.org/gitweb/?p=osstest.git;a=blob;f=README;hb=master

Test harness code can be found at
    http://xenbits.xen.org/gitweb?p=osstest.git;a=summary


Not pushing.

(No revision log; it would be 1694 lines long.)


[-- Attachment #2: Type: text/plain, Size: 127 bytes --]

_______________________________________________
Xen-devel mailing list
Xen-devel@lists.xen.org
https://lists.xen.org/xen-devel

^ permalink raw reply	[flat|nested] only message in thread

only message in thread, other threads:[~2016-07-28  8:34 UTC | newest]

Thread overview: (only message) (download: mbox.gz follow: Atom feed
-- links below jump to the message on this page --
2016-07-28  8:34 [linux-3.14 test] 99716: regressions - FAIL osstest service owner

This is a public inbox, see mirroring instructions
for how to clone and mirror all data and code used for this inbox;
as well as URLs for NNTP newsgroup(s).