* [xen-unstable test] 99893: regressions - FAIL
@ 2016-08-02 7:29 osstest service owner
0 siblings, 0 replies; only message in thread
From: osstest service owner @ 2016-08-02 7:29 UTC (permalink / raw)
To: xen-devel, osstest-admin
flight 99893 xen-unstable real [real]
http://logs.test-lab.xenproject.org/osstest/logs/99893/
Regressions :-(
Tests which did not succeed and are blocking,
including tests which could not be run:
test-amd64-amd64-xl-qemut-debianhvm-amd64 15 guest-localmigrate/x10 fail REGR. vs. 99891
Regressions which are regarded as allowable (not blocking):
build-amd64-rumpuserxen 6 xen-build fail like 99891
build-i386-rumpuserxen 6 xen-build fail like 99891
test-amd64-amd64-xl-qemut-win7-amd64 16 guest-stop fail like 99891
test-amd64-i386-xl-qemut-win7-amd64 16 guest-stop fail like 99891
test-amd64-amd64-xl-qemuu-win7-amd64 16 guest-stop fail like 99891
test-amd64-amd64-xl-rtds 9 debian-install fail like 99891
test-amd64-i386-xl-qemuu-win7-amd64 16 guest-stop fail like 99891
Tests which did not succeed, but are not blocking:
test-amd64-i386-rumpuserxen-i386 1 build-check(1) blocked n/a
test-amd64-amd64-rumpuserxen-amd64 1 build-check(1) blocked n/a
test-amd64-amd64-xl-pvh-amd 11 guest-start fail never pass
test-amd64-amd64-xl-pvh-intel 11 guest-start fail never pass
test-armhf-armhf-libvirt-xsm 12 migrate-support-check fail never pass
test-armhf-armhf-libvirt-xsm 14 guest-saverestore fail never pass
test-armhf-armhf-libvirt-qcow2 11 migrate-support-check fail never pass
test-armhf-armhf-libvirt-qcow2 13 guest-saverestore fail never pass
test-amd64-amd64-qemuu-nested-amd 16 debian-hvm-install/l1/l2 fail never pass
test-armhf-armhf-libvirt-raw 13 guest-saverestore fail never pass
test-armhf-armhf-libvirt-raw 11 migrate-support-check fail never pass
test-armhf-armhf-libvirt 14 guest-saverestore fail never pass
test-armhf-armhf-libvirt 12 migrate-support-check fail never pass
test-amd64-i386-libvirt 12 migrate-support-check fail never pass
test-armhf-armhf-xl 12 migrate-support-check fail never pass
test-armhf-armhf-xl 13 saverestore-support-check fail never pass
test-armhf-armhf-xl-arndale 12 migrate-support-check fail never pass
test-armhf-armhf-xl-arndale 13 saverestore-support-check fail never pass
test-armhf-armhf-xl-cubietruck 12 migrate-support-check fail never pass
test-armhf-armhf-xl-cubietruck 13 saverestore-support-check fail never pass
test-amd64-amd64-libvirt-xsm 12 migrate-support-check fail never pass
test-amd64-i386-libvirt-xsm 12 migrate-support-check fail never pass
test-amd64-amd64-libvirt 12 migrate-support-check fail never pass
test-armhf-armhf-xl-credit2 13 saverestore-support-check fail never pass
test-armhf-armhf-xl-credit2 12 migrate-support-check fail never pass
test-armhf-armhf-xl-vhd 11 migrate-support-check fail never pass
test-armhf-armhf-xl-vhd 12 saverestore-support-check fail never pass
test-armhf-armhf-xl-rtds 13 saverestore-support-check fail never pass
test-armhf-armhf-xl-rtds 12 migrate-support-check fail never pass
test-amd64-amd64-libvirt-qemuu-debianhvm-amd64-xsm 10 migrate-support-check fail never pass
test-armhf-armhf-xl-multivcpu 13 saverestore-support-check fail never pass
test-armhf-armhf-xl-multivcpu 12 migrate-support-check fail never pass
test-amd64-amd64-libvirt-vhd 11 migrate-support-check fail never pass
test-amd64-i386-libvirt-qemuu-debianhvm-amd64-xsm 10 migrate-support-check fail never pass
test-armhf-armhf-xl-xsm 13 saverestore-support-check fail never pass
test-armhf-armhf-xl-xsm 12 migrate-support-check fail never pass
version targeted for testing:
xen caefc852d5a3be3965a0c0131ce62e7f3a313f04
baseline version:
xen 2d12afe43a5e52a7ac4d2d633caf657d0eb10dc1
Last test of basis 99891 2016-08-01 18:44:40 Z 0 days
Testing same since 99893 2016-08-02 01:13:18 Z 0 days 1 attempts
------------------------------------------------------------
People who touched revisions under test:
Andrew Cooper <andrew.cooper3@citrix.com>
Chao Gao <chao.gao@intel.com>
Jan Beulich <jbeulich@suse.com>
jobs:
build-amd64-xsm pass
build-armhf-xsm pass
build-i386-xsm pass
build-amd64 pass
build-armhf pass
build-i386 pass
build-amd64-libvirt pass
build-armhf-libvirt pass
build-i386-libvirt pass
build-amd64-oldkern pass
build-i386-oldkern pass
build-amd64-prev pass
build-i386-prev pass
build-amd64-pvops pass
build-armhf-pvops pass
build-i386-pvops pass
build-amd64-rumpuserxen fail
build-i386-rumpuserxen fail
test-amd64-amd64-xl pass
test-armhf-armhf-xl pass
test-amd64-i386-xl pass
test-amd64-amd64-xl-qemut-debianhvm-amd64-xsm pass
test-amd64-i386-xl-qemut-debianhvm-amd64-xsm pass
test-amd64-amd64-libvirt-qemuu-debianhvm-amd64-xsm pass
test-amd64-i386-libvirt-qemuu-debianhvm-amd64-xsm pass
test-amd64-amd64-xl-qemuu-debianhvm-amd64-xsm pass
test-amd64-i386-xl-qemuu-debianhvm-amd64-xsm pass
test-amd64-amd64-xl-qemut-stubdom-debianhvm-amd64-xsm pass
test-amd64-i386-xl-qemut-stubdom-debianhvm-amd64-xsm pass
test-amd64-amd64-libvirt-xsm pass
test-armhf-armhf-libvirt-xsm fail
test-amd64-i386-libvirt-xsm pass
test-amd64-amd64-xl-xsm pass
test-armhf-armhf-xl-xsm pass
test-amd64-i386-xl-xsm pass
test-amd64-amd64-qemuu-nested-amd fail
test-amd64-amd64-xl-pvh-amd fail
test-amd64-i386-qemut-rhel6hvm-amd pass
test-amd64-i386-qemuu-rhel6hvm-amd pass
test-amd64-amd64-xl-qemut-debianhvm-amd64 fail
test-amd64-i386-xl-qemut-debianhvm-amd64 pass
test-amd64-amd64-xl-qemuu-debianhvm-amd64 pass
test-amd64-i386-xl-qemuu-debianhvm-amd64 pass
test-amd64-i386-freebsd10-amd64 pass
test-amd64-amd64-xl-qemuu-ovmf-amd64 pass
test-amd64-i386-xl-qemuu-ovmf-amd64 pass
test-amd64-amd64-rumpuserxen-amd64 blocked
test-amd64-amd64-xl-qemut-win7-amd64 fail
test-amd64-i386-xl-qemut-win7-amd64 fail
test-amd64-amd64-xl-qemuu-win7-amd64 fail
test-amd64-i386-xl-qemuu-win7-amd64 fail
test-armhf-armhf-xl-arndale pass
test-amd64-amd64-xl-credit2 pass
test-armhf-armhf-xl-credit2 pass
test-armhf-armhf-xl-cubietruck pass
test-amd64-i386-freebsd10-i386 pass
test-amd64-i386-rumpuserxen-i386 blocked
test-amd64-amd64-qemuu-nested-intel pass
test-amd64-amd64-xl-pvh-intel fail
test-amd64-i386-qemut-rhel6hvm-intel pass
test-amd64-i386-qemuu-rhel6hvm-intel pass
test-amd64-amd64-libvirt pass
test-armhf-armhf-libvirt fail
test-amd64-i386-libvirt pass
test-amd64-amd64-migrupgrade pass
test-amd64-i386-migrupgrade pass
test-amd64-amd64-xl-multivcpu pass
test-armhf-armhf-xl-multivcpu pass
test-amd64-amd64-pair pass
test-amd64-i386-pair pass
test-amd64-amd64-libvirt-pair pass
test-amd64-i386-libvirt-pair pass
test-amd64-amd64-amd64-pvgrub pass
test-amd64-amd64-i386-pvgrub pass
test-amd64-amd64-pygrub pass
test-armhf-armhf-libvirt-qcow2 fail
test-amd64-amd64-xl-qcow2 pass
test-armhf-armhf-libvirt-raw fail
test-amd64-i386-xl-raw pass
test-amd64-amd64-xl-rtds fail
test-armhf-armhf-xl-rtds pass
test-amd64-i386-xl-qemut-winxpsp3-vcpus1 pass
test-amd64-i386-xl-qemuu-winxpsp3-vcpus1 pass
test-amd64-amd64-libvirt-vhd pass
test-armhf-armhf-xl-vhd pass
test-amd64-amd64-xl-qemut-winxpsp3 pass
test-amd64-i386-xl-qemut-winxpsp3 pass
test-amd64-amd64-xl-qemuu-winxpsp3 pass
test-amd64-i386-xl-qemuu-winxpsp3 pass
------------------------------------------------------------
sg-report-flight on osstest.test-lab.xenproject.org
logs: /home/logs/logs
images: /home/logs/images
Logs, config files, etc. are available at
http://logs.test-lab.xenproject.org/osstest/logs
Explanation of these reports, and of osstest in general, is at
http://xenbits.xen.org/gitweb/?p=osstest.git;a=blob;f=README.email;hb=master
http://xenbits.xen.org/gitweb/?p=osstest.git;a=blob;f=README;hb=master
Test harness code can be found at
http://xenbits.xen.org/gitweb?p=osstest.git;a=summary
Not pushing.
------------------------------------------------------------
commit caefc852d5a3be3965a0c0131ce62e7f3a313f04
Author: Andrew Cooper <andrew.cooper3@citrix.com>
Date: Mon Aug 1 14:03:32 2016 +0100
xen/common: Sort the obj build order
Suggested-by: Jan Beulich <JBeulich@suse.com>
Signed-off-by: Andrew Cooper <andrew.cooper3@citrix.com>
Acked-by: Jan Beulich <jbeulich@suse.com>
commit ac7c6ce7dcc5084ee10e9a1c2ce839c1a92a2271
Author: Andrew Cooper <andrew.cooper3@citrix.com>
Date: Mon Aug 1 11:34:35 2016 +0100
xen/types: Alter typedef for bool_t
As xen/stdbool.h is included, the typedef should use bool rather than _Bool.
Suggested-by: Jan Beulich <JBeulich@suse.com>
Signed-off-by: Andrew Cooper <andrew.cooper3@citrix.com>
Acked-by: Jan Beulich <jbeulich@suse.com>
commit 6eec5bd4dbb47017839e9ee2340d56c222e11a65
Author: Andrew Cooper <andrew.cooper3@citrix.com>
Date: Fri Jul 15 19:34:00 2016 +0100
x86/mm: Clean up the construction of base_disallow_mask
* Use _PAGE_AVAIL_HIGH and _PAGE_NX instead of opencoding them
* Drop further remenants of the 32bit hypervisor build
Signed-off-by: Andrew Cooper <andrew.cooper3@citrix.com>
Reviewed-by: Jan Beulich <jbeulich@suse.com>
commit 3b54cffcdf86485dd336f71419d3bfc7106ca56c
Author: Andrew Cooper <andrew.cooper3@citrix.com>
Date: Wed Jul 27 18:54:16 2016 +0100
x86/mm: Avoid NULL dereference when checking altp2m's for shareability
Coverity identifies that __get_gfn_type_access() unconditionally writes to its
type parameter under a number of circumstances.
Signed-off-by: Andrew Cooper <andrew.cooper3@citrix.com>
Reviewed-by: George Dunlap <george.dunlap@citrix.com>
commit 6d61981d3619c6bad6134c2dac9774c00acca4fd
Author: Chao Gao <chao.gao@intel.com>
Date: Mon Aug 1 18:22:54 2016 +0200
x86/vMSI-x: check whether msixtbl_list in msixtbl_pt_register()
MSI-x tables' initializtion had been deferred in the commit
74c6dc2d0ac4dcab0c6243cdf6ed550c1532b798. If an assigned device does not support
MSI-x, the msixtbl_list won't be initialized. However, the following paths
XEN_DOMCTL_bind_pt_irq
pt_irq_create_bind
msixtbl_pt_register
do not check this case. Some errors(malwares, etc.) may lead to calling
XEN_DOMCTL_bind_pt_irq without a clear gtable and will cause Xen panic.
Signed-off-by: Chao Gao <chao.gao@intel.com>
Reviewed-by: Andrew Cooper <andrew.cooper3@citrix.com>
commit feb7747be7fab49d929266e8b775ebb04198340a
Author: Jan Beulich <jbeulich@suse.com>
Date: Mon Aug 1 18:21:37 2016 +0200
mwait-idle: correct/improve BXT support
Linux commit 5dcef69486 ("intel_idle: add BXT support") added an
8-element lookup array with just a 2-bit value used for lookups. As per
the SDM that bit field is really 3 bits wide. Since the top two array
entries are zero, deal with the resulting invalid (zero) values by
moving the zero-MSR-value check into irtl_2_usec() and having that
function's caller check its result instead.
Signed-off-by: Jan Beulich <jbeulich@suse.com>
Reviewed-by: Andrew Cooper <andrew.cooper3@citrix.com>
[Linux commit: 3451ab3ebf92b12801878d8b5c94845afd4219f0]
[Linux commit: bef450962597ff39a7f9d53a30523aae9eb55843]
(qemu changes not included)
_______________________________________________
Xen-devel mailing list
Xen-devel@lists.xen.org
https://lists.xen.org/xen-devel
^ permalink raw reply [flat|nested] only message in thread
only message in thread, other threads:[~2016-08-02 7:29 UTC | newest]
Thread overview: (only message) (download: mbox.gz follow: Atom feed
-- links below jump to the message on this page --
2016-08-02 7:29 [xen-unstable test] 99893: regressions - FAIL osstest service owner
This is a public inbox, see mirroring instructions
for how to clone and mirror all data and code used for this inbox;
as well as URLs for NNTP newsgroup(s).