* [qemu-mainline test] 99953: regressions - FAIL
@ 2016-08-05 13:00 osstest service owner
0 siblings, 0 replies; only message in thread
From: osstest service owner @ 2016-08-05 13:00 UTC (permalink / raw)
To: xen-devel, osstest-admin
flight 99953 qemu-mainline real [real]
http://logs.test-lab.xenproject.org/osstest/logs/99953/
Regressions :-(
Tests which did not succeed and are blocking,
including tests which could not be run:
test-amd64-i386-qemuu-rhel6hvm-amd 5 xen-install fail REGR. vs. 99944
Regressions which are regarded as allowable (not blocking):
test-armhf-armhf-xl-rtds 15 guest-start/debian.repeat fail REGR. vs. 99944
test-amd64-i386-xl-qemuu-win7-amd64 16 guest-stop fail like 99944
test-amd64-amd64-xl-qemuu-win7-amd64 16 guest-stop fail like 99944
test-amd64-amd64-xl-rtds 9 debian-install fail like 99944
Tests which did not succeed, but are not blocking:
test-amd64-amd64-xl-pvh-intel 11 guest-start fail never pass
test-amd64-amd64-xl-pvh-amd 11 guest-start fail never pass
test-amd64-i386-libvirt 12 migrate-support-check fail never pass
test-amd64-amd64-qemuu-nested-amd 16 debian-hvm-install/l1/l2 fail never pass
test-amd64-amd64-libvirt 12 migrate-support-check fail never pass
test-amd64-i386-libvirt-xsm 12 migrate-support-check fail never pass
test-amd64-amd64-libvirt-qemuu-debianhvm-amd64-xsm 10 migrate-support-check fail never pass
test-amd64-i386-libvirt-qemuu-debianhvm-amd64-xsm 10 migrate-support-check fail never pass
test-amd64-amd64-libvirt-xsm 12 migrate-support-check fail never pass
test-armhf-armhf-xl-multivcpu 13 saverestore-support-check fail never pass
test-armhf-armhf-xl-multivcpu 12 migrate-support-check fail never pass
test-amd64-amd64-libvirt-vhd 11 migrate-support-check fail never pass
test-armhf-armhf-xl-cubietruck 12 migrate-support-check fail never pass
test-armhf-armhf-xl-cubietruck 13 saverestore-support-check fail never pass
test-armhf-armhf-xl-credit2 13 saverestore-support-check fail never pass
test-armhf-armhf-xl-credit2 12 migrate-support-check fail never pass
test-armhf-armhf-xl-xsm 13 saverestore-support-check fail never pass
test-armhf-armhf-xl-xsm 12 migrate-support-check fail never pass
test-armhf-armhf-libvirt-xsm 12 migrate-support-check fail never pass
test-armhf-armhf-libvirt-xsm 14 guest-saverestore fail never pass
test-armhf-armhf-libvirt 14 guest-saverestore fail never pass
test-armhf-armhf-libvirt 12 migrate-support-check fail never pass
test-armhf-armhf-libvirt-qcow2 11 migrate-support-check fail never pass
test-armhf-armhf-libvirt-qcow2 13 guest-saverestore fail never pass
test-armhf-armhf-xl-rtds 13 saverestore-support-check fail never pass
test-armhf-armhf-xl-rtds 12 migrate-support-check fail never pass
test-armhf-armhf-xl 12 migrate-support-check fail never pass
test-armhf-armhf-xl 13 saverestore-support-check fail never pass
test-armhf-armhf-xl-arndale 12 migrate-support-check fail never pass
test-armhf-armhf-xl-arndale 13 saverestore-support-check fail never pass
test-armhf-armhf-libvirt-raw 13 guest-saverestore fail never pass
test-armhf-armhf-libvirt-raw 11 migrate-support-check fail never pass
test-armhf-armhf-xl-vhd 11 migrate-support-check fail never pass
test-armhf-armhf-xl-vhd 12 saverestore-support-check fail never pass
version targeted for testing:
qemuu 42e0d60f1615ef63d16e41bb1668805560c37870
baseline version:
qemuu 09704e6ded83fa0bec14baf32f800f6512156ca0
Last test of basis 99944 2016-08-04 14:42:43 Z 0 days
Testing same since 99953 2016-08-05 02:01:01 Z 0 days 1 attempts
------------------------------------------------------------
People who touched revisions under test:
Peter Maydell <peter.maydell@linaro.org>
Riku Voipio <riku.voipio@linaro.org>
jobs:
build-amd64-xsm pass
build-armhf-xsm pass
build-i386-xsm pass
build-amd64 pass
build-armhf pass
build-i386 pass
build-amd64-libvirt pass
build-armhf-libvirt pass
build-i386-libvirt pass
build-amd64-pvops pass
build-armhf-pvops pass
build-i386-pvops pass
test-amd64-amd64-xl pass
test-armhf-armhf-xl pass
test-amd64-i386-xl pass
test-amd64-amd64-libvirt-qemuu-debianhvm-amd64-xsm pass
test-amd64-i386-libvirt-qemuu-debianhvm-amd64-xsm pass
test-amd64-amd64-xl-qemuu-debianhvm-amd64-xsm pass
test-amd64-i386-xl-qemuu-debianhvm-amd64-xsm pass
test-amd64-amd64-libvirt-xsm pass
test-armhf-armhf-libvirt-xsm fail
test-amd64-i386-libvirt-xsm pass
test-amd64-amd64-xl-xsm pass
test-armhf-armhf-xl-xsm pass
test-amd64-i386-xl-xsm pass
test-amd64-amd64-qemuu-nested-amd fail
test-amd64-amd64-xl-pvh-amd fail
test-amd64-i386-qemuu-rhel6hvm-amd fail
test-amd64-amd64-xl-qemuu-debianhvm-amd64 pass
test-amd64-i386-xl-qemuu-debianhvm-amd64 pass
test-amd64-i386-freebsd10-amd64 pass
test-amd64-amd64-xl-qemuu-ovmf-amd64 pass
test-amd64-i386-xl-qemuu-ovmf-amd64 pass
test-amd64-amd64-xl-qemuu-win7-amd64 fail
test-amd64-i386-xl-qemuu-win7-amd64 fail
test-armhf-armhf-xl-arndale pass
test-amd64-amd64-xl-credit2 pass
test-armhf-armhf-xl-credit2 pass
test-armhf-armhf-xl-cubietruck pass
test-amd64-i386-freebsd10-i386 pass
test-amd64-amd64-qemuu-nested-intel pass
test-amd64-amd64-xl-pvh-intel fail
test-amd64-i386-qemuu-rhel6hvm-intel pass
test-amd64-amd64-libvirt pass
test-armhf-armhf-libvirt fail
test-amd64-i386-libvirt pass
test-amd64-amd64-xl-multivcpu pass
test-armhf-armhf-xl-multivcpu pass
test-amd64-amd64-pair pass
test-amd64-i386-pair pass
test-amd64-amd64-libvirt-pair pass
test-amd64-i386-libvirt-pair pass
test-amd64-amd64-amd64-pvgrub pass
test-amd64-amd64-i386-pvgrub pass
test-amd64-amd64-pygrub pass
test-armhf-armhf-libvirt-qcow2 fail
test-amd64-amd64-xl-qcow2 pass
test-armhf-armhf-libvirt-raw fail
test-amd64-i386-xl-raw pass
test-amd64-amd64-xl-rtds fail
test-armhf-armhf-xl-rtds fail
test-amd64-i386-xl-qemuu-winxpsp3-vcpus1 pass
test-amd64-amd64-libvirt-vhd pass
test-armhf-armhf-xl-vhd pass
test-amd64-amd64-xl-qemuu-winxpsp3 pass
test-amd64-i386-xl-qemuu-winxpsp3 pass
------------------------------------------------------------
sg-report-flight on osstest.test-lab.xenproject.org
logs: /home/logs/logs
images: /home/logs/images
Logs, config files, etc. are available at
http://logs.test-lab.xenproject.org/osstest/logs
Explanation of these reports, and of osstest in general, is at
http://xenbits.xen.org/gitweb/?p=osstest.git;a=blob;f=README.email;hb=master
http://xenbits.xen.org/gitweb/?p=osstest.git;a=blob;f=README;hb=master
Test harness code can be found at
http://xenbits.xen.org/gitweb?p=osstest.git;a=summary
Not pushing.
------------------------------------------------------------
commit 42e0d60f1615ef63d16e41bb1668805560c37870
Merge: 09704e6 ef4330c
Author: Peter Maydell <peter.maydell@linaro.org>
Date: Thu Aug 4 18:36:05 2016 +0100
Merge remote-tracking branch 'remotes/riku/tags/pull-linux-user-20160804' into staging
linux-user important fixes for 2.7
# gpg: Signature made Thu 04 Aug 2016 15:10:57 BST
# gpg: using RSA key 0xB44890DEDE3C9BC0
# gpg: Good signature from "Riku Voipio <riku.voipio@iki.fi>"
# gpg: aka "Riku Voipio <riku.voipio@linaro.org>"
# Primary key fingerprint: FF82 03C8 C391 98AE 0581 41EF B448 90DE DE3C 9BC0
* remotes/riku/tags/pull-linux-user-20160804:
linux-user: Handle brk() attempts with very large sizes
linux-user: Fix target_semid_ds structure definition
linux-user: Don't write off end of new_utsname buffer
linux-user: Fix memchr() argument in open_self_cmdline()
linux-user: Use correct alignment for long long on i386 guests
Signed-off-by: Peter Maydell <peter.maydell@linaro.org>
commit ef4330c23bb47b97a859dbdbae1c784fd2ca402f
Author: Peter Maydell <peter.maydell@linaro.org>
Date: Fri Jul 22 13:41:52 2016 +0100
linux-user: Handle brk() attempts with very large sizes
In do_brk(), we were inadvertently truncating the size
of a requested brk() from the guest by putting it into an
'int' variable. This meant that we would incorrectly report
success back to the guest rather than a failed allocation,
typically resulting in the guest then segfaulting. Use
abi_ulong instead.
This fixes a crash in the '31370.cc' test in the gcc libstdc++ test
suite (the test case starts by trying to allocate a very large
size and reduces the size until the allocation succeeds).
Signed-off-by: Peter Maydell <peter.maydell@linaro.org>
Signed-off-by: Riku Voipio <riku.voipio@linaro.org>
commit 005eb2ae1ff6728de7e6998b7456bd72d4456383
Author: Peter Maydell <peter.maydell@linaro.org>
Date: Fri Jul 15 16:50:47 2016 +0100
linux-user: Fix target_semid_ds structure definition
The target_semid_ds structure is not correct for all
architectures: the padding fields should only exist for:
* 32-bit ABIs
* x86
It is also misnamed, since it is following the kernel
semid64_ds structure (QEMU doesn't support the legacy
semid_ds structure at all). Rename the struct, provide
a correct generic definition and allow the oddball x86
architecture to provide its own version.
This fixes broken SYSV semaphores for all our 64-bit
architectures except x86 and ppc.
Signed-off-by: Peter Maydell <peter.maydell@linaro.org>
Signed-off-by: Riku Voipio <riku.voipio@linaro.org>
commit 332c9781f6a7c496adf605a1be72776598c7adc2
Author: Peter Maydell <peter.maydell@linaro.org>
Date: Tue Jul 12 13:02:16 2016 +0100
linux-user: Don't write off end of new_utsname buffer
Use g_strlcpy() rather than strcpy() to copy the uname string
into the structure we return to the guest for the uname syscall.
This avoids overrunning the buffer if the user passed us an
overlong string via the QEMU command line.
We fix a comment typo while we're in the neighbourhood.
Signed-off-by: Peter Maydell <peter.maydell@linaro.org>
Signed-off-by: Riku Voipio <riku.voipio@linaro.org>
commit ba4b3f668abf1fcde204c8f3185ea6edeec6eaa3
Author: Peter Maydell <peter.maydell@linaro.org>
Date: Tue Jul 12 13:02:19 2016 +0100
linux-user: Fix memchr() argument in open_self_cmdline()
In open_self_cmdline() we look for a 0 in the buffer we read
from /prc/self/cmdline. We were incorrectly passing the length
of our buf[] array to memchr() as the length to search, rather
than the number of bytes we actually read into it, which could
be shorter. This was spotted by Coverity (because it could
result in our trying to pass a negative length argument to
write()).
Signed-off-by: Peter Maydell <peter.maydell@linaro.org>
Signed-off-by: Riku Voipio <riku.voipio@linaro.org>
commit d9fe91d8689b078acfd27bc7c4a4e1efd5bbcf65
Author: Peter Maydell <peter.maydell@linaro.org>
Date: Thu Jul 28 12:57:59 2016 +0100
linux-user: Use correct alignment for long long on i386 guests
For i386, the ABI specifies that 'long long' (8 byte values)
need only be 4 aligned, but we were requiring them to be
8-aligned. This meant we were laying out the target_epoll_event
structure wrongly. Add a suitable ifdef to abitypes.h to
specify the i386-specific alignment requirement.
Reported-by: Icenowy Zheng <icenowy@aosc.xyz>
Signed-off-by: Peter Maydell <peter.maydell@linaro.org>
Reviewed-by: Laurent Vivier <laurent@vivier.eu>
Signed-off-by: Riku Voipio <riku.voipio@linaro.org>
_______________________________________________
Xen-devel mailing list
Xen-devel@lists.xen.org
https://lists.xen.org/xen-devel
^ permalink raw reply [flat|nested] only message in thread
only message in thread, other threads:[~2016-08-05 13:00 UTC | newest]
Thread overview: (only message) (download: mbox.gz follow: Atom feed
-- links below jump to the message on this page --
2016-08-05 13:00 [qemu-mainline test] 99953: regressions - FAIL osstest service owner
This is a public inbox, see mirroring instructions
for how to clone and mirror all data and code used for this inbox;
as well as URLs for NNTP newsgroup(s).